{"id":625,"date":"2015-08-18T22:10:38","date_gmt":"2015-08-18T22:10:38","guid":{"rendered":"https:\/\/www.brebeuf.qc.ca\/secondaire-garcons\/?page_id=625"},"modified":"2026-05-01T15:01:18","modified_gmt":"2026-05-01T15:01:18","slug":"soccer","status":"publish","type":"page","link":"https:\/\/www.brebeuf.qc.ca\/secondaire\/sports-garcons\/soccer\/","title":{"rendered":"Soccer \u00e9lite gar\u00e7ons"},"content":{"rendered":"\n<p>Depuis septembre 2015, les gar\u00e7ons de la 2<sup>e<\/sup>&nbsp;\u00e0 la 4<sup>e<\/sup>&nbsp;secondaire peuvent faire partie d\u2019une \u00e9quipe de soccer ext\u00e9rieur (Benjamine ou Cadette) qui \u00e9volue au sein du R\u00e9seau du sport \u00e9tudiant du Qu\u00e9bec (RSEQ). Depuis 2021, le programme de soccer a opt\u00e9 pour le soccer \u00e0 11 et s\u2019est joint \u00e0 la GMAA (filiale anglophone du RSEQ).<\/p>\n\n\n\n<p>Le camp de s\u00e9lection se d\u00e9roule au d\u00e9but du mois de juin ou \u00e0 la rentr\u00e9e de septembre, selon la disponibilit\u00e9 des terrains. La saison se termine au d\u00e9but du mois de novembre. Les \u00e9l\u00e8ves de 5e secondaire auront toujours la possibilit\u00e9 de se joindre aux \u00e9quipes du coll\u00e9gial.<\/p>\n\n\n\n<p>Les horaires sont faits en fonction \u00e0 ce que les athl\u00e8tes aient environ 2 \u00e9v\u00e9nements par semaine (pratique et partie). Comme il s\u2019agit d\u2019un sport saisonnier, vous pouvez participer \u00e0 ce sport tout en faisant un sport annuel au Coll\u00e8ge.<\/p>\n\n\n\n<p><strong>Les \u00e9quipes* :<\/strong><\/p>\n\n\n\n<ul><li>Benjamin masculin \u2013 2<sup>e<\/sup>&nbsp;secondaire \u2013 Division 3<\/li><li>Cadet masculin \u2013 3<sup>e<\/sup>&nbsp;et 4<sup>e<\/sup>&nbsp;secondaire \u2013 Division 3<\/li><\/ul>\n\n\n\n<p><strong>Pour davantage d\u2019informations, veuillez contacter :<\/strong><\/p>\n\n\n\n<p><strong>Vincent Birnbaum-Charbonneau<\/strong><strong><\/strong><\/p>\n\n\n\n<ul><li>Responsable du programme de soccer<\/li><li>T\u00e9l. : 514 342-9342 poste 5618<\/li><li><a href=\"mailto:Vincent.birnbaum-charbonneau@brebeuf.qc.ca\">Vincent.birnbaum-charbonneau@brebeuf.qc.ca<\/a><\/li><\/ul>\n\n\n\n<p><em>*Notez que les divisions sont sujettes au changement d\u2019une ann\u00e9e \u00e0 l\u2019autre<\/em>.<\/p>\n\n\n\n<hr class=\"wp-block-separator\"\/>\n\n\n\n<figure class=\"wp-block-gallery aligncenter columns-3 is-cropped\"><ul class=\"blocks-gallery-grid\"><li class=\"blocks-gallery-item\"><figure><a href=\"https:\/\/www.brebeuf.qc.ca\/secondaire\/wp-content\/uploads\/sites\/4\/2025\/12\/1.png\" data-rel=\"lightbox-image-0\" data-rl_title=\"\" data-rl_caption=\"\" title=\"\"><img loading=\"lazy\" width=\"496\" height=\"496\" src=\"https:\/\/www.brebeuf.qc.ca\/secondaire\/wp-content\/uploads\/sites\/4\/2025\/12\/1.png\" alt=\"\" data-id=\"5145\" data-link=\"https:\/\/www.brebeuf.qc.ca\/secondaire\/sports-garcons\/soccer\/1-9\/\" class=\"wp-image-5145\"\/><\/a><\/figure><\/li><li class=\"blocks-gallery-item\"><figure><a href=\"https:\/\/www.brebeuf.qc.ca\/secondaire\/wp-content\/uploads\/sites\/4\/2025\/12\/2.png\" data-rel=\"lightbox-image-1\" data-rl_title=\"\" data-rl_caption=\"\" title=\"\"><img loading=\"lazy\" width=\"496\" height=\"496\" src=\"https:\/\/www.brebeuf.qc.ca\/secondaire\/wp-content\/uploads\/sites\/4\/2025\/12\/2.png\" alt=\"\" data-id=\"5146\" data-link=\"https:\/\/www.brebeuf.qc.ca\/secondaire\/sports-garcons\/soccer\/2-12\/\" class=\"wp-image-5146\"\/><\/a><\/figure><\/li><li class=\"blocks-gallery-item\"><figure><a href=\"https:\/\/www.brebeuf.qc.ca\/secondaire\/wp-content\/uploads\/sites\/4\/2025\/12\/3.png\" data-rel=\"lightbox-image-2\" data-rl_title=\"\" data-rl_caption=\"\" title=\"\"><img loading=\"lazy\" width=\"496\" height=\"496\" src=\"https:\/\/www.brebeuf.qc.ca\/secondaire\/wp-content\/uploads\/sites\/4\/2025\/12\/3.png\" alt=\"\" data-id=\"5147\" data-link=\"https:\/\/www.brebeuf.qc.ca\/secondaire\/sports-garcons\/soccer\/3-10\/\" class=\"wp-image-5147\"\/><\/a><\/figure><\/li><li class=\"blocks-gallery-item\"><figure><a href=\"https:\/\/www.brebeuf.qc.ca\/secondaire\/wp-content\/uploads\/sites\/4\/2025\/12\/4.png\" data-rel=\"lightbox-image-3\" data-rl_title=\"\" data-rl_caption=\"\" title=\"\"><img loading=\"lazy\" width=\"496\" height=\"496\" src=\"https:\/\/www.brebeuf.qc.ca\/secondaire\/wp-content\/uploads\/sites\/4\/2025\/12\/4.png\" alt=\"\" data-id=\"5148\" data-link=\"https:\/\/www.brebeuf.qc.ca\/secondaire\/sports-garcons\/soccer\/4-9\/\" class=\"wp-image-5148\"\/><\/a><\/figure><\/li><\/ul><\/figure>\n","protected":false},"excerpt":{"rendered":"<p>Depuis septembre 2015, les gar\u00e7ons de la 2e&nbsp;\u00e0 la 4e&nbsp;secondaire peuvent faire partie d\u2019une \u00e9quipe de soccer ext\u00e9rieur (Benjamine ou Cadette) qui \u00e9volue au sein du R\u00e9seau du sport \u00e9tudiant du Qu\u00e9bec (RSEQ). Depuis 2021, le programme de soccer a&#8230;<\/p>\n","protected":false},"author":3,"featured_media":3528,"parent":64,"menu_order":0,"comment_status":"closed","ping_status":"closed","template":"templates\/template-personnalisable.php","meta":{"_editorskit_title_hidden":false,"_editorskit_reading_time":1,"_editorskit_typography_data":[],"_editorskit_blocks_typography":""},"yoast_head":"<!-- This site is optimized with the Yoast SEO plugin v16.3 - https:\/\/yoast.com\/wordpress\/plugins\/seo\/ -->\n<title>Soccer \u00e9lite gar\u00e7ons - Secondaire<\/title>\n<meta name=\"robots\" content=\"index, follow, max-snippet:-1, max-image-preview:large, max-video-preview:-1\" \/>\n<link rel=\"canonical\" href=\"https:\/\/www.brebeuf.qc.ca\/secondaire\/sports-garcons\/soccer\/\" \/>\n<meta property=\"og:locale\" content=\"fr_FR\" \/>\n<meta property=\"og:type\" content=\"article\" \/>\n<meta property=\"og:title\" content=\"Soccer \u00e9lite gar\u00e7ons - Secondaire\" \/>\n<meta property=\"og:description\" content=\"Depuis septembre 2015, les gar\u00e7ons de la 2e&nbsp;\u00e0 la 4e&nbsp;secondaire peuvent faire partie d\u2019une \u00e9quipe de soccer ext\u00e9rieur (Benjamine ou Cadette) qui \u00e9volue au sein du R\u00e9seau du sport \u00e9tudiant du Qu\u00e9bec (RSEQ). Depuis 2021, le programme de soccer a...\" \/>\n<meta property=\"og:url\" content=\"https:\/\/www.brebeuf.qc.ca\/secondaire\/sports-garcons\/soccer\/\" \/>\n<meta property=\"og:site_name\" content=\"Secondaire\" \/>\n<meta property=\"article:modified_time\" content=\"2026-05-01T15:01:18+00:00\" \/>\n<meta property=\"og:image\" content=\"https:\/\/www.brebeuf.qc.ca\/secondaire\/wp-content\/uploads\/sites\/4\/2022\/08\/sport_soccer_elite_garcons.jpg\" \/>\n\t<meta property=\"og:image:width\" content=\"1400\" \/>\n\t<meta property=\"og:image:height\" content=\"240\" \/>\n<meta name=\"twitter:label1\" content=\"Dur\u00e9e de lecture est.\">\n\t<meta name=\"twitter:data1\" content=\"2 minutes\">\n<script type=\"application\/ld+json\" class=\"yoast-schema-graph\">{\"@context\":\"https:\/\/schema.org\",\"@graph\":[{\"@type\":\"WebSite\",\"@id\":\"https:\/\/www.brebeuf.qc.ca\/secondaire\/#website\",\"url\":\"https:\/\/www.brebeuf.qc.ca\/secondaire\/\",\"name\":\"Secondaire\",\"description\":\"Coll\\u00e8ge priv\\u00e9 | Secondaire | Coll\\u00e9gial\",\"potentialAction\":[{\"@type\":\"SearchAction\",\"target\":\"https:\/\/www.brebeuf.qc.ca\/secondaire\/?s={search_term_string}\",\"query-input\":\"required name=search_term_string\"}],\"inLanguage\":\"fr-FR\"},{\"@type\":\"ImageObject\",\"@id\":\"https:\/\/www.brebeuf.qc.ca\/secondaire\/sports-garcons\/soccer\/#primaryimage\",\"inLanguage\":\"fr-FR\",\"url\":\"https:\/\/www.brebeuf.qc.ca\/secondaire\/wp-content\/uploads\/sites\/4\/2022\/08\/sport_soccer_elite_garcons.jpg\",\"contentUrl\":\"https:\/\/www.brebeuf.qc.ca\/secondaire\/wp-content\/uploads\/sites\/4\/2022\/08\/sport_soccer_elite_garcons.jpg\",\"width\":1400,\"height\":240},{\"@type\":\"WebPage\",\"@id\":\"https:\/\/www.brebeuf.qc.ca\/secondaire\/sports-garcons\/soccer\/#webpage\",\"url\":\"https:\/\/www.brebeuf.qc.ca\/secondaire\/sports-garcons\/soccer\/\",\"name\":\"Soccer \\u00e9lite gar\\u00e7ons - Secondaire\",\"isPartOf\":{\"@id\":\"https:\/\/www.brebeuf.qc.ca\/secondaire\/#website\"},\"primaryImageOfPage\":{\"@id\":\"https:\/\/www.brebeuf.qc.ca\/secondaire\/sports-garcons\/soccer\/#primaryimage\"},\"datePublished\":\"2015-08-18T22:10:38+00:00\",\"dateModified\":\"2026-05-01T15:01:18+00:00\",\"breadcrumb\":{\"@id\":\"https:\/\/www.brebeuf.qc.ca\/secondaire\/sports-garcons\/soccer\/#breadcrumb\"},\"inLanguage\":\"fr-FR\",\"potentialAction\":[{\"@type\":\"ReadAction\",\"target\":[\"https:\/\/www.brebeuf.qc.ca\/secondaire\/sports-garcons\/soccer\/\"]}]},{\"@type\":\"BreadcrumbList\",\"@id\":\"https:\/\/www.brebeuf.qc.ca\/secondaire\/sports-garcons\/soccer\/#breadcrumb\",\"itemListElement\":[{\"@type\":\"ListItem\",\"position\":1,\"item\":{\"@type\":\"WebPage\",\"@id\":\"https:\/\/www.brebeuf.qc.ca\/secondaire\/\",\"url\":\"https:\/\/www.brebeuf.qc.ca\/secondaire\/\",\"name\":\"Home\"}},{\"@type\":\"ListItem\",\"position\":2,\"item\":{\"@type\":\"WebPage\",\"@id\":\"https:\/\/www.brebeuf.qc.ca\/secondaire\/sports-garcons\/\",\"url\":\"https:\/\/www.brebeuf.qc.ca\/secondaire\/sports-garcons\/\",\"name\":\"Sports gar\\u00e7ons\"}},{\"@type\":\"ListItem\",\"position\":3,\"item\":{\"@id\":\"https:\/\/www.brebeuf.qc.ca\/secondaire\/sports-garcons\/soccer\/#webpage\"}}]}]}<\/script>\n<!-- \/ Yoast SEO plugin. -->","_links":{"self":[{"href":"https:\/\/www.brebeuf.qc.ca\/secondaire\/wp-json\/wp\/v2\/pages\/625"}],"collection":[{"href":"https:\/\/www.brebeuf.qc.ca\/secondaire\/wp-json\/wp\/v2\/pages"}],"about":[{"href":"https:\/\/www.brebeuf.qc.ca\/secondaire\/wp-json\/wp\/v2\/types\/page"}],"author":[{"embeddable":true,"href":"https:\/\/www.brebeuf.qc.ca\/secondaire\/wp-json\/wp\/v2\/users\/3"}],"replies":[{"embeddable":true,"href":"https:\/\/www.brebeuf.qc.ca\/secondaire\/wp-json\/wp\/v2\/comments?post=625"}],"version-history":[{"count":29,"href":"https:\/\/www.brebeuf.qc.ca\/secondaire\/wp-json\/wp\/v2\/pages\/625\/revisions"}],"predecessor-version":[{"id":5384,"href":"https:\/\/www.brebeuf.qc.ca\/secondaire\/wp-json\/wp\/v2\/pages\/625\/revisions\/5384"}],"up":[{"embeddable":true,"href":"https:\/\/www.brebeuf.qc.ca\/secondaire\/wp-json\/wp\/v2\/pages\/64"}],"wp:featuredmedia":[{"embeddable":true,"href":"https:\/\/www.brebeuf.qc.ca\/secondaire\/wp-json\/wp\/v2\/media\/3528"}],"wp:attachment":[{"href":"https:\/\/www.brebeuf.qc.ca\/secondaire\/wp-json\/wp\/v2\/media?parent=625"}],"curies":[{"name":"wp","href":"https:\/\/api.w.org\/{rel}","templated":true}]}}

Soccer élite garçons

<p>Depuis septembre 2015, les garçons de la 2<sup>e</sup>&nbsp;à la 4<sup>e</sup>&nbsp;secondaire peuvent faire partie d’une équipe de soccer extérieur (Benjamine ou Cadette) qui évolue au sein du Réseau du sport étudiant du Québec (RSEQ). Depuis 2021, le programme de soccer a opté pour le soccer à 11 et s’est joint à la GMAA (filiale anglophone du RSEQ).</p>



<p>Le camp de sélection se déroule au début du mois de juin ou à la rentrée de septembre, selon la disponibilité des terrains. La saison se termine au début du mois de novembre. Les élèves de 5e secondaire auront toujours la possibilité de se joindre aux équipes du collégial.</p>



<p>Les horaires sont faits en fonction à ce que les athlètes aient environ 2 événements par semaine (pratique et partie). Comme il s’agit d’un sport saisonnier, vous pouvez participer à ce sport tout en faisant un sport annuel au Collège.</p>



<p><strong>Les équipes* :</strong></p>



<ul><li>Benjamin masculin – 2<sup>e</sup>&nbsp;secondaire – Division 3</li><li>Cadet masculin – 3<sup>e</sup>&nbsp;et 4<sup>e</sup>&nbsp;secondaire – Division 3</li></ul>



<p><strong>Pour davantage d’informations, veuillez contacter :</strong></p>



<p><strong>Vincent Birnbaum-Charbonneau</strong><strong></strong></p>



<ul><li>Responsable du programme de soccer</li><li>Tél. : 514 342-9342 poste 5618</li><li><a href="mailto:Vincent.birnbaum-charbonneau@brebeuf.qc.ca">Vincent.birnbaum-charbonneau@brebeuf.qc.ca</a></li></ul>



<p><em>*Notez que les divisions sont sujettes au changement d’une année à l’autre</em>.</p>



<hr class="wp-block-separator"/>



<figure class="wp-block-gallery aligncenter columns-3 is-cropped"><ul class="blocks-gallery-grid"><li class="blocks-gallery-item"><figure><a href="https://www.brebeuf.qc.ca/secondaire/wp-content/uploads/sites/4/2025/12/1.png" data-rel="lightbox-image-0" data-rl_title="" data-rl_caption="" title=""><img loading="lazy" width="496" height="496" src="https://www.brebeuf.qc.ca/secondaire/wp-content/uploads/sites/4/2025/12/1.png" alt="" data-id="5145" data-link="https://www.brebeuf.qc.ca/secondaire/sports-garcons/soccer/1-9/" class="wp-image-5145"/></a></figure></li><li class="blocks-gallery-item"><figure><a href="https://www.brebeuf.qc.ca/secondaire/wp-content/uploads/sites/4/2025/12/2.png" data-rel="lightbox-image-1" data-rl_title="" data-rl_caption="" title=""><img loading="lazy" width="496" height="496" src="https://www.brebeuf.qc.ca/secondaire/wp-content/uploads/sites/4/2025/12/2.png" alt="" data-id="5146" data-link="https://www.brebeuf.qc.ca/secondaire/sports-garcons/soccer/2-12/" class="wp-image-5146"/></a></figure></li><li class="blocks-gallery-item"><figure><a href="https://www.brebeuf.qc.ca/secondaire/wp-content/uploads/sites/4/2025/12/3.png" data-rel="lightbox-image-2" data-rl_title="" data-rl_caption="" title=""><img loading="lazy" width="496" height="496" src="https://www.brebeuf.qc.ca/secondaire/wp-content/uploads/sites/4/2025/12/3.png" alt="" data-id="5147" data-link="https://www.brebeuf.qc.ca/secondaire/sports-garcons/soccer/3-10/" class="wp-image-5147"/></a></figure></li><li class="blocks-gallery-item"><figure><a href="https://www.brebeuf.qc.ca/secondaire/wp-content/uploads/sites/4/2025/12/4.png" data-rel="lightbox-image-3" data-rl_title="" data-rl_caption="" title=""><img loading="lazy" width="496" height="496" src="https://www.brebeuf.qc.ca/secondaire/wp-content/uploads/sites/4/2025/12/4.png" alt="" data-id="5148" data-link="https://www.brebeuf.qc.ca/secondaire/sports-garcons/soccer/4-9/" class="wp-image-5148"/></a></figure></li></ul></figure>

<p>Depuis septembre 2015, les garçons de la 2e&nbsp;à la 4e&nbsp;secondaire peuvent faire partie d’une équipe de soccer extérieur (Benjamine ou Cadette) qui évolue au sein du Réseau du sport étudiant du Québec (RSEQ). Depuis 2021, le programme de soccer a&#8230;</p>

<!-- This site is optimized with the Yoast SEO plugin v16.3 - https://yoast.com/wordpress/plugins/seo/ -->
<title>Soccer élite garçons - Secondaire</title>
<meta name="robots" content="index, follow, max-snippet:-1, max-image-preview:large, max-video-preview:-1" />
<link rel="canonical" href="https://www.brebeuf.qc.ca/secondaire/sports-garcons/soccer/" />
<meta property="og:locale" content="fr_FR" />
<meta property="og:type" content="article" />
<meta property="og:title" content="Soccer élite garçons - Secondaire" />
<meta property="og:description" content="Depuis septembre 2015, les garçons de la 2e&nbsp;à la 4e&nbsp;secondaire peuvent faire partie d’une équipe de soccer extérieur (Benjamine ou Cadette) qui évolue au sein du Réseau du sport étudiant du Québec (RSEQ). Depuis 2021, le programme de soccer a..." />
<meta property="og:url" content="https://www.brebeuf.qc.ca/secondaire/sports-garcons/soccer/" />
<meta property="og:site_name" content="Secondaire" />
<meta property="article:modified_time" content="2026-05-01T15:01:18+00:00" />
<meta property="og:image" content="https://www.brebeuf.qc.ca/secondaire/wp-content/uploads/sites/4/2022/08/sport_soccer_elite_garcons.jpg" />
	<meta property="og:image:width" content="1400" />
	<meta property="og:image:height" content="240" />
<meta name="twitter:label1" content="Durée de lecture est.">
	<meta name="twitter:data1" content="2 minutes">
<script type="application/ld+json" class="yoast-schema-graph">{"@context":"https://schema.org","@graph":[{"@type":"WebSite","@id":"https://www.brebeuf.qc.ca/secondaire/#website","url":"https://www.brebeuf.qc.ca/secondaire/","name":"Secondaire","description":"Coll\u00e8ge priv\u00e9 | Secondaire | Coll\u00e9gial","potentialAction":[{"@type":"SearchAction","target":"https://www.brebeuf.qc.ca/secondaire/?s={search_term_string}","query-input":"required name=search_term_string"}],"inLanguage":"fr-FR"},{"@type":"ImageObject","@id":"https://www.brebeuf.qc.ca/secondaire/sports-garcons/soccer/#primaryimage","inLanguage":"fr-FR","url":"https://www.brebeuf.qc.ca/secondaire/wp-content/uploads/sites/4/2022/08/sport_soccer_elite_garcons.jpg","contentUrl":"https://www.brebeuf.qc.ca/secondaire/wp-content/uploads/sites/4/2022/08/sport_soccer_elite_garcons.jpg","width":1400,"height":240},{"@type":"WebPage","@id":"https://www.brebeuf.qc.ca/secondaire/sports-garcons/soccer/#webpage","url":"https://www.brebeuf.qc.ca/secondaire/sports-garcons/soccer/","name":"Soccer \u00e9lite gar\u00e7ons - Secondaire","isPartOf":{"@id":"https://www.brebeuf.qc.ca/secondaire/#website"},"primaryImageOfPage":{"@id":"https://www.brebeuf.qc.ca/secondaire/sports-garcons/soccer/#primaryimage"},"datePublished":"2015-08-18T22:10:38+00:00","dateModified":"2026-05-01T15:01:18+00:00","breadcrumb":{"@id":"https://www.brebeuf.qc.ca/secondaire/sports-garcons/soccer/#breadcrumb"},"inLanguage":"fr-FR","potentialAction":[{"@type":"ReadAction","target":["https://www.brebeuf.qc.ca/secondaire/sports-garcons/soccer/"]}]},{"@type":"BreadcrumbList","@id":"https://www.brebeuf.qc.ca/secondaire/sports-garcons/soccer/#breadcrumb","itemListElement":[{"@type":"ListItem","position":1,"item":{"@type":"WebPage","@id":"https://www.brebeuf.qc.ca/secondaire/","url":"https://www.brebeuf.qc.ca/secondaire/","name":"Home"}},{"@type":"ListItem","position":2,"item":{"@type":"WebPage","@id":"https://www.brebeuf.qc.ca/secondaire/sports-garcons/","url":"https://www.brebeuf.qc.ca/secondaire/sports-garcons/","name":"Sports gar\u00e7ons"}},{"@type":"ListItem","position":3,"item":{"@id":"https://www.brebeuf.qc.ca/secondaire/sports-garcons/soccer/#webpage"}}]}]}</script>
<!-- / Yoast SEO plugin. -->
