{"id":3305,"date":"2022-04-21T16:00:39","date_gmt":"2022-04-21T16:00:39","guid":{"rendered":"https:\/\/www.brebeuf.qc.ca\/secondaire\/?page_id=3305"},"modified":"2026-02-11T19:01:51","modified_gmt":"2026-02-11T19:01:51","slug":"camp-ete-hockey","status":"publish","type":"page","link":"https:\/\/www.brebeuf.qc.ca\/secondaire\/camp-ete-hockey\/","title":{"rendered":"CAMP D\u2019\u00c9T\u00c9 DE HOCKEY"},"content":{"rendered":"\n<h5>En raison de travaux majeurs au Coll\u00e8ge, les activit\u00e9s de l\u2019ar\u00e9na Pierre-P\u00e9ladeau seront suspendues du 16 mai au d\u00e9but ao\u00fbt 2026. Bien que l\u2019ar\u00e9na demeure en excellent \u00e9tat, les travaux au niveau du garage et des salles m\u00e9caniques nous obligent \u00e0 interrompre les activit\u00e9s pour l\u2019\u00e9t\u00e9. Ainsi, il n\u2019y aura pas de camp d\u2019\u00e9t\u00e9 de hockey \u00e0 l\u2019\u00e9t\u00e9 2026.<\/h5>\n\n\n\n<h5>M\u00eame si une pause s\u2019impose cet \u00e9t\u00e9, nous avons d\u00e9j\u00e0 tr\u00e8s h\u00e2te de vous retrouver en 2027. Les joueurs ayant particip\u00e9 au programme en 2025 recevront d\u2019ailleurs un courriel en priorit\u00e9 concernant le camp de jour 2027.<\/h5>\n\n\n\n<h5>Au retour de la rel\u00e2che, toutes les informations concernant les portes ouvertes <a href=\"https:\/\/www.brebeuf.qc.ca\/secondaire\/portes-ouvertes-hockey\/\" class=\"ek-link\">Hockey Br\u00e9beuf seront disponibles sur notre site web<\/a>.<\/h5>\n\n\n\n<hr class=\"wp-block-separator\"\/>\n\n\n\n<h3>\u00c0 propos du camp d&rsquo;\u00e9t\u00e9 de hockey<\/h3>\n\n\n\n<p>Le camp d\u2019\u00e9t\u00e9 de hockey du Coll\u00e8ge Br\u00e9beuf est une occasion en or pour un jeune hockeyeur de<strong> se pr\u00e9parer <\/strong>ad\u00e9quatement pour sa prochaine saison et d\u2019<strong>optimiser sa progression <\/strong>en tant qu\u2019athl\u00e8te.<\/p>\n\n\n\n<p>Ce camp lui donne la chance de <strong>d\u00e9velopper <\/strong>et de <strong>perfectionner <\/strong>ses <strong>habilet\u00e9s techniques <\/strong>et <strong>tactiques <\/strong>sur glace, en plus de s\u2019amuser dans un contexte stimulant et s\u00e9curitaire. <\/p>\n\n\n\n<p>Votre enfant a \u00e9galement la possibilit\u00e9 de se familiariser avec la pr\u00e9paration physique \u00e0 l\u2019ext\u00e9rieur de la glace, encadr\u00e9 par nos kin\u00e9siologues, ainsi qu\u2019avec plusieurs autres aspects reli\u00e9s au hockey.<\/p>\n\n\n\n<figure class=\"wp-block-gallery aligncenter columns-4 is-cropped caption-align-left\"><ul class=\"blocks-gallery-grid\"><li class=\"blocks-gallery-item\"><figure><a href=\"https:\/\/www.brebeuf.qc.ca\/secondaire\/wp-content\/uploads\/sites\/4\/2024\/03\/DSC7140.jpg\" data-rel=\"lightbox-image-0\" data-rl_title=\"\" data-rl_caption=\"\" title=\"\"><img loading=\"lazy\" width=\"3000\" height=\"2000\" src=\"https:\/\/www.brebeuf.qc.ca\/secondaire\/wp-content\/uploads\/sites\/4\/2024\/03\/DSC7140.jpg\" alt=\"\" data-id=\"4023\" data-link=\"https:\/\/www.brebeuf.qc.ca\/secondaire\/camp-ete-hockey\/dsc7140\/\" class=\"wp-image-4023\"\/><\/a><\/figure><\/li><li class=\"blocks-gallery-item\"><figure><a href=\"https:\/\/www.brebeuf.qc.ca\/secondaire\/wp-content\/uploads\/sites\/4\/2024\/03\/DSC6577.jpg\" data-rel=\"lightbox-image-1\" data-rl_title=\"\" data-rl_caption=\"\" title=\"\"><img loading=\"lazy\" width=\"3000\" height=\"2000\" src=\"https:\/\/www.brebeuf.qc.ca\/secondaire\/wp-content\/uploads\/sites\/4\/2024\/03\/DSC6577.jpg\" alt=\"\" data-id=\"4028\" data-link=\"https:\/\/www.brebeuf.qc.ca\/secondaire\/camp-ete-hockey\/dsc6577\/\" class=\"wp-image-4028\"\/><\/a><\/figure><\/li><li class=\"blocks-gallery-item\"><figure><a href=\"https:\/\/www.brebeuf.qc.ca\/secondaire\/wp-content\/uploads\/sites\/4\/2024\/03\/DSC6675.jpg\" data-rel=\"lightbox-image-2\" data-rl_title=\"\" data-rl_caption=\"\" title=\"\"><img loading=\"lazy\" width=\"3000\" height=\"2000\" src=\"https:\/\/www.brebeuf.qc.ca\/secondaire\/wp-content\/uploads\/sites\/4\/2024\/03\/DSC6675.jpg\" alt=\"\" data-id=\"4025\" data-link=\"https:\/\/www.brebeuf.qc.ca\/secondaire\/camp-ete-hockey\/dsc6675\/\" class=\"wp-image-4025\"\/><\/a><\/figure><\/li><li class=\"blocks-gallery-item\"><figure><a href=\"https:\/\/www.brebeuf.qc.ca\/secondaire\/wp-content\/uploads\/sites\/4\/2024\/03\/DSC6548.jpg\" data-rel=\"lightbox-image-3\" data-rl_title=\"\" data-rl_caption=\"\" title=\"\"><img loading=\"lazy\" width=\"3000\" height=\"2000\" src=\"https:\/\/www.brebeuf.qc.ca\/secondaire\/wp-content\/uploads\/sites\/4\/2024\/03\/DSC6548.jpg\" alt=\"\" data-id=\"4027\" data-link=\"https:\/\/www.brebeuf.qc.ca\/secondaire\/camp-ete-hockey\/dsc6548\/\" class=\"wp-image-4027\"\/><\/a><\/figure><\/li><li class=\"blocks-gallery-item\"><figure><a href=\"https:\/\/www.brebeuf.qc.ca\/secondaire\/wp-content\/uploads\/sites\/4\/2024\/03\/DSC6669-5.jpg\" data-rel=\"lightbox-image-4\" data-rl_title=\"\" data-rl_caption=\"\" title=\"\"><img loading=\"lazy\" width=\"3000\" height=\"2000\" src=\"https:\/\/www.brebeuf.qc.ca\/secondaire\/wp-content\/uploads\/sites\/4\/2024\/03\/DSC6669-5.jpg\" alt=\"\" data-id=\"4077\" data-link=\"https:\/\/www.brebeuf.qc.ca\/secondaire\/camp-ete-hockey\/dsc6669-5\/\" class=\"wp-image-4077\"\/><\/a><\/figure><\/li><li class=\"blocks-gallery-item\"><figure><a href=\"https:\/\/www.brebeuf.qc.ca\/secondaire\/wp-content\/uploads\/sites\/4\/2024\/03\/DSC6618.jpg\" data-rel=\"lightbox-image-5\" data-rl_title=\"\" data-rl_caption=\"\" title=\"\"><img loading=\"lazy\" width=\"3000\" height=\"2000\" src=\"https:\/\/www.brebeuf.qc.ca\/secondaire\/wp-content\/uploads\/sites\/4\/2024\/03\/DSC6618.jpg\" alt=\"\" data-id=\"4031\" data-link=\"https:\/\/www.brebeuf.qc.ca\/secondaire\/camp-ete-hockey\/dsc6618\/\" class=\"wp-image-4031\"\/><\/a><\/figure><\/li><\/ul><\/figure>\n\n\n\n<hr class=\"wp-block-separator\"\/>\n\n\n\n<h2><strong>Du 4 au 8 ao\u00fbt et du 11 au 15 ao\u00fbt \u00e0 l\u2019ar\u00e9na Pierre-P\u00e9ladeau (Br\u00e9beuf)<\/strong><\/h2>\n\n\n\n<figure class=\"wp-block-gallery aligncenter columns-1 is-cropped\"><ul class=\"blocks-gallery-grid\"><li class=\"blocks-gallery-item\"><figure><a href=\"https:\/\/www.brebeuf.qc.ca\/secondaire\/wp-content\/uploads\/sites\/4\/2024\/03\/DSC6360-4.jpg\" data-rel=\"lightbox-image-6\" data-rl_title=\"\" data-rl_caption=\"\" title=\"\"><img loading=\"lazy\" width=\"3000\" height=\"2000\" src=\"https:\/\/www.brebeuf.qc.ca\/secondaire\/wp-content\/uploads\/sites\/4\/2024\/03\/DSC6360-4.jpg\" alt=\"\" data-id=\"4076\" data-link=\"https:\/\/www.brebeuf.qc.ca\/secondaire\/camp-ete-hockey\/dsc6360-4\/\" class=\"wp-image-4076\"\/><\/a><\/figure><\/li><\/ul><\/figure>\n\n\n\n<p><strong>Formule<\/strong><\/p>\n\n\n\n<ul><li>Journ\u00e9e compl\u00e8te avec repas inclus (8 h 00 \u00e0 16 h 00)<\/li><li>Du lundi au vendredi (se termine vendredi \u00e0 13 h 00)<\/li><\/ul>\n\n\n\n<p><strong>Groupe d\u2019\u00e2ge en fonction de la rentr\u00e9e scolaire 2025-2026<\/strong><\/p>\n\n\n\n<ul><li>3e et 4e ann\u00e9e du primaire<\/li><li>5e et 6e ann\u00e9e du primaire<\/li><li>1re et 2e secondaire<\/li><\/ul>\n\n\n\n<p><strong>Horaire typique par jour<\/strong><\/p>\n\n\n\n<ul><li>Deux s\u00e9ances d\u2019entra\u00eenement sur glace<\/li><li>Quatre activit\u00e9s hors glace<\/li><li>D\u00eener \u00e0 la caf\u00e9t\u00e9ria (inclus du lundi au jeudi)<\/li><li>Deux pauses pour la collation (non incluse)<\/li><\/ul>\n\n\n\n<p><strong>Tarif : <\/strong>550$ par semaine<strong> <\/strong><\/p>\n\n\n\n<p><strong>Contacts<\/strong><\/p>\n\n\n\n<div class=\"wp-block-columns is-style-default\">\n<div class=\"wp-block-column\">\n<div class=\"wp-block-columns\">\n<div class=\"wp-block-column\" style=\"flex-basis:100%\">\n<figure class=\"wp-block-gallery aligncenter columns-1 is-cropped\"><ul class=\"blocks-gallery-grid\"><li class=\"blocks-gallery-item\"><figure><a href=\"https:\/\/www.brebeuf.qc.ca\/secondaire\/wp-content\/uploads\/sites\/4\/2023\/12\/2.png\" data-rel=\"lightbox-image-7\" data-rl_title=\"\" data-rl_caption=\"\" title=\"\"><img loading=\"lazy\" width=\"1000\" height=\"1500\" src=\"https:\/\/www.brebeuf.qc.ca\/secondaire\/wp-content\/uploads\/sites\/4\/2023\/12\/2.png\" alt=\"\" data-id=\"3972\" data-full-url=\"https:\/\/www.brebeuf.qc.ca\/secondaire\/wp-content\/uploads\/sites\/4\/2023\/12\/2.png\" data-link=\"https:\/\/www.brebeuf.qc.ca\/secondaire\/sports-garcons\/hockey-elite\/2-11\/\" class=\"wp-image-3972\"\/><\/a><\/figure><\/li><\/ul><figcaption class=\"blocks-gallery-caption\"><strong>Samuel Arseneault<\/strong><br>Responsable du programme de hockey \u00e9lite<br>T\u00e9l : 514-342-9342, poste 5637<br><a href=\"mailto:samuel.arseneault@brebeuf.qc.ca\">samuel.arseneault@brebeuf.qc.ca<\/a><\/figcaption><\/figure>\n<\/div>\n<\/div>\n<\/div>\n\n\n\n<div class=\"wp-block-column\">\n<div class=\"wp-block-columns\">\n<div class=\"wp-block-column\" style=\"flex-basis:100%\">\n<figure class=\"wp-block-gallery aligncenter columns-1 is-cropped\"><ul class=\"blocks-gallery-grid\"><li class=\"blocks-gallery-item\"><figure><a href=\"https:\/\/www.brebeuf.qc.ca\/secondaire\/wp-content\/uploads\/sites\/4\/2023\/12\/1.png\" data-rel=\"lightbox-image-8\" data-rl_title=\"\" data-rl_caption=\"\" title=\"\"><img loading=\"lazy\" width=\"1000\" height=\"1500\" src=\"https:\/\/www.brebeuf.qc.ca\/secondaire\/wp-content\/uploads\/sites\/4\/2023\/12\/1.png\" alt=\"\" data-id=\"3974\" data-full-url=\"https:\/\/www.brebeuf.qc.ca\/secondaire\/wp-content\/uploads\/sites\/4\/2023\/12\/1.png\" data-link=\"https:\/\/www.brebeuf.qc.ca\/secondaire\/sports-garcons\/hockey-elite\/1-8\/\" class=\"wp-image-3974\"\/><\/a><\/figure><\/li><\/ul><figcaption class=\"blocks-gallery-caption\"><strong>Mathieu Drapeau<\/strong><br>Technicien en loisir<br>T\u00e9l : 514-342-9342, poste 5163<br><a href=\"mailto:mathieu.drapeau@brebeuf.qc.ca\" class=\"ek-link\">mathieu.drapeau@brebeuf.qc.ca<\/a><\/figcaption><\/figure>\n<\/div>\n<\/div>\n<\/div>\n\n\n\n<div class=\"wp-block-column\">\n<div class=\"wp-block-columns\">\n<div class=\"wp-block-column\" style=\"flex-basis:100%\">\n<figure class=\"wp-block-gallery aligncenter columns-1 is-cropped\"><ul class=\"blocks-gallery-grid\"><li class=\"blocks-gallery-item\"><figure><a href=\"https:\/\/www.brebeuf.qc.ca\/secondaire\/wp-content\/uploads\/sites\/4\/2024\/03\/photo-de-philippe-1.jpg\" data-rel=\"lightbox-image-9\" data-rl_title=\"\" data-rl_caption=\"\" title=\"\"><img loading=\"lazy\" width=\"1800\" height=\"2700\" src=\"https:\/\/www.brebeuf.qc.ca\/secondaire\/wp-content\/uploads\/sites\/4\/2024\/03\/photo-de-philippe-1.jpg\" alt=\"\" data-id=\"4173\" data-link=\"https:\/\/www.brebeuf.qc.ca\/secondaire\/camp-ete-hockey\/photo-de-philippe-1\/\" class=\"wp-image-4173\"\/><\/a><\/figure><\/li><\/ul><figcaption class=\"blocks-gallery-caption\"><strong>Philippe<\/strong>&nbsp;<strong>Bergeron<\/strong><br>Entra\u00eeneur-chef Coll\u00e9gial D2<br>T\u00e9l : 514-342-9342, poste 5611<br><a href=\"mailto:philippe.bergeron@brebeuf.qc.ca\">philippe.bergeron@brebeuf.qc.ca<\/a><\/figcaption><\/figure>\n<\/div>\n<\/div>\n<\/div>\n<\/div>\n\n\n\n<p>Pour toutes informations au sujet du camp d&rsquo;\u00e9t\u00e9, veuillez contacter Mathieu Drapeau au <a href=\"mailto:mathieu.drapeau@brebeuf.qc.ca\" class=\"ek-link\">mathieu.drapeau@brebeuf.qc.ca<\/a>.&nbsp;<\/p>\n\n\n\n<hr class=\"wp-block-separator\"\/>\n\n\n\n<p>Veuillez noter que les renseignements demand\u00e9s dans le formulaire sont n\u00e9cessaires \u00e0 l&rsquo;inscription de l&rsquo;enfant et qu&rsquo;ils ne seront consult\u00e9s que par les personnes responsables de l&rsquo;organisation de l&rsquo;activit\u00e9.<\/p>\n\n\n\n<p><strong>Nombre maximum de participants<\/strong><\/p>\n\n\n\n<ul><li>60 joueurs par semaine<\/li><li>Ratio sur glace : 1 entra\u00eeneur pour 5 joueurs \u2013 entra\u00eenement semi-priv\u00e9<\/li><\/ul>\n\n\n\n<p><strong>Contenus sur glace<\/strong><\/p>\n\n\n\n<ul><li>Techniques : patinage, maniement et tirs<\/li><li>Tactiques individuelles<\/li><li>Jeux simul\u00e9s : espace restreint, ludiques et matchs<\/li><\/ul>\n\n\n\n<p><strong>Contenus hors glace<\/strong><\/p>\n\n\n\n<ul><li>Pr\u00e9paration physique<\/li><li>Jeux de coop\u00e9ration<\/li><li>Sports collectifs<\/li><li>Introduction \u00e0 la pr\u00e9paration mentale<\/li><li>S\u00e9ance vid\u00e9o<\/li><li>Jeux int\u00e9rieurs<\/li><\/ul>\n\n\n\n<p><strong>Professionnel sur place<\/strong><\/p>\n\n\n\n<ul><li>Philippe Bergeron, entra\u00eeneur au coll\u00e9gial D2, et plusieurs autres entra\u00eeneurs<\/li><\/ul>\n\n\n\n<figure class=\"wp-block-gallery aligncenter columns-4 is-cropped\"><ul class=\"blocks-gallery-grid\"><li class=\"blocks-gallery-item\"><figure><a href=\"https:\/\/www.brebeuf.qc.ca\/secondaire\/wp-content\/uploads\/sites\/4\/2024\/03\/DSC6574.jpg\" data-rel=\"lightbox-image-10\" data-rl_title=\"\" data-rl_caption=\"\" title=\"\"><img loading=\"lazy\" width=\"3000\" height=\"2000\" src=\"https:\/\/www.brebeuf.qc.ca\/secondaire\/wp-content\/uploads\/sites\/4\/2024\/03\/DSC6574.jpg\" alt=\"\" data-id=\"4042\" data-link=\"https:\/\/www.brebeuf.qc.ca\/secondaire\/camp-ete-hockey\/dsc6574\/\" class=\"wp-image-4042\"\/><\/a><\/figure><\/li><li class=\"blocks-gallery-item\"><figure><a href=\"https:\/\/www.brebeuf.qc.ca\/secondaire\/wp-content\/uploads\/sites\/4\/2024\/03\/DSC6520.jpg\" data-rel=\"lightbox-image-11\" data-rl_title=\"\" data-rl_caption=\"\" title=\"\"><img loading=\"lazy\" width=\"3000\" height=\"2000\" src=\"https:\/\/www.brebeuf.qc.ca\/secondaire\/wp-content\/uploads\/sites\/4\/2024\/03\/DSC6520.jpg\" alt=\"\" data-id=\"4044\" data-link=\"https:\/\/www.brebeuf.qc.ca\/secondaire\/camp-ete-hockey\/dsc6520\/\" class=\"wp-image-4044\"\/><\/a><\/figure><\/li><li class=\"blocks-gallery-item\"><figure><a href=\"https:\/\/www.brebeuf.qc.ca\/secondaire\/wp-content\/uploads\/sites\/4\/2024\/03\/DSC7219.jpg\" data-rel=\"lightbox-image-12\" data-rl_title=\"\" data-rl_caption=\"\" title=\"\"><img loading=\"lazy\" width=\"3000\" height=\"2000\" src=\"https:\/\/www.brebeuf.qc.ca\/secondaire\/wp-content\/uploads\/sites\/4\/2024\/03\/DSC7219.jpg\" alt=\"\" data-id=\"4045\" data-link=\"https:\/\/www.brebeuf.qc.ca\/secondaire\/camp-ete-hockey\/dsc7219\/\" class=\"wp-image-4045\"\/><\/a><\/figure><\/li><li class=\"blocks-gallery-item\"><figure><a href=\"https:\/\/www.brebeuf.qc.ca\/secondaire\/wp-content\/uploads\/sites\/4\/2024\/03\/DSC6371.jpg\" data-rel=\"lightbox-image-13\" data-rl_title=\"\" data-rl_caption=\"\" title=\"\"><img loading=\"lazy\" width=\"3000\" height=\"2000\" src=\"https:\/\/www.brebeuf.qc.ca\/secondaire\/wp-content\/uploads\/sites\/4\/2024\/03\/DSC6371.jpg\" alt=\"\" data-id=\"4046\" data-link=\"https:\/\/www.brebeuf.qc.ca\/secondaire\/camp-ete-hockey\/dsc6371\/\" class=\"wp-image-4046\"\/><\/a><\/figure><\/li><li class=\"blocks-gallery-item\"><figure><a href=\"https:\/\/www.brebeuf.qc.ca\/secondaire\/wp-content\/uploads\/sites\/4\/2024\/03\/DSC6787-1.jpg\" data-rel=\"lightbox-image-14\" data-rl_title=\"\" data-rl_caption=\"\" title=\"\"><img loading=\"lazy\" width=\"3000\" height=\"2000\" src=\"https:\/\/www.brebeuf.qc.ca\/secondaire\/wp-content\/uploads\/sites\/4\/2024\/03\/DSC6787-1.jpg\" alt=\"\" data-id=\"4049\" data-link=\"https:\/\/www.brebeuf.qc.ca\/secondaire\/camp-ete-hockey\/dsc6787-1\/\" class=\"wp-image-4049\"\/><\/a><\/figure><\/li><li class=\"blocks-gallery-item\"><figure><a href=\"https:\/\/www.brebeuf.qc.ca\/secondaire\/wp-content\/uploads\/sites\/4\/2024\/03\/DSC6770.jpg\" data-rel=\"lightbox-image-15\" data-rl_title=\"\" data-rl_caption=\"\" title=\"\"><img loading=\"lazy\" width=\"3000\" height=\"2000\" src=\"https:\/\/www.brebeuf.qc.ca\/secondaire\/wp-content\/uploads\/sites\/4\/2024\/03\/DSC6770.jpg\" alt=\"\" data-id=\"4050\" data-link=\"https:\/\/www.brebeuf.qc.ca\/secondaire\/camp-ete-hockey\/dsc6770\/\" class=\"wp-image-4050\"\/><\/a><\/figure><\/li><\/ul><\/figure>\n\n\n\n<p><\/p>\n","protected":false},"excerpt":{"rendered":"<p>En raison de travaux majeurs au Coll\u00e8ge, les activit\u00e9s de l\u2019ar\u00e9na Pierre-P\u00e9ladeau seront suspendues du 16 mai au d\u00e9but ao\u00fbt 2026. Bien que l\u2019ar\u00e9na demeure en excellent \u00e9tat, les travaux au niveau du garage et des salles m\u00e9caniques nous obligent&#8230;<\/p>\n","protected":false},"author":45,"featured_media":4045,"parent":0,"menu_order":0,"comment_status":"closed","ping_status":"closed","template":"templates\/template-personnalisable.php","meta":{"_editorskit_title_hidden":false,"_editorskit_reading_time":2,"_editorskit_typography_data":[],"_editorskit_blocks_typography":""},"yoast_head":"<!-- This site is optimized with the Yoast SEO plugin v16.3 - https:\/\/yoast.com\/wordpress\/plugins\/seo\/ -->\n<title>CAMP D\u2019\u00c9T\u00c9 DE HOCKEY - Secondaire<\/title>\n<meta name=\"description\" content=\"Une occasion en or pour un jeune hockeyeur : se pr\u00e9parer ad\u00e9quatement pour sa prochaine saison et optimiser sa progression en tant qu\u2019athl\u00e8te.\" \/>\n<meta name=\"robots\" content=\"index, follow, max-snippet:-1, max-image-preview:large, max-video-preview:-1\" \/>\n<link rel=\"canonical\" href=\"https:\/\/www.brebeuf.qc.ca\/secondaire\/camp-ete-hockey\/\" \/>\n<meta property=\"og:locale\" content=\"fr_FR\" \/>\n<meta property=\"og:type\" content=\"article\" \/>\n<meta property=\"og:title\" content=\"CAMP D\u2019\u00c9T\u00c9 DE HOCKEY - Secondaire\" \/>\n<meta property=\"og:description\" content=\"Une occasion en or pour un jeune hockeyeur : se pr\u00e9parer ad\u00e9quatement pour sa prochaine saison et optimiser sa progression en tant qu\u2019athl\u00e8te.\" \/>\n<meta property=\"og:url\" content=\"https:\/\/www.brebeuf.qc.ca\/secondaire\/camp-ete-hockey\/\" \/>\n<meta property=\"og:site_name\" content=\"Secondaire\" \/>\n<meta property=\"article:modified_time\" content=\"2026-02-11T19:01:51+00:00\" \/>\n<meta property=\"og:image\" content=\"https:\/\/www.brebeuf.qc.ca\/secondaire\/wp-content\/uploads\/sites\/4\/2024\/03\/DSC7219.jpg\" \/>\n\t<meta property=\"og:image:width\" content=\"3000\" \/>\n\t<meta property=\"og:image:height\" content=\"2000\" \/>\n<meta name=\"twitter:label1\" content=\"Dur\u00e9e de lecture est.\">\n\t<meta name=\"twitter:data1\" content=\"6 minutes\">\n<script type=\"application\/ld+json\" class=\"yoast-schema-graph\">{\"@context\":\"https:\/\/schema.org\",\"@graph\":[{\"@type\":\"WebSite\",\"@id\":\"https:\/\/www.brebeuf.qc.ca\/secondaire\/#website\",\"url\":\"https:\/\/www.brebeuf.qc.ca\/secondaire\/\",\"name\":\"Secondaire\",\"description\":\"Coll\\u00e8ge priv\\u00e9 | Secondaire | Coll\\u00e9gial\",\"potentialAction\":[{\"@type\":\"SearchAction\",\"target\":\"https:\/\/www.brebeuf.qc.ca\/secondaire\/?s={search_term_string}\",\"query-input\":\"required name=search_term_string\"}],\"inLanguage\":\"fr-FR\"},{\"@type\":\"ImageObject\",\"@id\":\"https:\/\/www.brebeuf.qc.ca\/secondaire\/camp-ete-hockey\/#primaryimage\",\"inLanguage\":\"fr-FR\",\"url\":\"https:\/\/www.brebeuf.qc.ca\/secondaire\/wp-content\/uploads\/sites\/4\/2024\/03\/DSC7219.jpg\",\"contentUrl\":\"https:\/\/www.brebeuf.qc.ca\/secondaire\/wp-content\/uploads\/sites\/4\/2024\/03\/DSC7219.jpg\",\"width\":3000,\"height\":2000},{\"@type\":\"WebPage\",\"@id\":\"https:\/\/www.brebeuf.qc.ca\/secondaire\/camp-ete-hockey\/#webpage\",\"url\":\"https:\/\/www.brebeuf.qc.ca\/secondaire\/camp-ete-hockey\/\",\"name\":\"CAMP D\\u2019\\u00c9T\\u00c9 DE HOCKEY - Secondaire\",\"isPartOf\":{\"@id\":\"https:\/\/www.brebeuf.qc.ca\/secondaire\/#website\"},\"primaryImageOfPage\":{\"@id\":\"https:\/\/www.brebeuf.qc.ca\/secondaire\/camp-ete-hockey\/#primaryimage\"},\"datePublished\":\"2022-04-21T16:00:39+00:00\",\"dateModified\":\"2026-02-11T19:01:51+00:00\",\"description\":\"Une occasion en or pour un jeune hockeyeur : se pr\\u00e9parer ad\\u00e9quatement pour sa prochaine saison et optimiser sa progression en tant qu\\u2019athl\\u00e8te.\",\"breadcrumb\":{\"@id\":\"https:\/\/www.brebeuf.qc.ca\/secondaire\/camp-ete-hockey\/#breadcrumb\"},\"inLanguage\":\"fr-FR\",\"potentialAction\":[{\"@type\":\"ReadAction\",\"target\":[\"https:\/\/www.brebeuf.qc.ca\/secondaire\/camp-ete-hockey\/\"]}]},{\"@type\":\"BreadcrumbList\",\"@id\":\"https:\/\/www.brebeuf.qc.ca\/secondaire\/camp-ete-hockey\/#breadcrumb\",\"itemListElement\":[{\"@type\":\"ListItem\",\"position\":1,\"item\":{\"@type\":\"WebPage\",\"@id\":\"https:\/\/www.brebeuf.qc.ca\/secondaire\/\",\"url\":\"https:\/\/www.brebeuf.qc.ca\/secondaire\/\",\"name\":\"Home\"}},{\"@type\":\"ListItem\",\"position\":2,\"item\":{\"@id\":\"https:\/\/www.brebeuf.qc.ca\/secondaire\/camp-ete-hockey\/#webpage\"}}]}]}<\/script>\n<!-- \/ Yoast SEO plugin. -->","_links":{"self":[{"href":"https:\/\/www.brebeuf.qc.ca\/secondaire\/wp-json\/wp\/v2\/pages\/3305"}],"collection":[{"href":"https:\/\/www.brebeuf.qc.ca\/secondaire\/wp-json\/wp\/v2\/pages"}],"about":[{"href":"https:\/\/www.brebeuf.qc.ca\/secondaire\/wp-json\/wp\/v2\/types\/page"}],"author":[{"embeddable":true,"href":"https:\/\/www.brebeuf.qc.ca\/secondaire\/wp-json\/wp\/v2\/users\/45"}],"replies":[{"embeddable":true,"href":"https:\/\/www.brebeuf.qc.ca\/secondaire\/wp-json\/wp\/v2\/comments?post=3305"}],"version-history":[{"count":111,"href":"https:\/\/www.brebeuf.qc.ca\/secondaire\/wp-json\/wp\/v2\/pages\/3305\/revisions"}],"predecessor-version":[{"id":5250,"href":"https:\/\/www.brebeuf.qc.ca\/secondaire\/wp-json\/wp\/v2\/pages\/3305\/revisions\/5250"}],"wp:featuredmedia":[{"embeddable":true,"href":"https:\/\/www.brebeuf.qc.ca\/secondaire\/wp-json\/wp\/v2\/media\/4045"}],"wp:attachment":[{"href":"https:\/\/www.brebeuf.qc.ca\/secondaire\/wp-json\/wp\/v2\/media?parent=3305"}],"curies":[{"name":"wp","href":"https:\/\/api.w.org\/{rel}","templated":true}]}}