{"id":2993,"date":"2021-12-03T16:09:13","date_gmt":"2021-12-03T16:09:13","guid":{"rendered":"https:\/\/www.brebeuf.qc.ca\/secondaire\/?page_id=2993"},"modified":"2026-01-29T15:18:37","modified_gmt":"2026-01-29T15:18:37","slug":"historique-medailles-basketball","status":"publish","type":"page","link":"https:\/\/www.brebeuf.qc.ca\/secondaire\/sports-garcons\/basket-ball-elite\/historique-medailles-basketball\/","title":{"rendered":"Historique des m\u00e9dailles &#8211; Basketball"},"content":{"rendered":"\n<p><strong>66 m\u00e9dailles provinciales<\/strong> dont<strong> 40 m\u00e9dailles d\u2019or<\/strong> au cours des 33 derni\u00e8res ann\u00e9es : un exploit in\u00e9gal\u00e9!<\/p>\n\n\n\n<figure class=\"wp-block-table is-style-stripes\"><table><tbody><tr><td><strong>Saisons<\/strong><\/td><td><\/td><td><strong>M\u00e9dailles<\/strong><\/td><td><\/td><\/tr><tr><td>&#8212;&#8212;&#8212;&#8211;<\/td><td><\/td><td>&#8212;&#8212;&#8212;&#8212;&#8212;&#8212;&#8212;&#8212;&#8212;&#8212;<\/td><td><\/td><\/tr><tr><td>1988-1989<\/td><td><\/td><td>M\u00e9daille d&rsquo;argent, cadet, provinciaux scolaires AAA<br><\/td><td><\/td><\/tr><tr><td>1989-1990<\/td><td><\/td><td>M\u00e9daille d&rsquo;or, cadet, provinciaux scolaires AAA<br>M\u00e9daille d&rsquo;or, benjamin, provinciaux scolaires AA<br><\/td><td><\/td><\/tr><tr><td>1990-1991<\/td><td><\/td><td>M\u00e9daille d&rsquo;argent, cadet, provinciaux scolaires AAA<br>M\u00e9daille d&rsquo;or, benjamin, provinciaux scolaires AA<br>M\u00e9daille d&rsquo;or, benjamin, provinciaux civils AAA<br><\/td><td><\/td><\/tr><tr><td>1991-1992<\/td><td><\/td><td>M\u00e9daille d&rsquo;or, cadet, provinciaux scolaires AAA<br>M\u00e9daille d&rsquo;or, cadet, provinciaux civils AAA<br><\/td><td><\/td><\/tr><tr><td>1992-1993<\/td><td><\/td><td>M\u00e9daille d&rsquo;or, benjamin, provinciaux scolaires AA<br>M\u00e9daille d&rsquo;or, cadet, provinciaux scolaires AAA<br>M\u00e9daille d&rsquo;or, cadet, provinciaux civils AAA<br>M\u00e9daille d&rsquo;or, juv\u00e9nile, provinciaux scolaires AA<br><\/td><td><\/td><\/tr><tr><td>1993-1994<\/td><td><\/td><td>M\u00e9daille d&rsquo;argent, cadet, provinciaux scolaires AAA<br><\/td><td><\/td><\/tr><tr><td>1994-1995<\/td><td><\/td><td>M\u00e9daille d&rsquo;or, cadet, provinciaux scolaires AAA<br><\/td><td><\/td><\/tr><tr><td>1995-1996<\/td><td><\/td><td>M\u00e9daille d&rsquo;argent, cadet, provinciaux scolaires AAA<br><\/td><td><\/td><\/tr><tr><td>1996-1997<\/td><td><\/td><td>M\u00e9daille d&rsquo;or, benjamin, provinciaux scolaires AA<br>M\u00e9daille d&rsquo;or, benjamin, provinciaux civils AA<br><\/td><td><\/td><\/tr><tr><td>1997-1998<\/td><td><\/td><td>M\u00e9daille d&rsquo;or, benjamin, provinciaux scolaires AA<br>M\u00e9daille d&rsquo;or, cadet, provinciaux scolaires AAA<br>M\u00e9daille d&rsquo;argent, cadet, provinciaux civils AAA<br><\/td><td><\/td><\/tr><tr><td>1998-1999<\/td><td><\/td><td>M\u00e9daille d&rsquo;argent, cadet, provinciaux scolaires AAA<br>M\u00e9daille d&rsquo;argent, cadet, provinciaux civils AAA<br><\/td><td><\/td><\/tr><tr><td>1999-2000<\/td><td><\/td><td>M\u00e9daille d&rsquo;or, juv\u00e9nile, provinciaux scolaires AAA<br><\/td><td><\/td><\/tr><tr><td>2000-2001<\/td><td><\/td><td>M\u00e9daille d&rsquo;or, benjamin, provinciaux scolaires AA<br>M\u00e9daille d&rsquo;or, benjamin, provinciaux civils AAA<br><\/td><td><\/td><\/tr><tr><td>2001-2002<\/td><td><\/td><td>M\u00e9daille d&rsquo;or, benjamin, provinciaux scolaires AA<br>M\u00e9daille d\u2019argent, cadet, provinciaux scolaires AAA<br><\/td><td><\/td><\/tr><tr><td>2002-2003<\/td><td><\/td><td>M\u00e9daille d&rsquo;or, juv\u00e9nile, provinciaux scolaires AAA<br>M\u00e9daille d&rsquo;or, cadet, provinciaux scolaires AAA<br><\/td><td><\/td><\/tr><tr><td>2003-2004<\/td><td><\/td><td>M\u00e9daille d&rsquo;or, juv\u00e9nile, provinciaux scolaires AAA<br>M\u00e9daille d&rsquo;or, cadet, provinciaux scolaires AAA<br><\/td><td><\/td><\/tr><tr><td>2004-2005<\/td><td><\/td><td>M\u00e9daille d&rsquo;or, juv\u00e9nile, provinciaux scolaires AAA<br><\/td><td><\/td><\/tr><tr><td>2005-2006<\/td><td><\/td><td>M\u00e9daille d\u2019argent, coll\u00e9gial, provinciaux scolaires AA<br>M\u00e9daille d&rsquo;or, juv\u00e9nile, provinciaux scolaires AAA<br>M\u00e9daille d\u2019argent, cadet, provinciaux scolaires AAA<br><\/td><td><\/td><\/tr><tr><td>2006-2007<\/td><td><\/td><td>M\u00e9daille d&rsquo;or, coll\u00e9gial, provinciaux scolaires AA<br>M\u00e9daille d\u2019argent, cadet, provinciaux scolaires AAA<br>M\u00e9daille d\u2019argent, juv\u00e9nile, provinciaux scolaires AAA<br><\/td><td><\/td><\/tr><tr><td>2007-2008<\/td><td><\/td><td>M\u00e9daille de bronze, coll\u00e9gial, provinciaux scolaires AA<br>M\u00e9daille d&rsquo;or, juv\u00e9nile, provinciaux scolaires AAA<br>M\u00e9daille d&rsquo;or, cadet, provinciaux scolaires AAA<br><\/td><td><\/td><\/tr><tr><td>2008-2009<\/td><td><\/td><td>M\u00e9daille d&rsquo;or, coll\u00e9gial, provinciaux scolaires AA<br>M\u00e9daille d&rsquo;or, juv\u00e9nile, provinciaux scolaires AAA<br>M\u00e9daille d&rsquo;or, cadet, provinciaux scolaires AAA<br><\/td><td><\/td><\/tr><tr><td>2009-2010<\/td><td><\/td><td>M\u00e9daille d&rsquo;or, coll\u00e9gial, provinciaux scolaires AA<br>M\u00e9daille d&rsquo;or, juv\u00e9nile, provinciaux scolaires AAA<br>M\u00e9daille de bronze, cadet, provinciaux scolaires AAA<br><\/td><td><\/td><\/tr><tr><td>2010-2011<\/td><td><\/td><td>M\u00e9daille d&rsquo;or, coll\u00e9gial, provinciaux scolaires AA<br>M\u00e9daille d&rsquo;or, juv\u00e9nile, provinciaux scolaires AAA<br>M\u00e9daille d\u2019argent, cadet, provinciaux scolaires AAA<br><\/td><td><\/td><\/tr><tr><td>2011-2012<\/td><td><\/td><td>M\u00e9daille d&rsquo;argent, juv\u00e9nile, provinciaux scolaires AAA<br>M\u00e9daille de bronze, cadet, provinciaux scolaires AAA<br><\/td><td><\/td><\/tr><tr><td>2012-2013<\/td><td><\/td><td>M\u00e9daille d&rsquo;or, coll\u00e9gial, provinciaux scolaires D2<br>M\u00e9daille d&rsquo;argent, juv\u00e9nile, provinciaux scolaires D1<br><\/td><td><\/td><\/tr><tr><td>2013-2014<\/td><td><\/td><td>M\u00e9daille d&rsquo;or, coll\u00e9gial, provinciaux scolaires D2<br>M\u00e9daille de bronze, juv\u00e9nile, provinciaux scolaires D1<br><\/td><td><\/td><\/tr><tr><td>2014-2015<\/td><td><\/td><td>M\u00e9daille d&rsquo;or, coll\u00e9gial, provinciaux scolaires D2<br><\/td><td><\/td><\/tr><tr><td>2015-2016<\/td><td><\/td><td>M\u00e9daille de bronze, coll\u00e9gial, provinciaux scolaires D1<br><\/td><td><\/td><\/tr><tr><td>2016-2017<\/td><td><\/td><td>M\u00e9daille de bronze, coll\u00e9gial, provinciaux scolaires D1<br><\/td><td><\/td><\/tr><tr><td>2017-2018<\/td><td><\/td><td>M\u00e9daille d\u2019argent, coll\u00e9gial, provinciaux scolaires D1<br><\/td><td><\/td><\/tr><tr><td>2018-2019<\/td><td><\/td><td>M\u00e9daille de bronze, coll\u00e9gial, provinciaux scolaires D1<br><\/td><td><\/td><\/tr><tr><td>2019-2020<\/td><td><\/td><td>M\u00e9daille d\u2019argent, coll\u00e9gial, provinciaux scolaires D1<br><\/td><td><\/td><\/tr><tr><td>2020-2021<\/td><td><\/td><td>Pas de championnat d\u00fb \u00e0 la pand\u00e9mie de la Covid-19<br><\/td><td><\/td><\/tr><tr><td>2022-2023<\/td><td><\/td><td>M\u00e9daille d\u2019or, cadet, provinciaux scolaires D1<br>M\u00e9daille de bronze, coll\u00e9gial, provinciaux scolaires D1  <br>                <\/td><td><\/td><\/tr><tr><td>2023-2024<\/td><td><\/td><td>M\u00e9daille d\u2019or, benjamin, provinciaux scolaires D2<br>M\u00e9daille de bronze, coll\u00e9gial, provinciaux scolaires D1<br><\/td><td><\/td><\/tr><tr><td>2024-2025<\/td><td><\/td><td>M\u00e9daille d\u2019or, Cadet, provinciaux scolaires D1<br>M\u00e9daille d\u2019argent, Juv\u00e9nile, provinciaux scolaires D1<br>M\u00e9daille d\u2019or, coll\u00e9gial, provinciaux scolaires D1<br>M\u00e9daille de bronze, coll\u00e9gial, Nationaux CCAA<\/td><td><\/td><\/tr><\/tbody><\/table><\/figure>\n\n\n\n<p><\/p>\n","protected":false},"excerpt":{"rendered":"<p>66 m\u00e9dailles provinciales dont 40 m\u00e9dailles d\u2019or au cours des 33 derni\u00e8res ann\u00e9es : un exploit in\u00e9gal\u00e9! Saisons M\u00e9dailles &#8212;&#8212;&#8212;&#8211; &#8212;&#8212;&#8212;&#8212;&#8212;&#8212;&#8212;&#8212;&#8212;&#8212; 1988-1989 M\u00e9daille d&rsquo;argent, cadet, provinciaux scolaires AAA 1989-1990 M\u00e9daille d&rsquo;or, cadet, provinciaux scolaires AAAM\u00e9daille d&rsquo;or, benjamin, provinciaux scolaires AA&#8230;<\/p>\n","protected":false},"author":45,"featured_media":2198,"parent":286,"menu_order":0,"comment_status":"closed","ping_status":"closed","template":"templates\/template-personnalisable.php","meta":{"_editorskit_title_hidden":false,"_editorskit_reading_time":2,"_editorskit_typography_data":[],"_editorskit_blocks_typography":""},"yoast_head":"<!-- This site is optimized with the Yoast SEO plugin v16.3 - https:\/\/yoast.com\/wordpress\/plugins\/seo\/ -->\n<title>Historique des m\u00e9dailles - Basketball - Secondaire<\/title>\n<meta name=\"description\" content=\"62 m\u00e9dailles provinciales dont 38 m\u00e9dailles d\u2019or au cours des 33 derni\u00e8res ann\u00e9es : un exploit in\u00e9gal\u00e9!\" \/>\n<meta name=\"robots\" content=\"index, follow, max-snippet:-1, max-image-preview:large, max-video-preview:-1\" \/>\n<link rel=\"canonical\" href=\"https:\/\/www.brebeuf.qc.ca\/secondaire\/sports-garcons\/basket-ball-elite\/historique-medailles-basketball\/\" \/>\n<meta property=\"og:locale\" content=\"fr_FR\" \/>\n<meta property=\"og:type\" content=\"article\" \/>\n<meta property=\"og:title\" content=\"Historique des m\u00e9dailles - Basketball - Secondaire\" \/>\n<meta property=\"og:description\" content=\"62 m\u00e9dailles provinciales dont 38 m\u00e9dailles d\u2019or au cours des 33 derni\u00e8res ann\u00e9es : un exploit in\u00e9gal\u00e9!\" \/>\n<meta property=\"og:url\" content=\"https:\/\/www.brebeuf.qc.ca\/secondaire\/sports-garcons\/basket-ball-elite\/historique-medailles-basketball\/\" \/>\n<meta property=\"og:site_name\" content=\"Secondaire\" \/>\n<meta property=\"article:modified_time\" content=\"2026-01-29T15:18:37+00:00\" \/>\n<meta property=\"og:image\" content=\"https:\/\/www.brebeuf.qc.ca\/secondaire\/wp-content\/uploads\/sites\/4\/2020\/07\/entete_sport_baketball_garcons.jpg\" \/>\n\t<meta property=\"og:image:width\" content=\"1400\" \/>\n\t<meta property=\"og:image:height\" content=\"240\" \/>\n<meta name=\"twitter:label1\" content=\"Dur\u00e9e de lecture est.\">\n\t<meta name=\"twitter:data1\" content=\"3 minutes\">\n<script type=\"application\/ld+json\" class=\"yoast-schema-graph\">{\"@context\":\"https:\/\/schema.org\",\"@graph\":[{\"@type\":\"WebSite\",\"@id\":\"https:\/\/www.brebeuf.qc.ca\/secondaire\/#website\",\"url\":\"https:\/\/www.brebeuf.qc.ca\/secondaire\/\",\"name\":\"Secondaire\",\"description\":\"Coll\\u00e8ge priv\\u00e9 | Secondaire | Coll\\u00e9gial\",\"potentialAction\":[{\"@type\":\"SearchAction\",\"target\":\"https:\/\/www.brebeuf.qc.ca\/secondaire\/?s={search_term_string}\",\"query-input\":\"required name=search_term_string\"}],\"inLanguage\":\"fr-FR\"},{\"@type\":\"ImageObject\",\"@id\":\"https:\/\/www.brebeuf.qc.ca\/secondaire\/sports-garcons\/basket-ball-elite\/historique-medailles-basketball\/#primaryimage\",\"inLanguage\":\"fr-FR\",\"url\":\"https:\/\/www.brebeuf.qc.ca\/secondaire\/wp-content\/uploads\/sites\/4\/2020\/07\/entete_sport_baketball_garcons.jpg\",\"contentUrl\":\"https:\/\/www.brebeuf.qc.ca\/secondaire\/wp-content\/uploads\/sites\/4\/2020\/07\/entete_sport_baketball_garcons.jpg\",\"width\":1400,\"height\":240},{\"@type\":\"WebPage\",\"@id\":\"https:\/\/www.brebeuf.qc.ca\/secondaire\/sports-garcons\/basket-ball-elite\/historique-medailles-basketball\/#webpage\",\"url\":\"https:\/\/www.brebeuf.qc.ca\/secondaire\/sports-garcons\/basket-ball-elite\/historique-medailles-basketball\/\",\"name\":\"Historique des m\\u00e9dailles - Basketball - Secondaire\",\"isPartOf\":{\"@id\":\"https:\/\/www.brebeuf.qc.ca\/secondaire\/#website\"},\"primaryImageOfPage\":{\"@id\":\"https:\/\/www.brebeuf.qc.ca\/secondaire\/sports-garcons\/basket-ball-elite\/historique-medailles-basketball\/#primaryimage\"},\"datePublished\":\"2021-12-03T16:09:13+00:00\",\"dateModified\":\"2026-01-29T15:18:37+00:00\",\"description\":\"62 m\\u00e9dailles provinciales dont 38 m\\u00e9dailles d\\u2019or au cours des 33 derni\\u00e8res ann\\u00e9es : un exploit in\\u00e9gal\\u00e9!\",\"breadcrumb\":{\"@id\":\"https:\/\/www.brebeuf.qc.ca\/secondaire\/sports-garcons\/basket-ball-elite\/historique-medailles-basketball\/#breadcrumb\"},\"inLanguage\":\"fr-FR\",\"potentialAction\":[{\"@type\":\"ReadAction\",\"target\":[\"https:\/\/www.brebeuf.qc.ca\/secondaire\/sports-garcons\/basket-ball-elite\/historique-medailles-basketball\/\"]}]},{\"@type\":\"BreadcrumbList\",\"@id\":\"https:\/\/www.brebeuf.qc.ca\/secondaire\/sports-garcons\/basket-ball-elite\/historique-medailles-basketball\/#breadcrumb\",\"itemListElement\":[{\"@type\":\"ListItem\",\"position\":1,\"item\":{\"@type\":\"WebPage\",\"@id\":\"https:\/\/www.brebeuf.qc.ca\/secondaire\/\",\"url\":\"https:\/\/www.brebeuf.qc.ca\/secondaire\/\",\"name\":\"Home\"}},{\"@type\":\"ListItem\",\"position\":2,\"item\":{\"@type\":\"WebPage\",\"@id\":\"https:\/\/www.brebeuf.qc.ca\/secondaire\/sports-garcons\/\",\"url\":\"https:\/\/www.brebeuf.qc.ca\/secondaire\/sports-garcons\/\",\"name\":\"Sports gar\\u00e7ons\"}},{\"@type\":\"ListItem\",\"position\":3,\"item\":{\"@type\":\"WebPage\",\"@id\":\"https:\/\/www.brebeuf.qc.ca\/secondaire\/sports-garcons\/basket-ball-elite\/\",\"url\":\"https:\/\/www.brebeuf.qc.ca\/secondaire\/sports-garcons\/basket-ball-elite\/\",\"name\":\"Basketball \\u00e9lite gar\\u00e7ons\"}},{\"@type\":\"ListItem\",\"position\":4,\"item\":{\"@id\":\"https:\/\/www.brebeuf.qc.ca\/secondaire\/sports-garcons\/basket-ball-elite\/historique-medailles-basketball\/#webpage\"}}]}]}<\/script>\n<!-- \/ Yoast SEO plugin. -->","_links":{"self":[{"href":"https:\/\/www.brebeuf.qc.ca\/secondaire\/wp-json\/wp\/v2\/pages\/2993"}],"collection":[{"href":"https:\/\/www.brebeuf.qc.ca\/secondaire\/wp-json\/wp\/v2\/pages"}],"about":[{"href":"https:\/\/www.brebeuf.qc.ca\/secondaire\/wp-json\/wp\/v2\/types\/page"}],"author":[{"embeddable":true,"href":"https:\/\/www.brebeuf.qc.ca\/secondaire\/wp-json\/wp\/v2\/users\/45"}],"replies":[{"embeddable":true,"href":"https:\/\/www.brebeuf.qc.ca\/secondaire\/wp-json\/wp\/v2\/comments?post=2993"}],"version-history":[{"count":16,"href":"https:\/\/www.brebeuf.qc.ca\/secondaire\/wp-json\/wp\/v2\/pages\/2993\/revisions"}],"predecessor-version":[{"id":5216,"href":"https:\/\/www.brebeuf.qc.ca\/secondaire\/wp-json\/wp\/v2\/pages\/2993\/revisions\/5216"}],"up":[{"embeddable":true,"href":"https:\/\/www.brebeuf.qc.ca\/secondaire\/wp-json\/wp\/v2\/pages\/286"}],"wp:featuredmedia":[{"embeddable":true,"href":"https:\/\/www.brebeuf.qc.ca\/secondaire\/wp-json\/wp\/v2\/media\/2198"}],"wp:attachment":[{"href":"https:\/\/www.brebeuf.qc.ca\/secondaire\/wp-json\/wp\/v2\/media?parent=2993"}],"curies":[{"name":"wp","href":"https:\/\/api.w.org\/{rel}","templated":true}]}}