{"id":299,"date":"2014-09-12T15:10:30","date_gmt":"2014-09-12T15:10:30","guid":{"rendered":"https:\/\/www.brebeuf.qc.ca\/secondaire-garcons\/?page_id=299"},"modified":"2024-08-20T16:31:44","modified_gmt":"2024-08-20T16:31:44","slug":"crosse","status":"publish","type":"page","link":"https:\/\/www.brebeuf.qc.ca\/secondaire\/sports-garcons\/crosse\/","title":{"rendered":"La crosse \u00e9lite gar\u00e7ons"},"content":{"rendered":"<p>Pratiqu\u00e9e depuis la fondation du Coll\u00e8ge en 1928, la crosse est un sport de tradition. Tous les \u00e9l\u00e8ves s\u2019initient \u00e0 ce sport dans leurs cours d\u2019\u00e9ducation physique et ils ont \u00e9galement la chance d\u2019int\u00e9grer au printemps, une \u00e9quipe \u00e9lite inscrite dans des circuits scolaires et civils. Au printemps, plus de 100 jeunes de 1<sup>re<\/sup> \u00e0 5<sup>e<\/sup> secondaire repr\u00e9sentent le Coll\u00e8ge dans nos \u00e9quipes \u00e9lites et s\u2019entrainent sur le nouveau terrain synth\u00e9tique. Nos \u00e9quipes ont remport\u00e9 plusieurs championnats et tournois lors des derni\u00e8res ann\u00e9es.<\/p>\n<p>Un sport d\u2019\u00e9quipe pris\u00e9 par les athl\u00e8tes venant acqu\u00e9rir au Coll\u00e8ge, une formation acad\u00e9mique de haut niveau et d\u00e9sirant se d\u00e9passer au niveau sportif !<\/p>\n<p><strong>Responsable de la Crosse \u00e9lite<\/strong><\/p>\n<ul>\n<li><strong>Fr\u00e9d\u00e9ric Gingras<\/strong><\/li>\n<li>T\u00e9l. : 514-342-9342 poste 5884<\/li>\n<li><a href=\"mailto:frederic.gingras@brebeuf.qc.ca\">frederic.gingras@brebeuf.qc.ca<\/a><\/li>\n<\/ul>\n<div id='gallery-1' class='gallery galleryid-299 gallery-columns-3 gallery-size-thumbnail'><figure class='gallery-item'>\n\t\t\t<div class='gallery-icon landscape'>\n\t\t\t\t<a href='https:\/\/www.brebeuf.qc.ca\/secondaire\/wp-content\/uploads\/sites\/4\/2014\/09\/21.jpg' title=\"Crosse. &lt;span class=&quot;description&quot;&gt;&lt;\/span&gt;\" data-rl_title=\"Crosse. &lt;span class=&quot;description&quot;&gt;&lt;\/span&gt;\" class=\"rl-gallery-link\" data-rl_caption=\"\" data-rel=\"lightbox-gallery-1\"><img width=\"150\" height=\"150\" src=\"https:\/\/www.brebeuf.qc.ca\/secondaire\/wp-content\/uploads\/sites\/4\/2014\/09\/21-150x150.jpg\" class=\"attachment-thumbnail size-thumbnail\" alt=\"\" loading=\"lazy\" \/><\/a>\n\t\t\t<\/div><\/figure><figure class='gallery-item'>\n\t\t\t<div class='gallery-icon landscape'>\n\t\t\t\t<a href='https:\/\/www.brebeuf.qc.ca\/secondaire\/wp-content\/uploads\/sites\/4\/2014\/09\/31.jpg' title=\"Crosse. &lt;span class=&quot;description&quot;&gt;&lt;\/span&gt;\" data-rl_title=\"Crosse. &lt;span class=&quot;description&quot;&gt;&lt;\/span&gt;\" class=\"rl-gallery-link\" data-rl_caption=\"\" data-rel=\"lightbox-gallery-1\"><img width=\"150\" height=\"150\" src=\"https:\/\/www.brebeuf.qc.ca\/secondaire\/wp-content\/uploads\/sites\/4\/2014\/09\/31-150x150.jpg\" class=\"attachment-thumbnail size-thumbnail\" alt=\"\" loading=\"lazy\" \/><\/a>\n\t\t\t<\/div><\/figure><figure class='gallery-item'>\n\t\t\t<div class='gallery-icon landscape'>\n\t\t\t\t<a href='https:\/\/www.brebeuf.qc.ca\/secondaire\/wp-content\/uploads\/sites\/4\/2014\/09\/11.jpg' title=\"1. &lt;span class=&quot;description&quot;&gt;&lt;\/span&gt;\" data-rl_title=\"1. &lt;span class=&quot;description&quot;&gt;&lt;\/span&gt;\" class=\"rl-gallery-link\" data-rl_caption=\"\" data-rel=\"lightbox-gallery-1\"><img width=\"150\" height=\"150\" src=\"https:\/\/www.brebeuf.qc.ca\/secondaire\/wp-content\/uploads\/sites\/4\/2014\/09\/11-150x150.jpg\" class=\"attachment-thumbnail size-thumbnail\" alt=\"\" loading=\"lazy\" \/><\/a>\n\t\t\t<\/div><\/figure><figure class='gallery-item'>\n\t\t\t<div class='gallery-icon landscape'>\n\t\t\t\t<a href='https:\/\/www.brebeuf.qc.ca\/secondaire\/wp-content\/uploads\/sites\/4\/2014\/09\/41.jpg' title=\"Crosse. &lt;span class=&quot;description&quot;&gt;&lt;\/span&gt;\" data-rl_title=\"Crosse. &lt;span class=&quot;description&quot;&gt;&lt;\/span&gt;\" class=\"rl-gallery-link\" data-rl_caption=\"\" data-rel=\"lightbox-gallery-1\"><img width=\"150\" height=\"150\" src=\"https:\/\/www.brebeuf.qc.ca\/secondaire\/wp-content\/uploads\/sites\/4\/2014\/09\/41-150x150.jpg\" class=\"attachment-thumbnail size-thumbnail\" alt=\"\" loading=\"lazy\" \/><\/a>\n\t\t\t<\/div><\/figure>\n\t\t<\/div>\n\n","protected":false},"excerpt":{"rendered":"<p>Pratiqu\u00e9e depuis la fondation du Coll\u00e8ge en 1928, la crosse est un sport de tradition. Tous les \u00e9l\u00e8ves s\u2019initient \u00e0 ce sport dans leurs cours d\u2019\u00e9ducation physique et ils ont \u00e9galement la chance d\u2019int\u00e9grer au printemps, une \u00e9quipe \u00e9lite inscrite&#8230;<\/p>\n","protected":false},"author":3,"featured_media":4446,"parent":64,"menu_order":0,"comment_status":"open","ping_status":"closed","template":"templates\/template-personnalisable.php","meta":{"_editorskit_title_hidden":false,"_editorskit_reading_time":0,"_editorskit_typography_data":[],"_editorskit_blocks_typography":""},"yoast_head":"<!-- This site is optimized with the Yoast SEO plugin v16.3 - https:\/\/yoast.com\/wordpress\/plugins\/seo\/ -->\n<title>La crosse \u00e9lite gar\u00e7ons - Secondaire<\/title>\n<meta name=\"robots\" content=\"index, follow, max-snippet:-1, max-image-preview:large, max-video-preview:-1\" \/>\n<link rel=\"canonical\" href=\"https:\/\/www.brebeuf.qc.ca\/secondaire\/sports-garcons\/crosse\/\" \/>\n<meta property=\"og:locale\" content=\"fr_FR\" \/>\n<meta property=\"og:type\" content=\"article\" \/>\n<meta property=\"og:title\" content=\"La crosse \u00e9lite gar\u00e7ons - Secondaire\" \/>\n<meta property=\"og:description\" content=\"Pratiqu\u00e9e depuis la fondation du Coll\u00e8ge en 1928, la crosse est un sport de tradition. Tous les \u00e9l\u00e8ves s\u2019initient \u00e0 ce sport dans leurs cours d\u2019\u00e9ducation physique et ils ont \u00e9galement la chance d\u2019int\u00e9grer au printemps, une \u00e9quipe \u00e9lite inscrite...\" \/>\n<meta property=\"og:url\" content=\"https:\/\/www.brebeuf.qc.ca\/secondaire\/sports-garcons\/crosse\/\" \/>\n<meta property=\"og:site_name\" content=\"Secondaire\" \/>\n<meta property=\"article:modified_time\" content=\"2024-08-20T16:31:44+00:00\" \/>\n<meta property=\"og:image\" content=\"https:\/\/www.brebeuf.qc.ca\/secondaire\/wp-content\/uploads\/sites\/4\/2022\/08\/lacrosse_brebeuf.jpg\" \/>\n\t<meta property=\"og:image:width\" content=\"1400\" \/>\n\t<meta property=\"og:image:height\" content=\"240\" \/>\n<meta name=\"twitter:label1\" content=\"Dur\u00e9e de lecture est.\">\n\t<meta name=\"twitter:data1\" content=\"1 minute\">\n<script type=\"application\/ld+json\" class=\"yoast-schema-graph\">{\"@context\":\"https:\/\/schema.org\",\"@graph\":[{\"@type\":\"WebSite\",\"@id\":\"https:\/\/www.brebeuf.qc.ca\/secondaire\/#website\",\"url\":\"https:\/\/www.brebeuf.qc.ca\/secondaire\/\",\"name\":\"Secondaire\",\"description\":\"Coll\\u00e8ge priv\\u00e9 | Secondaire | Coll\\u00e9gial\",\"potentialAction\":[{\"@type\":\"SearchAction\",\"target\":\"https:\/\/www.brebeuf.qc.ca\/secondaire\/?s={search_term_string}\",\"query-input\":\"required name=search_term_string\"}],\"inLanguage\":\"fr-FR\"},{\"@type\":\"ImageObject\",\"@id\":\"https:\/\/www.brebeuf.qc.ca\/secondaire\/sports-garcons\/crosse\/#primaryimage\",\"inLanguage\":\"fr-FR\",\"url\":\"https:\/\/www.brebeuf.qc.ca\/secondaire\/wp-content\/uploads\/sites\/4\/2024\/08\/Lacrosse_garcons_secondaire.png\",\"contentUrl\":\"https:\/\/www.brebeuf.qc.ca\/secondaire\/wp-content\/uploads\/sites\/4\/2024\/08\/Lacrosse_garcons_secondaire.png\",\"width\":1400,\"height\":240},{\"@type\":\"WebPage\",\"@id\":\"https:\/\/www.brebeuf.qc.ca\/secondaire\/sports-garcons\/crosse\/#webpage\",\"url\":\"https:\/\/www.brebeuf.qc.ca\/secondaire\/sports-garcons\/crosse\/\",\"name\":\"La crosse \\u00e9lite gar\\u00e7ons - Secondaire\",\"isPartOf\":{\"@id\":\"https:\/\/www.brebeuf.qc.ca\/secondaire\/#website\"},\"primaryImageOfPage\":{\"@id\":\"https:\/\/www.brebeuf.qc.ca\/secondaire\/sports-garcons\/crosse\/#primaryimage\"},\"datePublished\":\"2014-09-12T15:10:30+00:00\",\"dateModified\":\"2024-08-20T16:31:44+00:00\",\"breadcrumb\":{\"@id\":\"https:\/\/www.brebeuf.qc.ca\/secondaire\/sports-garcons\/crosse\/#breadcrumb\"},\"inLanguage\":\"fr-FR\",\"potentialAction\":[{\"@type\":\"ReadAction\",\"target\":[\"https:\/\/www.brebeuf.qc.ca\/secondaire\/sports-garcons\/crosse\/\"]}]},{\"@type\":\"BreadcrumbList\",\"@id\":\"https:\/\/www.brebeuf.qc.ca\/secondaire\/sports-garcons\/crosse\/#breadcrumb\",\"itemListElement\":[{\"@type\":\"ListItem\",\"position\":1,\"item\":{\"@type\":\"WebPage\",\"@id\":\"https:\/\/www.brebeuf.qc.ca\/secondaire\/\",\"url\":\"https:\/\/www.brebeuf.qc.ca\/secondaire\/\",\"name\":\"Home\"}},{\"@type\":\"ListItem\",\"position\":2,\"item\":{\"@type\":\"WebPage\",\"@id\":\"https:\/\/www.brebeuf.qc.ca\/secondaire\/sports-garcons\/\",\"url\":\"https:\/\/www.brebeuf.qc.ca\/secondaire\/sports-garcons\/\",\"name\":\"Sports gar\\u00e7ons\"}},{\"@type\":\"ListItem\",\"position\":3,\"item\":{\"@id\":\"https:\/\/www.brebeuf.qc.ca\/secondaire\/sports-garcons\/crosse\/#webpage\"}}]}]}<\/script>\n<!-- \/ Yoast SEO plugin. -->","_links":{"self":[{"href":"https:\/\/www.brebeuf.qc.ca\/secondaire\/wp-json\/wp\/v2\/pages\/299"}],"collection":[{"href":"https:\/\/www.brebeuf.qc.ca\/secondaire\/wp-json\/wp\/v2\/pages"}],"about":[{"href":"https:\/\/www.brebeuf.qc.ca\/secondaire\/wp-json\/wp\/v2\/types\/page"}],"author":[{"embeddable":true,"href":"https:\/\/www.brebeuf.qc.ca\/secondaire\/wp-json\/wp\/v2\/users\/3"}],"replies":[{"embeddable":true,"href":"https:\/\/www.brebeuf.qc.ca\/secondaire\/wp-json\/wp\/v2\/comments?post=299"}],"version-history":[{"count":29,"href":"https:\/\/www.brebeuf.qc.ca\/secondaire\/wp-json\/wp\/v2\/pages\/299\/revisions"}],"predecessor-version":[{"id":2641,"href":"https:\/\/www.brebeuf.qc.ca\/secondaire\/wp-json\/wp\/v2\/pages\/299\/revisions\/2641"}],"up":[{"embeddable":true,"href":"https:\/\/www.brebeuf.qc.ca\/secondaire\/wp-json\/wp\/v2\/pages\/64"}],"wp:featuredmedia":[{"embeddable":true,"href":"https:\/\/www.brebeuf.qc.ca\/secondaire\/wp-json\/wp\/v2\/media\/4446"}],"wp:attachment":[{"href":"https:\/\/www.brebeuf.qc.ca\/secondaire\/wp-json\/wp\/v2\/media?parent=299"}],"curies":[{"name":"wp","href":"https:\/\/api.w.org\/{rel}","templated":true}]}}

La crosse élite garçons

<p>Pratiquée depuis la fondation du Collège en 1928, la crosse est un sport de tradition. Tous les élèves s’initient à ce sport dans leurs cours d’éducation physique et ils ont également la chance d’intégrer au printemps, une équipe élite inscrite dans des circuits scolaires et civils. Au printemps, plus de 100 jeunes de 1<sup>re</sup> à 5<sup>e</sup> secondaire représentent le Collège dans nos équipes élites et s’entrainent sur le nouveau terrain synthétique. Nos équipes ont remporté plusieurs championnats et tournois lors des dernières années.</p>
<p>Un sport d’équipe prisé par les athlètes venant acquérir au Collège, une formation académique de haut niveau et désirant se dépasser au niveau sportif !</p>
<p><strong>Responsable de la Crosse élite</strong></p>
<ul>
<li><strong>Frédéric Gingras</strong></li>
<li>Tél. : 514-342-9342 poste 5884</li>
<li><a href="mailto:frederic.gingras@brebeuf.qc.ca">frederic.gingras@brebeuf.qc.ca</a></li>
</ul>
<div id='gallery-1' class='gallery galleryid-299 gallery-columns-3 gallery-size-thumbnail'><figure class='gallery-item'>
			<div class='gallery-icon landscape'>
				<a href='https://www.brebeuf.qc.ca/secondaire/wp-content/uploads/sites/4/2014/09/21.jpg' title="Crosse. &lt;span class=&quot;description&quot;&gt;&lt;/span&gt;" data-rl_title="Crosse. &lt;span class=&quot;description&quot;&gt;&lt;/span&gt;" class="rl-gallery-link" data-rl_caption="" data-rel="lightbox-gallery-1"><img width="150" height="150" src="https://www.brebeuf.qc.ca/secondaire/wp-content/uploads/sites/4/2014/09/21-150x150.jpg" class="attachment-thumbnail size-thumbnail" alt="" loading="lazy" /></a>
			</div></figure><figure class='gallery-item'>
			<div class='gallery-icon landscape'>
				<a href='https://www.brebeuf.qc.ca/secondaire/wp-content/uploads/sites/4/2014/09/31.jpg' title="Crosse. &lt;span class=&quot;description&quot;&gt;&lt;/span&gt;" data-rl_title="Crosse. &lt;span class=&quot;description&quot;&gt;&lt;/span&gt;" class="rl-gallery-link" data-rl_caption="" data-rel="lightbox-gallery-1"><img width="150" height="150" src="https://www.brebeuf.qc.ca/secondaire/wp-content/uploads/sites/4/2014/09/31-150x150.jpg" class="attachment-thumbnail size-thumbnail" alt="" loading="lazy" /></a>
			</div></figure><figure class='gallery-item'>
			<div class='gallery-icon landscape'>
				<a href='https://www.brebeuf.qc.ca/secondaire/wp-content/uploads/sites/4/2014/09/11.jpg' title="1. &lt;span class=&quot;description&quot;&gt;&lt;/span&gt;" data-rl_title="1. &lt;span class=&quot;description&quot;&gt;&lt;/span&gt;" class="rl-gallery-link" data-rl_caption="" data-rel="lightbox-gallery-1"><img width="150" height="150" src="https://www.brebeuf.qc.ca/secondaire/wp-content/uploads/sites/4/2014/09/11-150x150.jpg" class="attachment-thumbnail size-thumbnail" alt="" loading="lazy" /></a>
			</div></figure><figure class='gallery-item'>
			<div class='gallery-icon landscape'>
				<a href='https://www.brebeuf.qc.ca/secondaire/wp-content/uploads/sites/4/2014/09/41.jpg' title="Crosse. &lt;span class=&quot;description&quot;&gt;&lt;/span&gt;" data-rl_title="Crosse. &lt;span class=&quot;description&quot;&gt;&lt;/span&gt;" class="rl-gallery-link" data-rl_caption="" data-rel="lightbox-gallery-1"><img width="150" height="150" src="https://www.brebeuf.qc.ca/secondaire/wp-content/uploads/sites/4/2014/09/41-150x150.jpg" class="attachment-thumbnail size-thumbnail" alt="" loading="lazy" /></a>
			</div></figure>
		</div>

<p>Pratiquée depuis la fondation du Collège en 1928, la crosse est un sport de tradition. Tous les élèves s’initient à ce sport dans leurs cours d’éducation physique et ils ont également la chance d’intégrer au printemps, une équipe élite inscrite&#8230;</p>

<!-- This site is optimized with the Yoast SEO plugin v16.3 - https://yoast.com/wordpress/plugins/seo/ -->
<title>La crosse élite garçons - Secondaire</title>
<meta name="robots" content="index, follow, max-snippet:-1, max-image-preview:large, max-video-preview:-1" />
<link rel="canonical" href="https://www.brebeuf.qc.ca/secondaire/sports-garcons/crosse/" />
<meta property="og:locale" content="fr_FR" />
<meta property="og:type" content="article" />
<meta property="og:title" content="La crosse élite garçons - Secondaire" />
<meta property="og:description" content="Pratiquée depuis la fondation du Collège en 1928, la crosse est un sport de tradition. Tous les élèves s’initient à ce sport dans leurs cours d’éducation physique et ils ont également la chance d’intégrer au printemps, une équipe élite inscrite..." />
<meta property="og:url" content="https://www.brebeuf.qc.ca/secondaire/sports-garcons/crosse/" />
<meta property="og:site_name" content="Secondaire" />
<meta property="article:modified_time" content="2024-08-20T16:31:44+00:00" />
<meta property="og:image" content="https://www.brebeuf.qc.ca/secondaire/wp-content/uploads/sites/4/2022/08/lacrosse_brebeuf.jpg" />
	<meta property="og:image:width" content="1400" />
	<meta property="og:image:height" content="240" />
<meta name="twitter:label1" content="Durée de lecture est.">
	<meta name="twitter:data1" content="1 minute">
<script type="application/ld+json" class="yoast-schema-graph">{"@context":"https://schema.org","@graph":[{"@type":"WebSite","@id":"https://www.brebeuf.qc.ca/secondaire/#website","url":"https://www.brebeuf.qc.ca/secondaire/","name":"Secondaire","description":"Coll\u00e8ge priv\u00e9 | Secondaire | Coll\u00e9gial","potentialAction":[{"@type":"SearchAction","target":"https://www.brebeuf.qc.ca/secondaire/?s={search_term_string}","query-input":"required name=search_term_string"}],"inLanguage":"fr-FR"},{"@type":"ImageObject","@id":"https://www.brebeuf.qc.ca/secondaire/sports-garcons/crosse/#primaryimage","inLanguage":"fr-FR","url":"https://www.brebeuf.qc.ca/secondaire/wp-content/uploads/sites/4/2024/08/Lacrosse_garcons_secondaire.png","contentUrl":"https://www.brebeuf.qc.ca/secondaire/wp-content/uploads/sites/4/2024/08/Lacrosse_garcons_secondaire.png","width":1400,"height":240},{"@type":"WebPage","@id":"https://www.brebeuf.qc.ca/secondaire/sports-garcons/crosse/#webpage","url":"https://www.brebeuf.qc.ca/secondaire/sports-garcons/crosse/","name":"La crosse \u00e9lite gar\u00e7ons - Secondaire","isPartOf":{"@id":"https://www.brebeuf.qc.ca/secondaire/#website"},"primaryImageOfPage":{"@id":"https://www.brebeuf.qc.ca/secondaire/sports-garcons/crosse/#primaryimage"},"datePublished":"2014-09-12T15:10:30+00:00","dateModified":"2024-08-20T16:31:44+00:00","breadcrumb":{"@id":"https://www.brebeuf.qc.ca/secondaire/sports-garcons/crosse/#breadcrumb"},"inLanguage":"fr-FR","potentialAction":[{"@type":"ReadAction","target":["https://www.brebeuf.qc.ca/secondaire/sports-garcons/crosse/"]}]},{"@type":"BreadcrumbList","@id":"https://www.brebeuf.qc.ca/secondaire/sports-garcons/crosse/#breadcrumb","itemListElement":[{"@type":"ListItem","position":1,"item":{"@type":"WebPage","@id":"https://www.brebeuf.qc.ca/secondaire/","url":"https://www.brebeuf.qc.ca/secondaire/","name":"Home"}},{"@type":"ListItem","position":2,"item":{"@type":"WebPage","@id":"https://www.brebeuf.qc.ca/secondaire/sports-garcons/","url":"https://www.brebeuf.qc.ca/secondaire/sports-garcons/","name":"Sports gar\u00e7ons"}},{"@type":"ListItem","position":3,"item":{"@id":"https://www.brebeuf.qc.ca/secondaire/sports-garcons/crosse/#webpage"}}]}]}</script>
<!-- / Yoast SEO plugin. -->
