{"id":2591,"date":"2021-06-10T19:07:12","date_gmt":"2021-06-10T19:07:12","guid":{"rendered":"https:\/\/www.brebeuf.qc.ca\/secondaire\/?page_id=2591"},"modified":"2026-02-11T14:32:06","modified_gmt":"2026-02-11T14:32:06","slug":"sport-monde-eleve-athlete","status":"publish","type":"page","link":"https:\/\/www.brebeuf.qc.ca\/secondaire\/sport-monde-eleve-athlete\/","title":{"rendered":"Sport et monde"},"content":{"rendered":"\n<figure class=\"wp-block-embed is-type-video is-provider-youtube wp-block-embed-youtube wp-embed-aspect-16-9 wp-has-aspect-ratio\"><div class=\"wp-block-embed__wrapper\">\n<iframe loading=\"lazy\" title=\"L&#039;option Sport et monde\" width=\"1140\" height=\"641\" src=\"https:\/\/www.youtube.com\/embed\/QBJIrZm_Oj4?feature=oembed\" frameborder=\"0\" allow=\"accelerometer; autoplay; clipboard-write; encrypted-media; gyroscope; picture-in-picture; web-share\" referrerpolicy=\"strict-origin-when-cross-origin\" allowfullscreen><\/iframe>\n<\/div><\/figure>\n\n\n<p>L&rsquo;option <strong>Sport et monde<\/strong> est un programme d\u2019\u00e9ducation physique adapt\u00e9 et bonifi\u00e9 pour les \u00e9l\u00e8ves-athl\u00e8tes. Le programme d\u00e9veloppe les habilet\u00e9s physiques et psychologiques li\u00e9es \u00e0 la pratique sportive. Un volet de culture g\u00e9n\u00e9rale diversifi\u00e9 \u00e9largit et enrichit la formation.<\/p>\n<p>L&rsquo;option Sport et monde s\u2019adresse aux filles et aux gar\u00e7ons qui pr\u00e9sentent un bon potentiel athl\u00e9tique, sans n\u00e9cessairement se destiner \u00e0 une carri\u00e8re olympique. Tous les sports sont pratiqu\u00e9s dans des installations sportives modernes : gymnases, salle d\u2019entra\u00eenement et terrain synth\u00e9tique ext\u00e9rieur. Les \u00e9l\u00e8ves-athl\u00e8tes sont encadr\u00e9s par nos enseignant.e.s en \u00e9ducation physique.<\/p>\n<p>\u00a0<\/p>\n<h2><span id=\"Les_caracteristiques_de_Sport_et_monde\">Les caract\u00e9ristiques de Sport et monde<\/span><\/h2>\n<ul>\n<li>Offre une vari\u00e9t\u00e9 de sports \u00e0 pratiquer, entre autres des sports collectifs comme le basketball, le hockey, le volleyball, le soccer ext\u00e9rieur, le flag-football et la crosse, ainsi que des sports individuels comme l&rsquo;escrime, l&rsquo;athl\u00e9tisme, le tennis ou la gymnastique.<\/li>\n<li>Permet de perfectionner ses habilet\u00e9s physiques, psychologiques, tactiques et techniques en assurant une excellente pr\u00e9paration aux \u00e9tudes coll\u00e9giales et universitaires.<\/li>\n<li>Permet d\u2019approfondir ou de toucher des th\u00e8mes compl\u00e9mentaires tels la nutrition, les blessures, l\u2019\u00e9quipement, etc. Des conf\u00e9rences et des sorties de classe sp\u00e9cifiques soutiennent l\u2019int\u00e9gration de ces notions.<\/li>\n<li>Comporte le m\u00eame nombre de cours que les deux autres options, mais permet \u00e0 l\u2019\u00e9l\u00e8ve de suivre plus de cours d\u2019\u00e9ducation physique et \u00e0 la sant\u00e9.<\/li>\n<\/ul>\n<p>Rien n\u2019est laiss\u00e9 au hasard quand il s\u2019agit de canaliser le potentiel d\u2019\u00e9l\u00e8ves voulant se donner \u00e0 fond dans les sports!<\/p>\n<h2><span id=\"La_culture_generale_bonifiee\">La culture g\u00e9n\u00e9rale bonifi\u00e9e<\/span><\/h2>\n<p>L&rsquo;option Sport et monde bonifie la dimension culture g\u00e9n\u00e9rale avec trois cours :<\/p>\n<ul>\n<li><strong>Civilisation gr\u00e9co-romaine <\/strong>: \u00e9tudier les r\u00e9alisations marquantes de la civilisation occidentale;<\/li>\n<li><strong>Arts d\u2019interpr\u00e9tation : <\/strong>enrichir la ma\u00eetrise de la langue parl\u00e9e \u00e0 travers tous types de performances verbales, entre autres le th\u00e9\u00e2tre, l&rsquo;improvisation, la rh\u00e9torique et le d\u00e9bat;<\/li>\n<li><strong>Histoire de la langue fran\u00e7aise et francophonie contemporaine<\/strong> : examiner comment le fran\u00e7ais s&rsquo;est d\u00e9velopp\u00e9 au fil des si\u00e8cles, tout en se diffusant en Europe et dans le reste du monde, et d\u00e9couvrir les cultures et institutions francophones contemporaines.<\/li>\n<\/ul>\n<h2><span id=\"Les_cours_de_lrsquooption_Sport_et_monde\">Les cours de l&rsquo;option Sport et monde<\/span><\/h2>\n<p><strong>Cours d\u2019\u00e9ducation physique de la 1re \u00e0 la 4e secondaire<\/strong> : 4 p\u00e9riodes par ann\u00e9e<\/p>\n<p><strong>Cours suppl\u00e9mentaires<\/strong><\/p>\n<ul>\n<li>Civilisation gr\u00e9co-romaine : 1 p\u00e9riode en 2e secondaire<\/li>\n<li>Arts d\u2019interpr\u00e9tation : 2 p\u00e9riodes en 3e secondaire<\/li>\n<li>Histoire de la langue fran\u00e7aise et francophonie contemporaine : 1 p\u00e9riode en 4e secondaire<\/li>\n<\/ul><div id=\"toc_container\" class=\"no_bullets\"><p class=\"toc_title\">Sommaire<\/p><ul class=\"toc_list\"><li><a href=\"#Les_caracteristiques_de_Sport_et_monde\">Les caract\u00e9ristiques de Sport et monde<\/a><\/li><li><a href=\"#La_culture_generale_bonifiee\">La culture g\u00e9n\u00e9rale bonifi\u00e9e<\/a><\/li><li><a href=\"#Les_cours_de_lrsquooption_Sport_et_monde\">Les cours de l&rsquo;option Sport et monde<\/a><\/li><\/ul><\/div>\n","protected":false},"excerpt":{"rendered":"<p>L&rsquo;option Sport et monde est un programme d\u2019\u00e9ducation physique adapt\u00e9 et bonifi\u00e9 pour les \u00e9l\u00e8ves-athl\u00e8tes. Le programme d\u00e9veloppe les habilet\u00e9s physiques et psychologiques li\u00e9es \u00e0 la pratique sportive. Un volet de culture g\u00e9n\u00e9rale diversifi\u00e9 \u00e9largit et enrichit la formation. L&rsquo;option&#8230;<\/p>\n","protected":false},"author":45,"featured_media":-1,"parent":0,"menu_order":2,"comment_status":"closed","ping_status":"closed","template":"templates\/template-programme-v2.php","meta":{"_editorskit_title_hidden":false,"_editorskit_reading_time":1,"_editorskit_typography_data":[],"_editorskit_blocks_typography":""},"yoast_head":"<!-- This site is optimized with the Yoast SEO plugin v16.3 - https:\/\/yoast.com\/wordpress\/plugins\/seo\/ -->\n<title>Sport et monde - Secondaire<\/title>\n<meta name=\"robots\" content=\"index, follow, max-snippet:-1, max-image-preview:large, max-video-preview:-1\" \/>\n<link rel=\"canonical\" href=\"https:\/\/www.brebeuf.qc.ca\/secondaire\/sport-monde-eleve-athlete\/\" \/>\n<meta property=\"og:locale\" content=\"fr_FR\" \/>\n<meta property=\"og:type\" content=\"article\" \/>\n<meta property=\"og:title\" content=\"Sport et monde - Secondaire\" \/>\n<meta property=\"og:description\" content=\"L&rsquo;option Sport et monde est un programme d\u2019\u00e9ducation physique adapt\u00e9 et bonifi\u00e9 pour les \u00e9l\u00e8ves-athl\u00e8tes. Le programme d\u00e9veloppe les habilet\u00e9s physiques et psychologiques li\u00e9es \u00e0 la pratique sportive. Un volet de culture g\u00e9n\u00e9rale diversifi\u00e9 \u00e9largit et enrichit la formation. L&rsquo;option...\" \/>\n<meta property=\"og:url\" content=\"https:\/\/www.brebeuf.qc.ca\/secondaire\/sport-monde-eleve-athlete\/\" \/>\n<meta property=\"og:site_name\" content=\"Secondaire\" \/>\n<meta property=\"article:modified_time\" content=\"2026-02-11T14:32:06+00:00\" \/>\n<meta name=\"twitter:label1\" content=\"Dur\u00e9e de lecture est.\">\n\t<meta name=\"twitter:data1\" content=\"2 minutes\">\n<script type=\"application\/ld+json\" class=\"yoast-schema-graph\">{\"@context\":\"https:\/\/schema.org\",\"@graph\":[{\"@type\":\"WebSite\",\"@id\":\"https:\/\/www.brebeuf.qc.ca\/secondaire\/#website\",\"url\":\"https:\/\/www.brebeuf.qc.ca\/secondaire\/\",\"name\":\"Secondaire\",\"description\":\"Coll\\u00e8ge priv\\u00e9 | Secondaire | Coll\\u00e9gial\",\"potentialAction\":[{\"@type\":\"SearchAction\",\"target\":\"https:\/\/www.brebeuf.qc.ca\/secondaire\/?s={search_term_string}\",\"query-input\":\"required name=search_term_string\"}],\"inLanguage\":\"fr-FR\"},{\"@type\":\"ImageObject\",\"@id\":\"https:\/\/www.brebeuf.qc.ca\/secondaire\/sport-monde-eleve-athlete\/#primaryimage\",\"inLanguage\":\"fr-FR\",\"url\":\"\",\"contentUrl\":\"\"},{\"@type\":\"WebPage\",\"@id\":\"https:\/\/www.brebeuf.qc.ca\/secondaire\/sport-monde-eleve-athlete\/#webpage\",\"url\":\"https:\/\/www.brebeuf.qc.ca\/secondaire\/sport-monde-eleve-athlete\/\",\"name\":\"Sport et monde - Secondaire\",\"isPartOf\":{\"@id\":\"https:\/\/www.brebeuf.qc.ca\/secondaire\/#website\"},\"primaryImageOfPage\":{\"@id\":\"https:\/\/www.brebeuf.qc.ca\/secondaire\/sport-monde-eleve-athlete\/#primaryimage\"},\"datePublished\":\"2021-06-10T19:07:12+00:00\",\"dateModified\":\"2026-02-11T14:32:06+00:00\",\"breadcrumb\":{\"@id\":\"https:\/\/www.brebeuf.qc.ca\/secondaire\/sport-monde-eleve-athlete\/#breadcrumb\"},\"inLanguage\":\"fr-FR\",\"potentialAction\":[{\"@type\":\"ReadAction\",\"target\":[\"https:\/\/www.brebeuf.qc.ca\/secondaire\/sport-monde-eleve-athlete\/\"]}]},{\"@type\":\"BreadcrumbList\",\"@id\":\"https:\/\/www.brebeuf.qc.ca\/secondaire\/sport-monde-eleve-athlete\/#breadcrumb\",\"itemListElement\":[{\"@type\":\"ListItem\",\"position\":1,\"item\":{\"@type\":\"WebPage\",\"@id\":\"https:\/\/www.brebeuf.qc.ca\/secondaire\/\",\"url\":\"https:\/\/www.brebeuf.qc.ca\/secondaire\/\",\"name\":\"Home\"}},{\"@type\":\"ListItem\",\"position\":2,\"item\":{\"@id\":\"https:\/\/www.brebeuf.qc.ca\/secondaire\/sport-monde-eleve-athlete\/#webpage\"}}]}]}<\/script>\n<!-- \/ Yoast SEO plugin. -->","_links":{"self":[{"href":"https:\/\/www.brebeuf.qc.ca\/secondaire\/wp-json\/wp\/v2\/pages\/2591"}],"collection":[{"href":"https:\/\/www.brebeuf.qc.ca\/secondaire\/wp-json\/wp\/v2\/pages"}],"about":[{"href":"https:\/\/www.brebeuf.qc.ca\/secondaire\/wp-json\/wp\/v2\/types\/page"}],"author":[{"embeddable":true,"href":"https:\/\/www.brebeuf.qc.ca\/secondaire\/wp-json\/wp\/v2\/users\/45"}],"replies":[{"embeddable":true,"href":"https:\/\/www.brebeuf.qc.ca\/secondaire\/wp-json\/wp\/v2\/comments?post=2591"}],"version-history":[{"count":31,"href":"https:\/\/www.brebeuf.qc.ca\/secondaire\/wp-json\/wp\/v2\/pages\/2591\/revisions"}],"predecessor-version":[{"id":5243,"href":"https:\/\/www.brebeuf.qc.ca\/secondaire\/wp-json\/wp\/v2\/pages\/2591\/revisions\/5243"}],"wp:featuredmedia":[{"embeddable":true,"href":"https:\/\/www.brebeuf.qc.ca\/secondaire\/wp-json\/wp\/v2\/media\/-1"}],"wp:attachment":[{"href":"https:\/\/www.brebeuf.qc.ca\/secondaire\/wp-json\/wp\/v2\/media?parent=2591"}],"curies":[{"name":"wp","href":"https:\/\/api.w.org\/{rel}","templated":true}]}}

<figure class="wp-block-embed is-type-video is-provider-youtube wp-block-embed-youtube wp-embed-aspect-16-9 wp-has-aspect-ratio"><div class="wp-block-embed__wrapper">
<iframe loading="lazy" title="L&#039;option Sport et monde" width="1140" height="641" src="https://www.youtube.com/embed/QBJIrZm_Oj4?feature=oembed" frameborder="0" allow="accelerometer; autoplay; clipboard-write; encrypted-media; gyroscope; picture-in-picture; web-share" referrerpolicy="strict-origin-when-cross-origin" allowfullscreen></iframe>
</div></figure>


<p>L&rsquo;option <strong>Sport et monde</strong> est un programme d’éducation physique adapté et bonifié pour les élèves-athlètes. Le programme développe les habiletés physiques et psychologiques liées à la pratique sportive. Un volet de culture générale diversifié élargit et enrichit la formation.</p>
<p>L&rsquo;option Sport et monde s’adresse aux filles et aux garçons qui présentent un bon potentiel athlétique, sans nécessairement se destiner à une carrière olympique. Tous les sports sont pratiqués dans des installations sportives modernes : gymnases, salle d’entraînement et terrain synthétique extérieur. Les élèves-athlètes sont encadrés par nos enseignant.e.s en éducation physique.</p>
<p> </p>
<h2><span id="Les_caracteristiques_de_Sport_et_monde">Les caractéristiques de Sport et monde</span></h2>
<ul>
<li>Offre une variété de sports à pratiquer, entre autres des sports collectifs comme le basketball, le hockey, le volleyball, le soccer extérieur, le flag-football et la crosse, ainsi que des sports individuels comme l&rsquo;escrime, l&rsquo;athlétisme, le tennis ou la gymnastique.</li>
<li>Permet de perfectionner ses habiletés physiques, psychologiques, tactiques et techniques en assurant une excellente préparation aux études collégiales et universitaires.</li>
<li>Permet d’approfondir ou de toucher des thèmes complémentaires tels la nutrition, les blessures, l’équipement, etc. Des conférences et des sorties de classe spécifiques soutiennent l’intégration de ces notions.</li>
<li>Comporte le même nombre de cours que les deux autres options, mais permet à l’élève de suivre plus de cours d’éducation physique et à la santé.</li>
</ul>
<p>Rien n’est laissé au hasard quand il s’agit de canaliser le potentiel d’élèves voulant se donner à fond dans les sports!</p>
<h2><span id="La_culture_generale_bonifiee">La culture générale bonifiée</span></h2>
<p>L&rsquo;option Sport et monde bonifie la dimension culture générale avec trois cours :</p>
<ul>
<li><strong>Civilisation gréco-romaine </strong>: étudier les réalisations marquantes de la civilisation occidentale;</li>
<li><strong>Arts d’interprétation : </strong>enrichir la maîtrise de la langue parlée à travers tous types de performances verbales, entre autres le théâtre, l&rsquo;improvisation, la rhétorique et le débat;</li>
<li><strong>Histoire de la langue française et francophonie contemporaine</strong> : examiner comment le français s&rsquo;est développé au fil des siècles, tout en se diffusant en Europe et dans le reste du monde, et découvrir les cultures et institutions francophones contemporaines.</li>
</ul>
<h2><span id="Les_cours_de_lrsquooption_Sport_et_monde">Les cours de l&rsquo;option Sport et monde</span></h2>
<p><strong>Cours d’éducation physique de la 1re à la 4e secondaire</strong> : 4 périodes par année</p>
<p><strong>Cours supplémentaires</strong></p>
<ul>
<li>Civilisation gréco-romaine : 1 période en 2e secondaire</li>
<li>Arts d’interprétation : 2 périodes en 3e secondaire</li>
<li>Histoire de la langue française et francophonie contemporaine : 1 période en 4e secondaire</li>
</ul><div id="toc_container" class="no_bullets"><p class="toc_title">Sommaire</p><ul class="toc_list"><li><a href="#Les_caracteristiques_de_Sport_et_monde">Les caractéristiques de Sport et monde</a></li><li><a href="#La_culture_generale_bonifiee">La culture générale bonifiée</a></li><li><a href="#Les_cours_de_lrsquooption_Sport_et_monde">Les cours de l&rsquo;option Sport et monde</a></li></ul></div>

<p>L&rsquo;option Sport et monde est un programme d’éducation physique adapté et bonifié pour les élèves-athlètes. Le programme développe les habiletés physiques et psychologiques liées à la pratique sportive. Un volet de culture générale diversifié élargit et enrichit la formation. L&rsquo;option&#8230;</p>

<!-- This site is optimized with the Yoast SEO plugin v16.3 - https://yoast.com/wordpress/plugins/seo/ -->
<title>Sport et monde - Secondaire</title>
<meta name="robots" content="index, follow, max-snippet:-1, max-image-preview:large, max-video-preview:-1" />
<link rel="canonical" href="https://www.brebeuf.qc.ca/secondaire/sport-monde-eleve-athlete/" />
<meta property="og:locale" content="fr_FR" />
<meta property="og:type" content="article" />
<meta property="og:title" content="Sport et monde - Secondaire" />
<meta property="og:description" content="L&rsquo;option Sport et monde est un programme d’éducation physique adapté et bonifié pour les élèves-athlètes. Le programme développe les habiletés physiques et psychologiques liées à la pratique sportive. Un volet de culture générale diversifié élargit et enrichit la formation. L&rsquo;option..." />
<meta property="og:url" content="https://www.brebeuf.qc.ca/secondaire/sport-monde-eleve-athlete/" />
<meta property="og:site_name" content="Secondaire" />
<meta property="article:modified_time" content="2026-02-11T14:32:06+00:00" />
<meta name="twitter:label1" content="Durée de lecture est.">
	<meta name="twitter:data1" content="2 minutes">
<script type="application/ld+json" class="yoast-schema-graph">{"@context":"https://schema.org","@graph":[{"@type":"WebSite","@id":"https://www.brebeuf.qc.ca/secondaire/#website","url":"https://www.brebeuf.qc.ca/secondaire/","name":"Secondaire","description":"Coll\u00e8ge priv\u00e9 | Secondaire | Coll\u00e9gial","potentialAction":[{"@type":"SearchAction","target":"https://www.brebeuf.qc.ca/secondaire/?s={search_term_string}","query-input":"required name=search_term_string"}],"inLanguage":"fr-FR"},{"@type":"ImageObject","@id":"https://www.brebeuf.qc.ca/secondaire/sport-monde-eleve-athlete/#primaryimage","inLanguage":"fr-FR","url":"","contentUrl":""},{"@type":"WebPage","@id":"https://www.brebeuf.qc.ca/secondaire/sport-monde-eleve-athlete/#webpage","url":"https://www.brebeuf.qc.ca/secondaire/sport-monde-eleve-athlete/","name":"Sport et monde - Secondaire","isPartOf":{"@id":"https://www.brebeuf.qc.ca/secondaire/#website"},"primaryImageOfPage":{"@id":"https://www.brebeuf.qc.ca/secondaire/sport-monde-eleve-athlete/#primaryimage"},"datePublished":"2021-06-10T19:07:12+00:00","dateModified":"2026-02-11T14:32:06+00:00","breadcrumb":{"@id":"https://www.brebeuf.qc.ca/secondaire/sport-monde-eleve-athlete/#breadcrumb"},"inLanguage":"fr-FR","potentialAction":[{"@type":"ReadAction","target":["https://www.brebeuf.qc.ca/secondaire/sport-monde-eleve-athlete/"]}]},{"@type":"BreadcrumbList","@id":"https://www.brebeuf.qc.ca/secondaire/sport-monde-eleve-athlete/#breadcrumb","itemListElement":[{"@type":"ListItem","position":1,"item":{"@type":"WebPage","@id":"https://www.brebeuf.qc.ca/secondaire/","url":"https://www.brebeuf.qc.ca/secondaire/","name":"Home"}},{"@type":"ListItem","position":2,"item":{"@id":"https://www.brebeuf.qc.ca/secondaire/sport-monde-eleve-athlete/#webpage"}}]}]}</script>
<!-- / Yoast SEO plugin. -->
