{"id":2571,"date":"2021-06-10T19:04:28","date_gmt":"2021-06-10T19:04:28","guid":{"rendered":"https:\/\/www.brebeuf.qc.ca\/secondaire\/?page_id=2571"},"modified":"2026-01-08T15:43:40","modified_gmt":"2026-01-08T15:43:40","slug":"cursus-valeurs-humanistes-engagement-communautaire","status":"publish","type":"page","link":"https:\/\/www.brebeuf.qc.ca\/secondaire\/cursus-valeurs-humanistes-engagement-communautaire\/","title":{"rendered":"Le cursus Br\u00e9beuf"},"content":{"rendered":"<h2><span id=\"Le_cursus_Brebeuf_au_secondaire_est_enrichi_pour_tous_les_eleves\">Le cursus Br\u00e9beuf au secondaire est enrichi pour tous les \u00e9l\u00e8ves.<\/span><\/h2>\n<p>Les \u00e9l\u00e8ves du secondaire au Coll\u00e8ge Br\u00e9beuf suivent tous les m\u00eames cours, \u00ab le tronc commun \u00bb, \u00e0 l\u2019exception des cours sp\u00e9cifiques \u00e0 leur option. Ce <strong>cursus Br\u00e9beuf <\/strong>enrichi pour tous constitue la plus grande force d&rsquo;attrait du Coll\u00e8ge. Par choix p\u00e9dagogique, les filles et les gar\u00e7ons suivent leurs cours s\u00e9par\u00e9ment de la 1re \u00e0 la 4e secondaire.<\/p>\n<p>Les <strong>valeurs humanistes<\/strong> au c\u0153ur du <strong><a href=\"https:\/\/www.brebeuf.qc.ca\/collegial\/wp-content\/uploads\/sites\/2\/2024\/10\/PEB_21oct-1.pdf\">projet \u00e9ducatif<\/a><\/strong> supportent le cursus et l\u2019enseignement au quotidien. Elles sont connues, comprises et transmises par tout le personnel du Coll\u00e8ge, enseignant et non enseignant. Concr\u00e8tement, des activit\u00e9s incitent les \u00e9l\u00e8ves \u00e0 reconna\u00eetre leurs qualit\u00e9s humaines et leurs talents. Elles leur donnent l\u2019occasion de se mettre au service des autres. Dans ce cadre, l&rsquo;<strong>engagement communautaire<\/strong> fait partie int\u00e9grante de l&rsquo;apprentissage et est obligatoire pour tous les \u00e9l\u00e8ves.<\/p>\n<p>Enfin, notre offre p\u00e9dagogique se conforme aux <a href=\"https:\/\/www.brebeuf.qc.ca\/le-college\/grandes-orientations-strategiques-college-brebeuf\/\" target=\"_blank\" rel=\"noopener\">quatre grandes orientations strat\u00e9giques<\/a> du Coll\u00e8ge :<\/p>\n<ol>\n<li>Nos racines<\/li>\n<li>Notre ouverture<\/li>\n<li>Notre milieu de vie<\/li>\n<li>Notre \u00e9coresponsabilit\u00e9<\/li>\n<\/ol>\n\n\n<div class=\"wp-block-buttons\">\n<div class=\"wp-block-button\"><a class=\"wp-block-button__link\" href=\"https:\/\/www.brebeuf.qc.ca\/collegial\/wp-content\/uploads\/sites\/2\/2024\/10\/PEB_21oct-1.pdf\">Projet \u00e9ducatif Br\u00e9beuf<\/a><\/div>\n<\/div>\n\n\n\n<h2><span id=\"Les_nouveautes_du_cursus\">Les nouveaut\u00e9s du cursus<\/span><\/h2>\n\n\n\n<ol><li>L&rsquo;offre p\u00e9dagogique est maintenant sym\u00e9trique pour les filles et les gar\u00e7ons avec l&rsquo;ajout de l&rsquo;option <em>Sport et monde<\/em> pour les filles<\/li><li>Les groupes sont d\u00e9cloisonn\u00e9s : chaque groupe sera compos\u00e9 d\u2019\u00e9l\u00e8ves provenant des trois options<\/li><li>Un cours centr\u00e9 sur l\u2019engagement et les valeurs du Coll\u00e8ge sera donn\u00e9 pour tous les \u00e9l\u00e8ves de 1re secondaire<\/li><li>L&rsquo;offre sportive est accrue pour tous les \u00e9l\u00e8ves<\/li><\/ol>\n\n\n\n<h2><span id=\"Les_principales_disciplines_du_cursus\">Les principales disciplines du cursus<\/span><\/h2>\n\n\n\n<ul><li>Anglais, art, \u00e9thique et culture religieuse, \u00e9ducation physique, fran\u00e7ais et math\u00e9matiques (1re \u00e0 5e secondaire)<\/li><li>Science et technologie (1re \u00e0 4e secondaire)<\/li><li>G\u00e9ographie\/histoire (1re et 2e secondaire), histoire du Qu\u00e9bec (3e et 4e secondaire), monde contemporain et \u00e9ducation financi\u00e8re (5e secondaire)<\/li><li>\u00c9ducation \u00e0 l&rsquo;utilisation des outils technologiques<\/li><\/ul>\n\n\n\n<h2><span id=\"Un_cursus_bonifie\">Un cursus bonifi\u00e9<\/span><\/h2>\n\n\n\n<p>Le cursus est bonifi\u00e9 avec un\u00a0<strong>enrichissement\u00a0<\/strong>en fran\u00e7ais et en anglais de la 1re \u00e0 la 5e secondaire, plusieurs conf\u00e9rences activit\u00e9s-phares pour chaque option, secondaire, l\u2019offre d\u2019un\u00a0<strong>projet\u00a0citoyen<\/strong>\u00a0en 5e secondaire et sanctionn\u00e9 par le minist\u00e8re de l\u2019\u00c9ducation et des<strong>\u00a0projets\u00a0interdisciplinaires<\/strong>\u00a0de 1re \u00e0 5e secondaire.<\/p>\n\n\n\n<h2><span id=\"Lrsquoengagement_Brebeuf_au_coeur_du_cursus\">L&rsquo;engagement Br\u00e9beuf au c\u0153ur du cursus<\/span><\/h2>\n\n\n\n<p>L\u2019objectif est d\u2019offrir aux \u00e9l\u00e8ves une \u00e9ducation \u00e0 la citoyennet\u00e9 mondiale ancr\u00e9e dans notre tradition j\u00e9suite. \u00c0 travers une s\u00e9rie d\u2019ateliers interactifs, de conf\u00e9rences et d\u2019activit\u00e9s de b\u00e9n\u00e9volat, le Coll\u00e8ge Br\u00e9beuf forme des citoyens et citoyennes engag\u00e9s pour la justice sociale et la protection de l\u2019environnement.<\/p>\n\n\n\n<p>Cet engagement comporte 3 th\u00e9matiques&nbsp;:<\/p>\n\n\n\n<ol><li>L\u2019h\u00e9ritage humaniste et l\u2019engagement communautaire<\/li><li>La solidarit\u00e9 humaine<\/li><li>L\u2019\u00e9coresponsabilit\u00e9<\/li><\/ol>\n\n\n\n<h2><span id=\"Trois_options_viennent_sajouter_au_cursus\">Trois options viennent s\u2019ajouter au cursus<\/span><\/h2>\n\n\n\n<ul><li><a href=\"https:\/\/www.brebeuf.qc.ca\/secondaire\/espagnol-monde-histoire-hispanique\/\"><strong>Espagnol et monde<\/strong><\/a> offre \u00e0 l\u2019\u00e9l\u00e8ve un approfondissement des structures linguistiques gr\u00e2ce \u00e0 l\u2019\u00e9tude de la grammaire et du vocabulaire de l\u2019espagnol. Cette option comprend l\u2019\u00e9tude de l\u2019histoire et de la soci\u00e9t\u00e9 hispanique et latino-am\u00e9ricaine.<\/li><li><a href=\"https:\/\/www.brebeuf.qc.ca\/secondaire\/sport-monde-eleve-athlete\/\"><strong>Sport et monde<\/strong><\/a> est un programme d\u2019\u00e9ducation physique adapt\u00e9 et bonifi\u00e9 pour les \u00e9l\u00e8ves-athl\u00e8tes. Il d\u00e9veloppe les habilet\u00e9s physiques et psychologiques li\u00e9es \u00e0 la pratique sportive. Un volet de culture g\u00e9n\u00e9rale diversifi\u00e9 \u00e9largit et enrichit la formation.<\/li><li><a href=\"https:\/\/www.brebeuf.qc.ca\/secondaire\/latin-monde-histoire-civilisation\/\"><strong>Latin et monde<\/strong><\/a> permet \u00e0 l\u2019\u00e9l\u00e8ve d\u2019approfondir le fran\u00e7ais et les langues d\u2019origine latine gr\u00e2ce \u00e0 l\u2019\u00e9tude de l\u2019\u00e9tymologie, de la grammaire et du vocabulaire du latin. Cette option comporte \u00e9galement un volet d\u2019\u00e9tude de l\u2019histoire de la civilisation latine.<\/li><\/ul>\n\n\n\n<p><\/p>\n<div id=\"toc_container\" class=\"no_bullets\"><p class=\"toc_title\">Sommaire<\/p><ul class=\"toc_list\"><li><a href=\"#Le_cursus_Brebeuf_au_secondaire_est_enrichi_pour_tous_les_eleves\">Le cursus Br\u00e9beuf au secondaire est enrichi pour tous les \u00e9l\u00e8ves.<\/a><\/li><li><a href=\"#Les_nouveautes_du_cursus\">Les nouveaut\u00e9s du cursus<\/a><\/li><li><a href=\"#Les_principales_disciplines_du_cursus\">Les principales disciplines du cursus<\/a><\/li><li><a href=\"#Un_cursus_bonifie\">Un cursus bonifi\u00e9<\/a><\/li><li><a href=\"#Lrsquoengagement_Brebeuf_au_coeur_du_cursus\">L&rsquo;engagement Br\u00e9beuf au c\u0153ur du cursus<\/a><\/li><li><a href=\"#Trois_options_viennent_sajouter_au_cursus\">Trois options viennent s\u2019ajouter au cursus<\/a><\/li><\/ul><\/div>\n","protected":false},"excerpt":{"rendered":"<p>Le cursus Br\u00e9beuf au secondaire est enrichi pour tous les \u00e9l\u00e8ves. Les \u00e9l\u00e8ves du secondaire au Coll\u00e8ge Br\u00e9beuf suivent tous les m\u00eames cours, \u00ab le tronc commun \u00bb, \u00e0 l\u2019exception des cours sp\u00e9cifiques \u00e0 leur option. Ce cursus Br\u00e9beuf enrichi&#8230;<\/p>\n","protected":false},"author":45,"featured_media":-1,"parent":0,"menu_order":1,"comment_status":"closed","ping_status":"closed","template":"templates\/template-programme-v2.php","meta":{"_editorskit_title_hidden":false,"_editorskit_reading_time":2,"_editorskit_typography_data":[],"_editorskit_blocks_typography":""},"yoast_head":"<!-- This site is optimized with the Yoast SEO plugin v16.3 - https:\/\/yoast.com\/wordpress\/plugins\/seo\/ -->\n<title>Le cursus Br\u00e9beuf - Secondaire<\/title>\n<meta name=\"description\" content=\"Les \u00e9l\u00e8ves du secondaire suivent tous les m\u00eames cours, \u00ab le tronc commun \u00bb, \u00e0 l\u2019exception des cours sp\u00e9cifiques \u00e0 leur option.\" \/>\n<meta name=\"robots\" content=\"index, follow, max-snippet:-1, max-image-preview:large, max-video-preview:-1\" \/>\n<link rel=\"canonical\" href=\"https:\/\/www.brebeuf.qc.ca\/secondaire\/cursus-valeurs-humanistes-engagement-communautaire\/\" \/>\n<meta property=\"og:locale\" content=\"fr_FR\" \/>\n<meta property=\"og:type\" content=\"article\" \/>\n<meta property=\"og:title\" content=\"Le cursus Br\u00e9beuf - Secondaire\" \/>\n<meta property=\"og:description\" content=\"Les \u00e9l\u00e8ves du secondaire suivent tous les m\u00eames cours, \u00ab le tronc commun \u00bb, \u00e0 l\u2019exception des cours sp\u00e9cifiques \u00e0 leur option.\" \/>\n<meta property=\"og:url\" content=\"https:\/\/www.brebeuf.qc.ca\/secondaire\/cursus-valeurs-humanistes-engagement-communautaire\/\" \/>\n<meta property=\"og:site_name\" content=\"Secondaire\" \/>\n<meta property=\"article:modified_time\" content=\"2026-01-08T15:43:40+00:00\" \/>\n<meta name=\"twitter:label1\" content=\"Dur\u00e9e de lecture est.\">\n\t<meta name=\"twitter:data1\" content=\"3 minutes\">\n<script type=\"application\/ld+json\" class=\"yoast-schema-graph\">{\"@context\":\"https:\/\/schema.org\",\"@graph\":[{\"@type\":\"WebSite\",\"@id\":\"https:\/\/www.brebeuf.qc.ca\/secondaire\/#website\",\"url\":\"https:\/\/www.brebeuf.qc.ca\/secondaire\/\",\"name\":\"Secondaire\",\"description\":\"Coll\\u00e8ge priv\\u00e9 | Secondaire | Coll\\u00e9gial\",\"potentialAction\":[{\"@type\":\"SearchAction\",\"target\":\"https:\/\/www.brebeuf.qc.ca\/secondaire\/?s={search_term_string}\",\"query-input\":\"required name=search_term_string\"}],\"inLanguage\":\"fr-FR\"},{\"@type\":\"ImageObject\",\"@id\":\"https:\/\/www.brebeuf.qc.ca\/secondaire\/cursus-valeurs-humanistes-engagement-communautaire\/#primaryimage\",\"inLanguage\":\"fr-FR\",\"url\":\"\",\"contentUrl\":\"\"},{\"@type\":\"WebPage\",\"@id\":\"https:\/\/www.brebeuf.qc.ca\/secondaire\/cursus-valeurs-humanistes-engagement-communautaire\/#webpage\",\"url\":\"https:\/\/www.brebeuf.qc.ca\/secondaire\/cursus-valeurs-humanistes-engagement-communautaire\/\",\"name\":\"Le cursus Br\\u00e9beuf - Secondaire\",\"isPartOf\":{\"@id\":\"https:\/\/www.brebeuf.qc.ca\/secondaire\/#website\"},\"primaryImageOfPage\":{\"@id\":\"https:\/\/www.brebeuf.qc.ca\/secondaire\/cursus-valeurs-humanistes-engagement-communautaire\/#primaryimage\"},\"datePublished\":\"2021-06-10T19:04:28+00:00\",\"dateModified\":\"2026-01-08T15:43:40+00:00\",\"description\":\"Les \\u00e9l\\u00e8ves du secondaire suivent tous les m\\u00eames cours, \\u00ab le tronc commun \\u00bb, \\u00e0 l\\u2019exception des cours sp\\u00e9cifiques \\u00e0 leur option.\",\"breadcrumb\":{\"@id\":\"https:\/\/www.brebeuf.qc.ca\/secondaire\/cursus-valeurs-humanistes-engagement-communautaire\/#breadcrumb\"},\"inLanguage\":\"fr-FR\",\"potentialAction\":[{\"@type\":\"ReadAction\",\"target\":[\"https:\/\/www.brebeuf.qc.ca\/secondaire\/cursus-valeurs-humanistes-engagement-communautaire\/\"]}]},{\"@type\":\"BreadcrumbList\",\"@id\":\"https:\/\/www.brebeuf.qc.ca\/secondaire\/cursus-valeurs-humanistes-engagement-communautaire\/#breadcrumb\",\"itemListElement\":[{\"@type\":\"ListItem\",\"position\":1,\"item\":{\"@type\":\"WebPage\",\"@id\":\"https:\/\/www.brebeuf.qc.ca\/secondaire\/\",\"url\":\"https:\/\/www.brebeuf.qc.ca\/secondaire\/\",\"name\":\"Home\"}},{\"@type\":\"ListItem\",\"position\":2,\"item\":{\"@id\":\"https:\/\/www.brebeuf.qc.ca\/secondaire\/cursus-valeurs-humanistes-engagement-communautaire\/#webpage\"}}]}]}<\/script>\n<!-- \/ Yoast SEO plugin. -->","_links":{"self":[{"href":"https:\/\/www.brebeuf.qc.ca\/secondaire\/wp-json\/wp\/v2\/pages\/2571"}],"collection":[{"href":"https:\/\/www.brebeuf.qc.ca\/secondaire\/wp-json\/wp\/v2\/pages"}],"about":[{"href":"https:\/\/www.brebeuf.qc.ca\/secondaire\/wp-json\/wp\/v2\/types\/page"}],"author":[{"embeddable":true,"href":"https:\/\/www.brebeuf.qc.ca\/secondaire\/wp-json\/wp\/v2\/users\/45"}],"replies":[{"embeddable":true,"href":"https:\/\/www.brebeuf.qc.ca\/secondaire\/wp-json\/wp\/v2\/comments?post=2571"}],"version-history":[{"count":31,"href":"https:\/\/www.brebeuf.qc.ca\/secondaire\/wp-json\/wp\/v2\/pages\/2571\/revisions"}],"predecessor-version":[{"id":5171,"href":"https:\/\/www.brebeuf.qc.ca\/secondaire\/wp-json\/wp\/v2\/pages\/2571\/revisions\/5171"}],"wp:featuredmedia":[{"embeddable":true,"href":"https:\/\/www.brebeuf.qc.ca\/secondaire\/wp-json\/wp\/v2\/media\/-1"}],"wp:attachment":[{"href":"https:\/\/www.brebeuf.qc.ca\/secondaire\/wp-json\/wp\/v2\/media?parent=2571"}],"curies":[{"name":"wp","href":"https:\/\/api.w.org\/{rel}","templated":true}]}}