{"id":25,"date":"2014-07-15T19:20:07","date_gmt":"2014-07-15T19:20:07","guid":{"rendered":"http:\/\/localhost\/brebeuf\/secondaire-garcons\/?page_id=25"},"modified":"2025-07-02T19:59:15","modified_gmt":"2025-07-02T19:59:15","slug":"vie-etudiante","status":"publish","type":"page","link":"https:\/\/www.brebeuf.qc.ca\/secondaire\/vie-etudiante\/","title":{"rendered":"Vie \u00e9tudiante"},"content":{"rendered":"<p style=\"text-align: left;\">La richesse de la vie \u00e9tudiante au secondaire Br\u00e9beuf d\u00e9montre l\u2019int\u00e9r\u00eat que nous portons au d\u00e9veloppement int\u00e9gral de nos \u00e9l\u00e8ves. La vie \u00e9tudiante est soutenue par les directrices adjointes, la conseill\u00e8re \u00e0 la vie \u00e9tudiante, la technicienne en sports et loisirs, l\u2019animatrice de vie spirituelle et d\u2019engagement communautaire, l\u2019agent aux services aux \u00e9l\u00e8ves, les surveillants ainsi que les diff\u00e9rents intervenants des services d\u2019aide aux \u00e9l\u00e8ves. Toute cette \u00e9quipe accompagne les jeunes au quotidien afin de favoriser le d\u00e9veloppement de comp\u00e9tences compl\u00e9mentaires aux cours.<\/p>\n","protected":false},"excerpt":{"rendered":"<p>La richesse de la vie \u00e9tudiante au secondaire Br\u00e9beuf d\u00e9montre l\u2019int\u00e9r\u00eat que nous portons au d\u00e9veloppement int\u00e9gral de nos \u00e9l\u00e8ves. La vie \u00e9tudiante est soutenue par les directrices adjointes, la conseill\u00e8re \u00e0 la vie \u00e9tudiante, la technicienne en sports et&#8230;<\/p>\n","protected":false},"author":1,"featured_media":5035,"parent":0,"menu_order":6,"comment_status":"closed","ping_status":"closed","template":"templates\/template-vie-etudiante-secondaire.php","meta":{"_editorskit_title_hidden":false,"_editorskit_reading_time":0,"_editorskit_typography_data":[],"_editorskit_blocks_typography":""},"yoast_head":"<!-- This site is optimized with the Yoast SEO plugin v16.3 - https:\/\/yoast.com\/wordpress\/plugins\/seo\/ -->\n<title>Vie \u00e9tudiante - Secondaire<\/title>\n<meta name=\"robots\" content=\"index, follow, max-snippet:-1, max-image-preview:large, max-video-preview:-1\" \/>\n<link rel=\"canonical\" href=\"https:\/\/www.brebeuf.qc.ca\/secondaire\/vie-etudiante\/\" \/>\n<meta property=\"og:locale\" content=\"fr_FR\" \/>\n<meta property=\"og:type\" content=\"article\" \/>\n<meta property=\"og:title\" content=\"Vie \u00e9tudiante - Secondaire\" \/>\n<meta property=\"og:description\" content=\"La richesse de la vie \u00e9tudiante au secondaire Br\u00e9beuf d\u00e9montre l\u2019int\u00e9r\u00eat que nous portons au d\u00e9veloppement int\u00e9gral de nos \u00e9l\u00e8ves. La vie \u00e9tudiante est soutenue par les directrices adjointes, la conseill\u00e8re \u00e0 la vie \u00e9tudiante, la technicienne en sports et...\" \/>\n<meta property=\"og:url\" content=\"https:\/\/www.brebeuf.qc.ca\/secondaire\/vie-etudiante\/\" \/>\n<meta property=\"og:site_name\" content=\"Secondaire\" \/>\n<meta property=\"article:modified_time\" content=\"2025-07-02T19:59:15+00:00\" \/>\n<meta property=\"og:image\" content=\"https:\/\/www.brebeuf.qc.ca\/secondaire\/wp-content\/uploads\/sites\/4\/2025\/07\/Vie-etudiante-1.png\" \/>\n\t<meta property=\"og:image:width\" content=\"933\" \/>\n\t<meta property=\"og:image:height\" content=\"500\" \/>\n<meta name=\"twitter:label1\" content=\"Dur\u00e9e de lecture est.\">\n\t<meta name=\"twitter:data1\" content=\"1 minute\">\n<script type=\"application\/ld+json\" class=\"yoast-schema-graph\">{\"@context\":\"https:\/\/schema.org\",\"@graph\":[{\"@type\":\"WebSite\",\"@id\":\"https:\/\/www.brebeuf.qc.ca\/secondaire\/#website\",\"url\":\"https:\/\/www.brebeuf.qc.ca\/secondaire\/\",\"name\":\"Secondaire\",\"description\":\"Coll\\u00e8ge priv\\u00e9 | Secondaire | Coll\\u00e9gial\",\"potentialAction\":[{\"@type\":\"SearchAction\",\"target\":\"https:\/\/www.brebeuf.qc.ca\/secondaire\/?s={search_term_string}\",\"query-input\":\"required name=search_term_string\"}],\"inLanguage\":\"fr-FR\"},{\"@type\":\"ImageObject\",\"@id\":\"https:\/\/www.brebeuf.qc.ca\/secondaire\/vie-etudiante\/#primaryimage\",\"inLanguage\":\"fr-FR\",\"url\":\"https:\/\/www.brebeuf.qc.ca\/secondaire\/wp-content\/uploads\/sites\/4\/2025\/07\/Vie-etudiante-1.png\",\"contentUrl\":\"https:\/\/www.brebeuf.qc.ca\/secondaire\/wp-content\/uploads\/sites\/4\/2025\/07\/Vie-etudiante-1.png\",\"width\":933,\"height\":500},{\"@type\":\"WebPage\",\"@id\":\"https:\/\/www.brebeuf.qc.ca\/secondaire\/vie-etudiante\/#webpage\",\"url\":\"https:\/\/www.brebeuf.qc.ca\/secondaire\/vie-etudiante\/\",\"name\":\"Vie \\u00e9tudiante - Secondaire\",\"isPartOf\":{\"@id\":\"https:\/\/www.brebeuf.qc.ca\/secondaire\/#website\"},\"primaryImageOfPage\":{\"@id\":\"https:\/\/www.brebeuf.qc.ca\/secondaire\/vie-etudiante\/#primaryimage\"},\"datePublished\":\"2014-07-15T19:20:07+00:00\",\"dateModified\":\"2025-07-02T19:59:15+00:00\",\"breadcrumb\":{\"@id\":\"https:\/\/www.brebeuf.qc.ca\/secondaire\/vie-etudiante\/#breadcrumb\"},\"inLanguage\":\"fr-FR\",\"potentialAction\":[{\"@type\":\"ReadAction\",\"target\":[\"https:\/\/www.brebeuf.qc.ca\/secondaire\/vie-etudiante\/\"]}]},{\"@type\":\"BreadcrumbList\",\"@id\":\"https:\/\/www.brebeuf.qc.ca\/secondaire\/vie-etudiante\/#breadcrumb\",\"itemListElement\":[{\"@type\":\"ListItem\",\"position\":1,\"item\":{\"@type\":\"WebPage\",\"@id\":\"https:\/\/www.brebeuf.qc.ca\/secondaire\/\",\"url\":\"https:\/\/www.brebeuf.qc.ca\/secondaire\/\",\"name\":\"Home\"}},{\"@type\":\"ListItem\",\"position\":2,\"item\":{\"@id\":\"https:\/\/www.brebeuf.qc.ca\/secondaire\/vie-etudiante\/#webpage\"}}]}]}<\/script>\n<!-- \/ Yoast SEO plugin. -->","_links":{"self":[{"href":"https:\/\/www.brebeuf.qc.ca\/secondaire\/wp-json\/wp\/v2\/pages\/25"}],"collection":[{"href":"https:\/\/www.brebeuf.qc.ca\/secondaire\/wp-json\/wp\/v2\/pages"}],"about":[{"href":"https:\/\/www.brebeuf.qc.ca\/secondaire\/wp-json\/wp\/v2\/types\/page"}],"author":[{"embeddable":true,"href":"https:\/\/www.brebeuf.qc.ca\/secondaire\/wp-json\/wp\/v2\/users\/1"}],"replies":[{"embeddable":true,"href":"https:\/\/www.brebeuf.qc.ca\/secondaire\/wp-json\/wp\/v2\/comments?post=25"}],"version-history":[{"count":25,"href":"https:\/\/www.brebeuf.qc.ca\/secondaire\/wp-json\/wp\/v2\/pages\/25\/revisions"}],"predecessor-version":[{"id":4922,"href":"https:\/\/www.brebeuf.qc.ca\/secondaire\/wp-json\/wp\/v2\/pages\/25\/revisions\/4922"}],"wp:featuredmedia":[{"embeddable":true,"href":"https:\/\/www.brebeuf.qc.ca\/secondaire\/wp-json\/wp\/v2\/media\/5035"}],"wp:attachment":[{"href":"https:\/\/www.brebeuf.qc.ca\/secondaire\/wp-json\/wp\/v2\/media?parent=25"}],"curies":[{"name":"wp","href":"https:\/\/api.w.org\/{rel}","templated":true}]}}