{"id":189,"date":"2014-08-22T22:12:00","date_gmt":"2014-08-22T22:12:00","guid":{"rendered":"https:\/\/www.brebeuf.qc.ca\/secondaire-garcons\/?page_id=189"},"modified":"2026-01-08T16:26:07","modified_gmt":"2026-01-08T16:26:07","slug":"rencontres-de-parents","status":"publish","type":"page","link":"https:\/\/www.brebeuf.qc.ca\/secondaire\/rencontres-de-parents\/","title":{"rendered":"Rencontres de parents"},"content":{"rendered":"<p style=\"text-align: justify;\">En appui \u00e0 la transmission des bulletins, deux rencontres parents-enseignants, auxquelles les \u00e9l\u00e8ves peuvent participer, sont organis\u00e9es durant chaque ann\u00e9e scolaire.<\/p>\n<p style=\"text-align: justify;\">Entre ces rencontres, les enseignants acheminent aux parents des travaux corrig\u00e9s et communiquent avec eux au besoin pour assurer un suivi rigoureux. De plus, les parents ont acc\u00e8s aux r\u00e9sultats de leur enfant en continu via le portail num\u00e9rique de l\u2019\u00e9tablissement.<\/p>\n<p>Le moment privil\u00e9gi\u00e9 pour consulter les \u00e9valuations est lors des rencontres de parents pr\u00e9vues au calendrier scolaire. En dehors de ces rencontres, la consultation des \u00e9valuations par les parents est possible uniquement au coll\u00e8ge et exige une entente pr\u00e9alable avec l\u2019enseignant. Cette proc\u00e9dure est mise en place afin de garantir la confidentialit\u00e9 et la s\u00e9curit\u00e9 des documents et d\u2019\u00e9viter toute manipulation non autoris\u00e9e.<\/p>\n","protected":false},"excerpt":{"rendered":"<p>En appui \u00e0 la transmission des bulletins, deux rencontres parents-enseignants, auxquelles les \u00e9l\u00e8ves peuvent participer, sont organis\u00e9es durant chaque ann\u00e9e scolaire. Entre ces rencontres, les enseignants acheminent aux parents des travaux corrig\u00e9s et communiquent avec eux au besoin pour assurer&#8230;<\/p>\n","protected":false},"author":3,"featured_media":1878,"parent":0,"menu_order":0,"comment_status":"open","ping_status":"closed","template":"templates\/template-personnalisable.php","meta":{"_editorskit_title_hidden":false,"_editorskit_reading_time":0,"_editorskit_typography_data":[],"_editorskit_blocks_typography":""},"yoast_head":"<!-- This site is optimized with the Yoast SEO plugin v16.3 - https:\/\/yoast.com\/wordpress\/plugins\/seo\/ -->\n<title>Rencontres de parents - Secondaire<\/title>\n<meta name=\"robots\" content=\"index, follow, max-snippet:-1, max-image-preview:large, max-video-preview:-1\" \/>\n<link rel=\"canonical\" href=\"https:\/\/www.brebeuf.qc.ca\/secondaire\/rencontres-de-parents\/\" \/>\n<meta property=\"og:locale\" content=\"fr_FR\" \/>\n<meta property=\"og:type\" content=\"article\" \/>\n<meta property=\"og:title\" content=\"Rencontres de parents - Secondaire\" \/>\n<meta property=\"og:description\" content=\"En appui \u00e0 la transmission des bulletins, deux rencontres parents-enseignants, auxquelles les \u00e9l\u00e8ves peuvent participer, sont organis\u00e9es durant chaque ann\u00e9e scolaire. Entre ces rencontres, les enseignants acheminent aux parents des travaux corrig\u00e9s et communiquent avec eux au besoin pour assurer...\" \/>\n<meta property=\"og:url\" content=\"https:\/\/www.brebeuf.qc.ca\/secondaire\/rencontres-de-parents\/\" \/>\n<meta property=\"og:site_name\" content=\"Secondaire\" \/>\n<meta property=\"article:modified_time\" content=\"2026-01-08T16:26:07+00:00\" \/>\n<meta property=\"og:image\" content=\"https:\/\/www.brebeuf.qc.ca\/secondaire\/wp-content\/uploads\/sites\/4\/2019\/08\/entete_section_rencontres_parents_grande_banniere.png\" \/>\n\t<meta property=\"og:image:width\" content=\"1400\" \/>\n\t<meta property=\"og:image:height\" content=\"240\" \/>\n<meta name=\"twitter:label1\" content=\"Dur\u00e9e de lecture est.\">\n\t<meta name=\"twitter:data1\" content=\"1 minute\">\n<script type=\"application\/ld+json\" class=\"yoast-schema-graph\">{\"@context\":\"https:\/\/schema.org\",\"@graph\":[{\"@type\":\"WebSite\",\"@id\":\"https:\/\/www.brebeuf.qc.ca\/secondaire\/#website\",\"url\":\"https:\/\/www.brebeuf.qc.ca\/secondaire\/\",\"name\":\"Secondaire\",\"description\":\"Coll\\u00e8ge priv\\u00e9 | Secondaire | Coll\\u00e9gial\",\"potentialAction\":[{\"@type\":\"SearchAction\",\"target\":\"https:\/\/www.brebeuf.qc.ca\/secondaire\/?s={search_term_string}\",\"query-input\":\"required name=search_term_string\"}],\"inLanguage\":\"fr-FR\"},{\"@type\":\"ImageObject\",\"@id\":\"https:\/\/www.brebeuf.qc.ca\/secondaire\/rencontres-de-parents\/#primaryimage\",\"inLanguage\":\"fr-FR\",\"url\":\"https:\/\/www.brebeuf.qc.ca\/secondaire\/wp-content\/uploads\/sites\/4\/2019\/08\/entete_section_rencontres_parents_grande_banniere.png\",\"contentUrl\":\"https:\/\/www.brebeuf.qc.ca\/secondaire\/wp-content\/uploads\/sites\/4\/2019\/08\/entete_section_rencontres_parents_grande_banniere.png\",\"width\":1400,\"height\":240},{\"@type\":\"WebPage\",\"@id\":\"https:\/\/www.brebeuf.qc.ca\/secondaire\/rencontres-de-parents\/#webpage\",\"url\":\"https:\/\/www.brebeuf.qc.ca\/secondaire\/rencontres-de-parents\/\",\"name\":\"Rencontres de parents - Secondaire\",\"isPartOf\":{\"@id\":\"https:\/\/www.brebeuf.qc.ca\/secondaire\/#website\"},\"primaryImageOfPage\":{\"@id\":\"https:\/\/www.brebeuf.qc.ca\/secondaire\/rencontres-de-parents\/#primaryimage\"},\"datePublished\":\"2014-08-22T22:12:00+00:00\",\"dateModified\":\"2026-01-08T16:26:07+00:00\",\"breadcrumb\":{\"@id\":\"https:\/\/www.brebeuf.qc.ca\/secondaire\/rencontres-de-parents\/#breadcrumb\"},\"inLanguage\":\"fr-FR\",\"potentialAction\":[{\"@type\":\"ReadAction\",\"target\":[\"https:\/\/www.brebeuf.qc.ca\/secondaire\/rencontres-de-parents\/\"]}]},{\"@type\":\"BreadcrumbList\",\"@id\":\"https:\/\/www.brebeuf.qc.ca\/secondaire\/rencontres-de-parents\/#breadcrumb\",\"itemListElement\":[{\"@type\":\"ListItem\",\"position\":1,\"item\":{\"@type\":\"WebPage\",\"@id\":\"https:\/\/www.brebeuf.qc.ca\/secondaire\/\",\"url\":\"https:\/\/www.brebeuf.qc.ca\/secondaire\/\",\"name\":\"Home\"}},{\"@type\":\"ListItem\",\"position\":2,\"item\":{\"@id\":\"https:\/\/www.brebeuf.qc.ca\/secondaire\/rencontres-de-parents\/#webpage\"}}]}]}<\/script>\n<!-- \/ Yoast SEO plugin. -->","_links":{"self":[{"href":"https:\/\/www.brebeuf.qc.ca\/secondaire\/wp-json\/wp\/v2\/pages\/189"}],"collection":[{"href":"https:\/\/www.brebeuf.qc.ca\/secondaire\/wp-json\/wp\/v2\/pages"}],"about":[{"href":"https:\/\/www.brebeuf.qc.ca\/secondaire\/wp-json\/wp\/v2\/types\/page"}],"author":[{"embeddable":true,"href":"https:\/\/www.brebeuf.qc.ca\/secondaire\/wp-json\/wp\/v2\/users\/3"}],"replies":[{"embeddable":true,"href":"https:\/\/www.brebeuf.qc.ca\/secondaire\/wp-json\/wp\/v2\/comments?post=189"}],"version-history":[{"count":11,"href":"https:\/\/www.brebeuf.qc.ca\/secondaire\/wp-json\/wp\/v2\/pages\/189\/revisions"}],"predecessor-version":[{"id":5179,"href":"https:\/\/www.brebeuf.qc.ca\/secondaire\/wp-json\/wp\/v2\/pages\/189\/revisions\/5179"}],"wp:featuredmedia":[{"embeddable":true,"href":"https:\/\/www.brebeuf.qc.ca\/secondaire\/wp-json\/wp\/v2\/media\/1878"}],"wp:attachment":[{"href":"https:\/\/www.brebeuf.qc.ca\/secondaire\/wp-json\/wp\/v2\/media?parent=189"}],"curies":[{"name":"wp","href":"https:\/\/api.w.org\/{rel}","templated":true}]}}