{"id":1353,"date":"2019-08-19T16:29:02","date_gmt":"2019-08-19T16:29:02","guid":{"rendered":"https:\/\/www.brebeuf.qc.ca\/secondaire\/?page_id=1353"},"modified":"2025-07-03T14:44:19","modified_gmt":"2025-07-03T14:44:19","slug":"soccer-exterieur","status":"publish","type":"page","link":"https:\/\/www.brebeuf.qc.ca\/secondaire\/sports-filles\/soccer-exterieur\/","title":{"rendered":"Soccer ext\u00e9rieur filles"},"content":{"rendered":"\n<p>Depuis septembre 2021, les filles de la 2e \u00e0 la 4e secondaire peuvent faire partie d\u2019une \u00e9quipe de soccer ext\u00e9rieur (Benjamine ou Cadette) qui \u00e9volue au sein de la GMAA (branche anglophone du RSEQ).<\/p>\n\n\n\n<p>Le camp de s\u00e9lection se d\u00e9roule au d\u00e9but du mois de juin ou \u00e0 la rentr\u00e9e de septembre, selon la disponibilit\u00e9 des terrains. La saison se termine au d\u00e9but du mois de novembre. Les \u00e9l\u00e8ves de 5e secondaire auront toujours la possibilit\u00e9 de se joindre aux \u00e9quipes du coll\u00e9gial.<\/p>\n\n\n\n<p>Les horaires sont faits en fonction \u00e0 ce que les athl\u00e8tes aient environ 2 \u00e9v\u00e9nements par semaine (pratique et partie). Comme il s\u2019agit d\u2019un sport saisonnier, vous pouvez participer \u00e0 ce sport tout en faisant un sport annuel au Coll\u00e8ge.<\/p>\n\n\n\n<p><strong>Les \u00e9quipes* :<\/strong>&nbsp;<\/p>\n\n\n\n<ul><li>Benjamin f\u00e9minin \u2013 2<sup>e<\/sup>&nbsp;secondaire \u2013 Division 4.1<\/li><li>Cadet f\u00e9minin \u2013 3<sup>e<\/sup>&nbsp;et 4<sup>e<\/sup>&nbsp;secondaire \u2013 Division 4.1<\/li><\/ul>\n\n\n\n<p><strong>Pour davantage d\u2019informations, veuillez contacter<\/strong>&nbsp;:<\/p>\n\n\n\n<p><strong>Vincent Birnbaum-Charbonneau<\/strong><strong><\/strong><\/p>\n\n\n\n<ul><li>Responsable du programme de soccer<\/li><li>T\u00e9l. : 514 342-9342 poste 5618<\/li><li><a href=\"mailto:Vincent.birnbaum-charbonneau@brebeuf.qc.ca\">Vincent.birnbaum-charbonneau@brebeuf.qc.ca<\/a><\/li><\/ul>\n\n\n\n<p><em>*Notez que les divisions sont sujettes au changement d\u2019une ann\u00e9e \u00e0 l\u2019autre<\/em>.<\/p>\n\n\n\n<div class=\"wp-block-columns\">\n<div class=\"wp-block-column\">\n<figure class=\"wp-block-gallery columns-3 is-cropped\"><ul class=\"blocks-gallery-grid\"><li class=\"blocks-gallery-item\"><figure><a href=\"https:\/\/www.brebeuf.qc.ca\/secondaire\/wp-content\/uploads\/sites\/4\/2025\/03\/Reseaux-sociaux-2025.png\" data-rel=\"lightbox-image-0\" data-rl_title=\"\" data-rl_caption=\"\" title=\"\"><img loading=\"lazy\" width=\"2400\" height=\"1540\" src=\"https:\/\/www.brebeuf.qc.ca\/secondaire\/wp-content\/uploads\/sites\/4\/2025\/03\/Reseaux-sociaux-2025.png\" alt=\"\" data-id=\"4739\" data-full-url=\"https:\/\/www.brebeuf.qc.ca\/secondaire\/wp-content\/uploads\/sites\/4\/2025\/03\/Reseaux-sociaux-2025.png\" data-link=\"https:\/\/www.brebeuf.qc.ca\/secondaire\/sports-filles\/soccer-exterieur\/reseaux-sociaux-2025\/\" class=\"wp-image-4739\"\/><\/a><\/figure><\/li><li class=\"blocks-gallery-item\"><figure><a href=\"https:\/\/www.brebeuf.qc.ca\/secondaire\/wp-content\/uploads\/sites\/4\/2025\/03\/Benf5-24.jpg\" data-rel=\"lightbox-image-1\" data-rl_title=\"\" data-rl_caption=\"\" title=\"\"><img loading=\"lazy\" width=\"5969\" height=\"3979\" src=\"https:\/\/www.brebeuf.qc.ca\/secondaire\/wp-content\/uploads\/sites\/4\/2025\/03\/Benf5-24.jpg\" alt=\"\" data-id=\"4736\" data-full-url=\"https:\/\/www.brebeuf.qc.ca\/secondaire\/wp-content\/uploads\/sites\/4\/2025\/03\/Benf5-24.jpg\" data-link=\"https:\/\/www.brebeuf.qc.ca\/secondaire\/sports-filles\/soccer-exterieur\/benf5-24\/\" class=\"wp-image-4736\"\/><\/a><\/figure><\/li><li class=\"blocks-gallery-item\"><figure><a href=\"https:\/\/www.brebeuf.qc.ca\/secondaire\/wp-content\/uploads\/sites\/4\/2025\/03\/Championnes-CadF.jpeg\" data-rel=\"lightbox-image-2\" data-rl_title=\"\" data-rl_caption=\"\" title=\"\"><img loading=\"lazy\" width=\"3888\" height=\"3711\" src=\"https:\/\/www.brebeuf.qc.ca\/secondaire\/wp-content\/uploads\/sites\/4\/2025\/03\/Championnes-CadF.jpeg\" alt=\"\" data-id=\"4734\" data-full-url=\"https:\/\/www.brebeuf.qc.ca\/secondaire\/wp-content\/uploads\/sites\/4\/2025\/03\/Championnes-CadF.jpeg\" data-link=\"https:\/\/www.brebeuf.qc.ca\/secondaire\/sports-filles\/soccer-exterieur\/championnes-cadf\/\" class=\"wp-image-4734\"\/><\/a><\/figure><\/li><\/ul><\/figure>\n<\/div>\n<\/div>\n","protected":false},"excerpt":{"rendered":"<p>Depuis septembre 2021, les filles de la 2e \u00e0 la 4e secondaire peuvent faire partie d\u2019une \u00e9quipe de soccer ext\u00e9rieur (Benjamine ou Cadette) qui \u00e9volue au sein de la GMAA (branche anglophone du RSEQ). Le camp de s\u00e9lection se d\u00e9roule&#8230;<\/p>\n","protected":false},"author":1,"featured_media":3526,"parent":1341,"menu_order":0,"comment_status":"closed","ping_status":"closed","template":"templates\/template-personnalisable.php","meta":{"_editorskit_title_hidden":false,"_editorskit_reading_time":1,"_editorskit_typography_data":[],"_editorskit_blocks_typography":""},"yoast_head":"<!-- This site is optimized with the Yoast SEO plugin v16.3 - https:\/\/yoast.com\/wordpress\/plugins\/seo\/ -->\n<title>Soccer ext\u00e9rieur filles - Secondaire<\/title>\n<meta name=\"robots\" content=\"index, follow, max-snippet:-1, max-image-preview:large, max-video-preview:-1\" \/>\n<link rel=\"canonical\" href=\"https:\/\/www.brebeuf.qc.ca\/secondaire\/sports-filles\/soccer-exterieur\/\" \/>\n<meta property=\"og:locale\" content=\"fr_FR\" \/>\n<meta property=\"og:type\" content=\"article\" \/>\n<meta property=\"og:title\" content=\"Soccer ext\u00e9rieur filles - Secondaire\" \/>\n<meta property=\"og:description\" content=\"Depuis septembre 2021, les filles de la 2e \u00e0 la 4e secondaire peuvent faire partie d\u2019une \u00e9quipe de soccer ext\u00e9rieur (Benjamine ou Cadette) qui \u00e9volue au sein de la GMAA (branche anglophone du RSEQ). Le camp de s\u00e9lection se d\u00e9roule...\" \/>\n<meta property=\"og:url\" content=\"https:\/\/www.brebeuf.qc.ca\/secondaire\/sports-filles\/soccer-exterieur\/\" \/>\n<meta property=\"og:site_name\" content=\"Secondaire\" \/>\n<meta property=\"article:modified_time\" content=\"2025-07-03T14:44:19+00:00\" \/>\n<meta property=\"og:image\" content=\"https:\/\/www.brebeuf.qc.ca\/secondaire\/wp-content\/uploads\/sites\/4\/2022\/08\/sport_soccer_filles.jpg\" \/>\n\t<meta property=\"og:image:width\" content=\"1400\" \/>\n\t<meta property=\"og:image:height\" content=\"240\" \/>\n<meta name=\"twitter:label1\" content=\"Dur\u00e9e de lecture est.\">\n\t<meta name=\"twitter:data1\" content=\"2 minutes\">\n<script type=\"application\/ld+json\" class=\"yoast-schema-graph\">{\"@context\":\"https:\/\/schema.org\",\"@graph\":[{\"@type\":\"WebSite\",\"@id\":\"https:\/\/www.brebeuf.qc.ca\/secondaire\/#website\",\"url\":\"https:\/\/www.brebeuf.qc.ca\/secondaire\/\",\"name\":\"Secondaire\",\"description\":\"Coll\\u00e8ge priv\\u00e9 | Secondaire | Coll\\u00e9gial\",\"potentialAction\":[{\"@type\":\"SearchAction\",\"target\":\"https:\/\/www.brebeuf.qc.ca\/secondaire\/?s={search_term_string}\",\"query-input\":\"required name=search_term_string\"}],\"inLanguage\":\"fr-FR\"},{\"@type\":\"ImageObject\",\"@id\":\"https:\/\/www.brebeuf.qc.ca\/secondaire\/sports-filles\/soccer-exterieur\/#primaryimage\",\"inLanguage\":\"fr-FR\",\"url\":\"https:\/\/www.brebeuf.qc.ca\/secondaire\/wp-content\/uploads\/sites\/4\/2022\/08\/sport_soccer_filles.jpg\",\"contentUrl\":\"https:\/\/www.brebeuf.qc.ca\/secondaire\/wp-content\/uploads\/sites\/4\/2022\/08\/sport_soccer_filles.jpg\",\"width\":1400,\"height\":240},{\"@type\":\"WebPage\",\"@id\":\"https:\/\/www.brebeuf.qc.ca\/secondaire\/sports-filles\/soccer-exterieur\/#webpage\",\"url\":\"https:\/\/www.brebeuf.qc.ca\/secondaire\/sports-filles\/soccer-exterieur\/\",\"name\":\"Soccer ext\\u00e9rieur filles - Secondaire\",\"isPartOf\":{\"@id\":\"https:\/\/www.brebeuf.qc.ca\/secondaire\/#website\"},\"primaryImageOfPage\":{\"@id\":\"https:\/\/www.brebeuf.qc.ca\/secondaire\/sports-filles\/soccer-exterieur\/#primaryimage\"},\"datePublished\":\"2019-08-19T16:29:02+00:00\",\"dateModified\":\"2025-07-03T14:44:19+00:00\",\"breadcrumb\":{\"@id\":\"https:\/\/www.brebeuf.qc.ca\/secondaire\/sports-filles\/soccer-exterieur\/#breadcrumb\"},\"inLanguage\":\"fr-FR\",\"potentialAction\":[{\"@type\":\"ReadAction\",\"target\":[\"https:\/\/www.brebeuf.qc.ca\/secondaire\/sports-filles\/soccer-exterieur\/\"]}]},{\"@type\":\"BreadcrumbList\",\"@id\":\"https:\/\/www.brebeuf.qc.ca\/secondaire\/sports-filles\/soccer-exterieur\/#breadcrumb\",\"itemListElement\":[{\"@type\":\"ListItem\",\"position\":1,\"item\":{\"@type\":\"WebPage\",\"@id\":\"https:\/\/www.brebeuf.qc.ca\/secondaire\/\",\"url\":\"https:\/\/www.brebeuf.qc.ca\/secondaire\/\",\"name\":\"Home\"}},{\"@type\":\"ListItem\",\"position\":2,\"item\":{\"@type\":\"WebPage\",\"@id\":\"https:\/\/www.brebeuf.qc.ca\/secondaire\/sports-filles\/\",\"url\":\"https:\/\/www.brebeuf.qc.ca\/secondaire\/sports-filles\/\",\"name\":\"Sports filles\"}},{\"@type\":\"ListItem\",\"position\":3,\"item\":{\"@id\":\"https:\/\/www.brebeuf.qc.ca\/secondaire\/sports-filles\/soccer-exterieur\/#webpage\"}}]}]}<\/script>\n<!-- \/ Yoast SEO plugin. -->","_links":{"self":[{"href":"https:\/\/www.brebeuf.qc.ca\/secondaire\/wp-json\/wp\/v2\/pages\/1353"}],"collection":[{"href":"https:\/\/www.brebeuf.qc.ca\/secondaire\/wp-json\/wp\/v2\/pages"}],"about":[{"href":"https:\/\/www.brebeuf.qc.ca\/secondaire\/wp-json\/wp\/v2\/types\/page"}],"author":[{"embeddable":true,"href":"https:\/\/www.brebeuf.qc.ca\/secondaire\/wp-json\/wp\/v2\/users\/1"}],"replies":[{"embeddable":true,"href":"https:\/\/www.brebeuf.qc.ca\/secondaire\/wp-json\/wp\/v2\/comments?post=1353"}],"version-history":[{"count":14,"href":"https:\/\/www.brebeuf.qc.ca\/secondaire\/wp-json\/wp\/v2\/pages\/1353\/revisions"}],"predecessor-version":[{"id":4741,"href":"https:\/\/www.brebeuf.qc.ca\/secondaire\/wp-json\/wp\/v2\/pages\/1353\/revisions\/4741"}],"up":[{"embeddable":true,"href":"https:\/\/www.brebeuf.qc.ca\/secondaire\/wp-json\/wp\/v2\/pages\/1341"}],"wp:featuredmedia":[{"embeddable":true,"href":"https:\/\/www.brebeuf.qc.ca\/secondaire\/wp-json\/wp\/v2\/media\/3526"}],"wp:attachment":[{"href":"https:\/\/www.brebeuf.qc.ca\/secondaire\/wp-json\/wp\/v2\/media?parent=1353"}],"curies":[{"name":"wp","href":"https:\/\/api.w.org\/{rel}","templated":true}]}}

Soccer extérieur filles

<p>Depuis septembre 2021, les filles de la 2e à la 4e secondaire peuvent faire partie d’une équipe de soccer extérieur (Benjamine ou Cadette) qui évolue au sein de la GMAA (branche anglophone du RSEQ).</p>



<p>Le camp de sélection se déroule au début du mois de juin ou à la rentrée de septembre, selon la disponibilité des terrains. La saison se termine au début du mois de novembre. Les élèves de 5e secondaire auront toujours la possibilité de se joindre aux équipes du collégial.</p>



<p>Les horaires sont faits en fonction à ce que les athlètes aient environ 2 événements par semaine (pratique et partie). Comme il s’agit d’un sport saisonnier, vous pouvez participer à ce sport tout en faisant un sport annuel au Collège.</p>



<p><strong>Les équipes* :</strong>&nbsp;</p>



<ul><li>Benjamin féminin – 2<sup>e</sup>&nbsp;secondaire – Division 4.1</li><li>Cadet féminin – 3<sup>e</sup>&nbsp;et 4<sup>e</sup>&nbsp;secondaire – Division 4.1</li></ul>



<p><strong>Pour davantage d’informations, veuillez contacter</strong>&nbsp;:</p>



<p><strong>Vincent Birnbaum-Charbonneau</strong><strong></strong></p>



<ul><li>Responsable du programme de soccer</li><li>Tél. : 514 342-9342 poste 5618</li><li><a href="mailto:Vincent.birnbaum-charbonneau@brebeuf.qc.ca">Vincent.birnbaum-charbonneau@brebeuf.qc.ca</a></li></ul>



<p><em>*Notez que les divisions sont sujettes au changement d’une année à l’autre</em>.</p>



<div class="wp-block-columns">
<div class="wp-block-column">
<figure class="wp-block-gallery columns-3 is-cropped"><ul class="blocks-gallery-grid"><li class="blocks-gallery-item"><figure><a href="https://www.brebeuf.qc.ca/secondaire/wp-content/uploads/sites/4/2025/03/Reseaux-sociaux-2025.png" data-rel="lightbox-image-0" data-rl_title="" data-rl_caption="" title=""><img loading="lazy" width="2400" height="1540" src="https://www.brebeuf.qc.ca/secondaire/wp-content/uploads/sites/4/2025/03/Reseaux-sociaux-2025.png" alt="" data-id="4739" data-full-url="https://www.brebeuf.qc.ca/secondaire/wp-content/uploads/sites/4/2025/03/Reseaux-sociaux-2025.png" data-link="https://www.brebeuf.qc.ca/secondaire/sports-filles/soccer-exterieur/reseaux-sociaux-2025/" class="wp-image-4739"/></a></figure></li><li class="blocks-gallery-item"><figure><a href="https://www.brebeuf.qc.ca/secondaire/wp-content/uploads/sites/4/2025/03/Benf5-24.jpg" data-rel="lightbox-image-1" data-rl_title="" data-rl_caption="" title=""><img loading="lazy" width="5969" height="3979" src="https://www.brebeuf.qc.ca/secondaire/wp-content/uploads/sites/4/2025/03/Benf5-24.jpg" alt="" data-id="4736" data-full-url="https://www.brebeuf.qc.ca/secondaire/wp-content/uploads/sites/4/2025/03/Benf5-24.jpg" data-link="https://www.brebeuf.qc.ca/secondaire/sports-filles/soccer-exterieur/benf5-24/" class="wp-image-4736"/></a></figure></li><li class="blocks-gallery-item"><figure><a href="https://www.brebeuf.qc.ca/secondaire/wp-content/uploads/sites/4/2025/03/Championnes-CadF.jpeg" data-rel="lightbox-image-2" data-rl_title="" data-rl_caption="" title=""><img loading="lazy" width="3888" height="3711" src="https://www.brebeuf.qc.ca/secondaire/wp-content/uploads/sites/4/2025/03/Championnes-CadF.jpeg" alt="" data-id="4734" data-full-url="https://www.brebeuf.qc.ca/secondaire/wp-content/uploads/sites/4/2025/03/Championnes-CadF.jpeg" data-link="https://www.brebeuf.qc.ca/secondaire/sports-filles/soccer-exterieur/championnes-cadf/" class="wp-image-4734"/></a></figure></li></ul></figure>
</div>
</div>

<p>Depuis septembre 2021, les filles de la 2e à la 4e secondaire peuvent faire partie d’une équipe de soccer extérieur (Benjamine ou Cadette) qui évolue au sein de la GMAA (branche anglophone du RSEQ). Le camp de sélection se déroule&#8230;</p>

<!-- This site is optimized with the Yoast SEO plugin v16.3 - https://yoast.com/wordpress/plugins/seo/ -->
<title>Soccer extérieur filles - Secondaire</title>
<meta name="robots" content="index, follow, max-snippet:-1, max-image-preview:large, max-video-preview:-1" />
<link rel="canonical" href="https://www.brebeuf.qc.ca/secondaire/sports-filles/soccer-exterieur/" />
<meta property="og:locale" content="fr_FR" />
<meta property="og:type" content="article" />
<meta property="og:title" content="Soccer extérieur filles - Secondaire" />
<meta property="og:description" content="Depuis septembre 2021, les filles de la 2e à la 4e secondaire peuvent faire partie d’une équipe de soccer extérieur (Benjamine ou Cadette) qui évolue au sein de la GMAA (branche anglophone du RSEQ). Le camp de sélection se déroule..." />
<meta property="og:url" content="https://www.brebeuf.qc.ca/secondaire/sports-filles/soccer-exterieur/" />
<meta property="og:site_name" content="Secondaire" />
<meta property="article:modified_time" content="2025-07-03T14:44:19+00:00" />
<meta property="og:image" content="https://www.brebeuf.qc.ca/secondaire/wp-content/uploads/sites/4/2022/08/sport_soccer_filles.jpg" />
	<meta property="og:image:width" content="1400" />
	<meta property="og:image:height" content="240" />
<meta name="twitter:label1" content="Durée de lecture est.">
	<meta name="twitter:data1" content="2 minutes">
<script type="application/ld+json" class="yoast-schema-graph">{"@context":"https://schema.org","@graph":[{"@type":"WebSite","@id":"https://www.brebeuf.qc.ca/secondaire/#website","url":"https://www.brebeuf.qc.ca/secondaire/","name":"Secondaire","description":"Coll\u00e8ge priv\u00e9 | Secondaire | Coll\u00e9gial","potentialAction":[{"@type":"SearchAction","target":"https://www.brebeuf.qc.ca/secondaire/?s={search_term_string}","query-input":"required name=search_term_string"}],"inLanguage":"fr-FR"},{"@type":"ImageObject","@id":"https://www.brebeuf.qc.ca/secondaire/sports-filles/soccer-exterieur/#primaryimage","inLanguage":"fr-FR","url":"https://www.brebeuf.qc.ca/secondaire/wp-content/uploads/sites/4/2022/08/sport_soccer_filles.jpg","contentUrl":"https://www.brebeuf.qc.ca/secondaire/wp-content/uploads/sites/4/2022/08/sport_soccer_filles.jpg","width":1400,"height":240},{"@type":"WebPage","@id":"https://www.brebeuf.qc.ca/secondaire/sports-filles/soccer-exterieur/#webpage","url":"https://www.brebeuf.qc.ca/secondaire/sports-filles/soccer-exterieur/","name":"Soccer ext\u00e9rieur filles - Secondaire","isPartOf":{"@id":"https://www.brebeuf.qc.ca/secondaire/#website"},"primaryImageOfPage":{"@id":"https://www.brebeuf.qc.ca/secondaire/sports-filles/soccer-exterieur/#primaryimage"},"datePublished":"2019-08-19T16:29:02+00:00","dateModified":"2025-07-03T14:44:19+00:00","breadcrumb":{"@id":"https://www.brebeuf.qc.ca/secondaire/sports-filles/soccer-exterieur/#breadcrumb"},"inLanguage":"fr-FR","potentialAction":[{"@type":"ReadAction","target":["https://www.brebeuf.qc.ca/secondaire/sports-filles/soccer-exterieur/"]}]},{"@type":"BreadcrumbList","@id":"https://www.brebeuf.qc.ca/secondaire/sports-filles/soccer-exterieur/#breadcrumb","itemListElement":[{"@type":"ListItem","position":1,"item":{"@type":"WebPage","@id":"https://www.brebeuf.qc.ca/secondaire/","url":"https://www.brebeuf.qc.ca/secondaire/","name":"Home"}},{"@type":"ListItem","position":2,"item":{"@type":"WebPage","@id":"https://www.brebeuf.qc.ca/secondaire/sports-filles/","url":"https://www.brebeuf.qc.ca/secondaire/sports-filles/","name":"Sports filles"}},{"@type":"ListItem","position":3,"item":{"@id":"https://www.brebeuf.qc.ca/secondaire/sports-filles/soccer-exterieur/#webpage"}}]}]}</script>
<!-- / Yoast SEO plugin. -->
