{"id":956,"date":"2014-11-04T19:37:10","date_gmt":"2014-11-04T19:37:10","guid":{"rendered":"http:\/\/www.brebeuf.qc.ca\/collegial\/?page_id=956"},"modified":"2025-11-12T16:46:47","modified_gmt":"2025-11-12T16:46:47","slug":"956-2","status":"publish","type":"page","link":"https:\/\/www.brebeuf.qc.ca\/collegial\/956-2\/","title":{"rendered":"Foire aux questions &#8211; Alliance Sport-\u00c9tudes"},"content":{"rendered":"<p><strong>Qu\u2019est-ce que l\u2019Alliance Sport-\u00c9tudes?<\/strong><br \/>\n<img loading=\"lazy\" class=\"alignleft wp-image-8958\" src=\"https:\/\/www.brebeuf.qc.ca\/collegial\/wp-content\/uploads\/sites\/2\/2025\/08\/Alliance-Sport_Etudes-Logo-03.png\" alt=\"\" width=\"300\" height=\"118\" \/><\/p>\n<p>L\u2019<a href=\"http:\/\/www.alliancesportetudes.ca\/\">Alliance Sport-\u00c9tudes<\/a> <span data-olk-copy-source=\"MessageBody\">soutient la pers\u00e9v\u00e9rance et la r\u00e9ussite scolaires et sportives, ainsi que le d\u00e9veloppement global des athl\u00e8tes de haut niveau qui poursuivent des \u00e9tudes coll\u00e9giales ou universitaires au Qu\u00e9bec.<\/span><\/p>\n<hr \/>\n<p><strong>Quels sont les services offerts?<\/strong><\/p>\n<p>Les \u00e9tudiants-athl\u00e8tes inscrits au programme de l\u2019Alliance Sport-\u00c9tudes b\u00e9n\u00e9ficient d&rsquo;un statut d&rsquo;\u00e9tudiant-athl\u00e8te reconnu dans leur \u00e9tablissement scolaire leur permettant de recevoir des <a href=\"https:\/\/alliancesportetudes.ca\/alliance-sport-etudes\/services\/\">services<\/a> de soutien p\u00e9dagogique adapt\u00e9s \u00e0 leurs besoins tels que :<\/p>\n<ul>\n<li>Le contact privil\u00e9gi\u00e9 avec le r\u00e9pondant sport-\u00e9tudes et mes enseignants afin de b\u00e9n\u00e9ficier de services p\u00e9dagogiques adapt\u00e9s.<\/li>\n<li>La possibilit\u00e9 d\u2019adapter mon horaire scolaire en fonction de mes besoins sportifs<\/li>\n<li>L\u2019acc\u00e8s au programme de bourses de la Fondation Sport-\u00c9tudes<\/li>\n<\/ul>\n<hr \/>\n<p><strong>Quelles sont les conditions d\u2019admission de l\u2019Alliance Sport-\u00c9tudes?<\/strong><\/p>\n<ol>\n<li>\u00catre identifi\u00e9 comme un athl\u00e8te de niveau excellence, \u00e9lite, rel\u00e8ve ou espoir par sa f\u00e9d\u00e9ration sportive aupr\u00e8s du minist\u00e8re de l&rsquo;\u00c9ducation, de l&rsquo;Enseignement sup\u00e9rieur et de la Recherche.<br \/>\n<strong>OU<\/strong><br \/>\n\u00c9voluer dans une \u00e9quipe de la LHJMQ, Junior AAA* ou Midget AAA.<br \/>\n<strong>ET<\/strong><\/li>\n<li>\u00catre admis dans un coll\u00e8ge ou universit\u00e9 membre de l\u2019Alliance Sport-\u00c9tudes.<\/li>\n<\/ol>\n<p><em>*Les joueurs de la ligue Junior AAA admissibles sont ceux qui \u00e9tudient dans un coll\u00e8ge membre et qui, en plus, ont \u00e9volu\u00e9 dans le Midget AAA et font actuellement partie de la liste de protection d\u2019une \u00e9quipe de la LHJMQ.<\/em><\/p>\n<hr \/>\n<p><strong>Quels sont les programmes ouverts avec l\u2019Alliance Sport-\u00c9tudes au coll\u00e8ge Jean-de-Br\u00e9beuf?<\/strong><\/p>\n<p>Les \u00e9tudiants inscrits dans les programmes et profils suivants sont admissibles :<\/p>\n<ul>\n<li><a href=\"https:\/\/www.brebeuf.qc.ca\/collegial\/baccalaureat-international-sciences-de-nature\/\">Sciences de la nature, <\/a>profils Sciences de la sant\u00e9 et Sciences pures et appliqu\u00e9es<\/li>\n<li><a href=\"https:\/\/www.brebeuf.qc.ca\/collegial\/baccalaureat-international-sciences-humaines\/\">Sciences humaines, <\/a>profils Administration, Individu, culture, justice et droit, Diplomatie, droit et relations internationales<\/li>\n<li><a href=\"https:\/\/www.brebeuf.qc.ca\/collegial\/dec-arts-lettres-et-communication\/\">Arts, lettres et communication. <\/a>profils M\u00e9dias num\u00e9riques, Arts visuels et design, Lettres et \u00e9criture journalistique<\/li>\n<\/ul>\n<p>Les programmes suivants sont admissibles avec contraintes importantes. Ils ne permettent pas d\u2019ajustement d\u2019horaire et doivent se compl\u00e9ter en 2 ans.<\/p>\n<ul>\n<li><a href=\"https:\/\/www.brebeuf.qc.ca\/collegial\/dec-sciences-lettres-et-arts\/\">Sciences, lettres et Arts<\/a><\/li>\n<li>Baccalaur\u00e9at international<\/li>\n<li><a href=\"https:\/\/www.brebeuf.qc.ca\/collegial\/dec-arts-lettres-et-communication\/\">Arts, lettres et communication<\/a> pour le profil Th\u00e9\u00e2tre<\/li>\n<\/ul>\n<p>Si vous d\u00e9sirez suivre l\u2019un de ces programmes tout en b\u00e9n\u00e9ficiant du support de l\u2019Alliance Sport-\u00e9tudes, il est fortement recommand\u00e9 de contacter le r\u00e9pondant au Coll\u00e8ge Jean-de-Br\u00e9beuf, M. <!--StartFragment --><span class=\"cf0\">Dave V\u00e9zina<\/span><!--EndFragment -->.<\/p>\n<hr \/>\n<p><strong>Comment s\u2019inscrire \u00e0 l\u2019Alliance Sport-\u00c9tudes?<\/strong><\/p>\n<p>Vous pouvez faire une demande d\u2019admission \u00e0 l\u2019Alliance Sport-\u00c9tudes\u00a0en remplissant le <a href=\"https:\/\/alliancesportetudes.ca\/etudiants-athletes\/demande-admission\/\">formulaire en ligne<\/a> sur le site internet dans la section admission avant le 1er novembre (pour la session d&rsquo;hiver) et avant le 1er mars (pour la session d&rsquo;automne).<\/p>\n<hr \/>\n<p><strong>Dois-je m\u2019inscrire aussi dans un Coll\u00e8ge en m\u00eame temps?<\/strong><\/p>\n<p>Oui. Pour profiter des avantages du programme Sport-\u00c9tudes, l\u2019\u00e9tudiant-athl\u00e8te doit \u00e9galement \u00eatre inscrit \u00e0 un coll\u00e8ge, par exemple Br\u00e9beuf, qui est affili\u00e9 \u00e0 l\u2019Alliance Sport-\u00c9tudes.<\/p>\n<hr \/>\n<p><strong>Quels sont les frais rattach\u00e9s au programme de l\u2019Alliance Sport-\u00c9tudes?<\/strong><\/p>\n<p>L\u2019\u00e9tudiant-athl\u00e8te doit d\u00e9frayer \u00e0 chaque session les co\u00fbts reli\u00e9s \u00e0 son appartenance \u00e0 l\u2019Alliance Sport-\u00c9tudes.<\/p>\n<p>Ces frais de 44$ par session s\u2019ajoutent aux frais de scolarit\u00e9 que tout \u00e9tudiant doit d\u00e9bourser pour suivre les cours de son coll\u00e8ge.<\/p>\n<p>En ce qui concerne les \u00e9tudiants-athl\u00e8tes identifi\u00e9s espoir, les frais administratifs s\u2019\u00e9l\u00e8vent \u00e0 114$ par session.<\/p>\n<p>Comme pour les autres \u00e9tudiants-athl\u00e8tes, le coll\u00e8ge per\u00e7oit 44$ et l\u2019\u00e9tudiant-athl\u00e8te doit faire parvenir \u00e0 l\u2019Alliance Sport-\u00c9tudes 70$ par session pour y maintenir son inscription.<\/p>\n<hr \/>\n<p><strong>Quels sont les services dont je pourrai b\u00e9n\u00e9ficier avec l\u2019Alliance Sport-\u00c9tudes et le coll\u00e8ge Jean-de-Br\u00e9beuf?<\/strong><\/p>\n<ul>\n<li>Un contact privil\u00e9gi\u00e9 avec le r\u00e9pondant Sport-\u00c9tudes au coll\u00e8ge pour un acc\u00e8s aux services p\u00e9dagogiques adapt\u00e9s.<\/li>\n<li>La possibilit\u00e9 d\u2019am\u00e9nager un horaire scolaire en fonction des besoins sportifs de l\u2019athl\u00e8te, selon son cheminement.<\/li>\n<li>La possibilit\u00e9 d\u2019\u00e9taler le nombre de sessions d\u2019\u00e9tudes.<\/li>\n<li>L\u2019admissibilit\u00e9 au programme de bourses et au soutien financier de la fondation Sport-\u00c9tudes.<\/li>\n<li>La possibilit\u00e9 de suivre des cours d\u2019\u00e9ducation physique adapt\u00e9s (ensembles 2 et 3), sauf l\u2019ensemble 1 qui est obligatoire.<\/li>\n<li>La possibilit\u00e9 de reconnaissance des acquis pour des \u00e9tudiants-athl\u00e8tes reconnus \u00e9lite ou excellence.<\/li>\n<li>L\u2019acc\u00e8s \u00e0 un conseiller \u00e0 la r\u00e9ussite scolaire d\u00e9l\u00e9gu\u00e9 par l\u2019Alliance Sport-\u00c9tudes. Ce r\u00e9pondant assure un encadrement et un suivi individualis\u00e9s.<\/li>\n<\/ul>\n<hr \/>\n<p><strong>Comment dois-je proc\u00e9der pour l\u2019organisation de mon cheminement et mon horaire \u00e0 chaque session?<\/strong><\/p>\n<p>Il vous faut communiquer avec l\u2019aide p\u00e9dagogique responsable de l&rsquo;Alliance Sport-\u00c9tudes qui s\u2019occupera de v\u00e9rifier votre cheminement, ainsi que l\u2019organisation de votre horaire.<\/p>\n<p>De mani\u00e8re \u00e0 ce que des am\u00e9nagements d\u2019horaire de cours soient possibles, l\u2019\u2019\u00e9tudiant-athl\u00e8te devra fournir son horaire d\u2019entrainement \u00e0 chaque session, et ce, le plus rapidement possible. Il est recommand\u00e9 de fournir un horaire d\u2019entrainement 4 \u00e0 5 semaines avant le d\u00e9but de la session.<\/p>\n<hr \/>\n<p><strong>Quelles d\u00e9marches dois-je faire en ce qui concerne mes absences pour l\u2019entrainement et\/ou comp\u00e9tition?<\/strong><\/p>\n<p>L\u2019\u00e9tudiant-athl\u00e8te doit aviser le r\u00e9pondant et les enseignants concern\u00e9s de toute absence pr\u00e9vue et prendre entente avec eux avant le d\u00e9part pour un camp d\u2019entrainement ou une comp\u00e9tition. Un formulaire permettant de signaler des absences est disponible et doit \u00eatre compl\u00e9t\u00e9 aupr\u00e8s de la r\u00e9pondante au coll\u00e8ge.<\/p>\n<hr \/>\n<p><strong>Pour plus\u00a0<\/strong><b>d\u2019information<\/b><\/p>\n<ul>\n<li>T\u00e9l\u00e9phone : <span data-olk-copy-source=\"MessageBody\"> 514-271-7403 poste 0<\/span><\/li>\n<li>Courriel : <a title=\"mailto:information@alliancesportetudes.ca\" href=\"mailto:information@alliancesportetudes.ca\" data-linkindex=\"3\" data-olk-copy-source=\"MessageBody\">information@alliancesportetudes.ca<\/a><\/li>\n<li><a href=\"http:\/\/www.alliancesportetudes.ca\/\">Site web : Alliance Sport-\u00c9tudes<\/a><\/li>\n<\/ul>\n","protected":false},"excerpt":{"rendered":"<p>Qu\u2019est-ce que l\u2019Alliance Sport-\u00c9tudes? L\u2019Alliance Sport-\u00c9tudes soutient la pers\u00e9v\u00e9rance et la r\u00e9ussite scolaires et sportives, ainsi que le d\u00e9veloppement global des athl\u00e8tes de haut niveau qui poursuivent des \u00e9tudes coll\u00e9giales ou universitaires au Qu\u00e9bec. Quels sont les services offerts? Les&#8230;<\/p>\n","protected":false},"author":15,"featured_media":8317,"parent":0,"menu_order":21,"comment_status":"open","ping_status":"closed","template":"templates\/template-personnalisable.php","meta":{"_editorskit_title_hidden":false,"_editorskit_reading_time":3,"_editorskit_typography_data":[],"_editorskit_blocks_typography":""},"yoast_head":"<!-- This site is optimized with the Yoast SEO plugin v16.3 - https:\/\/yoast.com\/wordpress\/plugins\/seo\/ -->\n<title>Foire aux questions - Alliance Sport-\u00c9tudes - Coll\u00e9gial<\/title>\n<meta name=\"robots\" content=\"index, follow, max-snippet:-1, max-image-preview:large, max-video-preview:-1\" \/>\n<link rel=\"canonical\" href=\"https:\/\/www.brebeuf.qc.ca\/collegial\/956-2\/\" \/>\n<meta property=\"og:locale\" content=\"fr_FR\" \/>\n<meta property=\"og:type\" content=\"article\" \/>\n<meta property=\"og:title\" content=\"Foire aux questions - Alliance Sport-\u00c9tudes - Coll\u00e9gial\" \/>\n<meta property=\"og:description\" content=\"Qu\u2019est-ce que l\u2019Alliance Sport-\u00c9tudes? L\u2019Alliance Sport-\u00c9tudes soutient la pers\u00e9v\u00e9rance et la r\u00e9ussite scolaires et sportives, ainsi que le d\u00e9veloppement global des athl\u00e8tes de haut niveau qui poursuivent des \u00e9tudes coll\u00e9giales ou universitaires au Qu\u00e9bec. Quels sont les services offerts? Les...\" \/>\n<meta property=\"og:url\" content=\"https:\/\/www.brebeuf.qc.ca\/collegial\/956-2\/\" \/>\n<meta property=\"og:site_name\" content=\"Coll\u00e9gial\" \/>\n<meta property=\"article:modified_time\" content=\"2025-11-12T16:46:47+00:00\" \/>\n<meta property=\"og:image\" content=\"https:\/\/www.brebeuf.qc.ca\/collegial\/wp-content\/uploads\/sites\/2\/2024\/07\/Sports-etude.png\" \/>\n\t<meta property=\"og:image:width\" content=\"1400\" \/>\n\t<meta property=\"og:image:height\" content=\"240\" \/>\n<meta name=\"twitter:label1\" content=\"Dur\u00e9e de lecture est.\">\n\t<meta name=\"twitter:data1\" content=\"4 minutes\">\n<script type=\"application\/ld+json\" class=\"yoast-schema-graph\">{\"@context\":\"https:\/\/schema.org\",\"@graph\":[{\"@type\":\"WebSite\",\"@id\":\"https:\/\/www.brebeuf.qc.ca\/collegial\/#website\",\"url\":\"https:\/\/www.brebeuf.qc.ca\/collegial\/\",\"name\":\"Coll\\u00e9gial\",\"description\":\"Coll\\u00e8ge priv\\u00e9 | Secondaire | Coll\\u00e9gial\",\"potentialAction\":[{\"@type\":\"SearchAction\",\"target\":\"https:\/\/www.brebeuf.qc.ca\/collegial\/?s={search_term_string}\",\"query-input\":\"required name=search_term_string\"}],\"inLanguage\":\"fr-FR\"},{\"@type\":\"ImageObject\",\"@id\":\"https:\/\/www.brebeuf.qc.ca\/collegial\/956-2\/#primaryimage\",\"inLanguage\":\"fr-FR\",\"url\":\"https:\/\/www.brebeuf.qc.ca\/collegial\/wp-content\/uploads\/sites\/2\/2024\/07\/Sports-etude.png\",\"contentUrl\":\"https:\/\/www.brebeuf.qc.ca\/collegial\/wp-content\/uploads\/sites\/2\/2024\/07\/Sports-etude.png\",\"width\":1400,\"height\":240},{\"@type\":\"WebPage\",\"@id\":\"https:\/\/www.brebeuf.qc.ca\/collegial\/956-2\/#webpage\",\"url\":\"https:\/\/www.brebeuf.qc.ca\/collegial\/956-2\/\",\"name\":\"Foire aux questions - Alliance Sport-\\u00c9tudes - Coll\\u00e9gial\",\"isPartOf\":{\"@id\":\"https:\/\/www.brebeuf.qc.ca\/collegial\/#website\"},\"primaryImageOfPage\":{\"@id\":\"https:\/\/www.brebeuf.qc.ca\/collegial\/956-2\/#primaryimage\"},\"datePublished\":\"2014-11-04T19:37:10+00:00\",\"dateModified\":\"2025-11-12T16:46:47+00:00\",\"breadcrumb\":{\"@id\":\"https:\/\/www.brebeuf.qc.ca\/collegial\/956-2\/#breadcrumb\"},\"inLanguage\":\"fr-FR\",\"potentialAction\":[{\"@type\":\"ReadAction\",\"target\":[\"https:\/\/www.brebeuf.qc.ca\/collegial\/956-2\/\"]}]},{\"@type\":\"BreadcrumbList\",\"@id\":\"https:\/\/www.brebeuf.qc.ca\/collegial\/956-2\/#breadcrumb\",\"itemListElement\":[{\"@type\":\"ListItem\",\"position\":1,\"item\":{\"@type\":\"WebPage\",\"@id\":\"https:\/\/www.brebeuf.qc.ca\/collegial\/\",\"url\":\"https:\/\/www.brebeuf.qc.ca\/collegial\/\",\"name\":\"Home\"}},{\"@type\":\"ListItem\",\"position\":2,\"item\":{\"@id\":\"https:\/\/www.brebeuf.qc.ca\/collegial\/956-2\/#webpage\"}}]}]}<\/script>\n<!-- \/ Yoast SEO plugin. -->","_links":{"self":[{"href":"https:\/\/www.brebeuf.qc.ca\/collegial\/wp-json\/wp\/v2\/pages\/956"}],"collection":[{"href":"https:\/\/www.brebeuf.qc.ca\/collegial\/wp-json\/wp\/v2\/pages"}],"about":[{"href":"https:\/\/www.brebeuf.qc.ca\/collegial\/wp-json\/wp\/v2\/types\/page"}],"author":[{"embeddable":true,"href":"https:\/\/www.brebeuf.qc.ca\/collegial\/wp-json\/wp\/v2\/users\/15"}],"replies":[{"embeddable":true,"href":"https:\/\/www.brebeuf.qc.ca\/collegial\/wp-json\/wp\/v2\/comments?post=956"}],"version-history":[{"count":32,"href":"https:\/\/www.brebeuf.qc.ca\/collegial\/wp-json\/wp\/v2\/pages\/956\/revisions"}],"predecessor-version":[{"id":9275,"href":"https:\/\/www.brebeuf.qc.ca\/collegial\/wp-json\/wp\/v2\/pages\/956\/revisions\/9275"}],"wp:featuredmedia":[{"embeddable":true,"href":"https:\/\/www.brebeuf.qc.ca\/collegial\/wp-json\/wp\/v2\/media\/8317"}],"wp:attachment":[{"href":"https:\/\/www.brebeuf.qc.ca\/collegial\/wp-json\/wp\/v2\/media?parent=956"}],"curies":[{"name":"wp","href":"https:\/\/api.w.org\/{rel}","templated":true}]}}