{"id":835,"date":"2014-10-30T18:23:19","date_gmt":"2014-10-30T18:23:19","guid":{"rendered":"http:\/\/www.brebeuf.qc.ca\/collegial\/?page_id=835"},"modified":"2016-10-26T19:09:54","modified_gmt":"2016-10-26T19:09:54","slug":"professeurs","status":"publish","type":"page","link":"https:\/\/www.brebeuf.qc.ca\/collegial\/vie-academique\/cinema\/professeurs\/","title":{"rendered":"Professeurs"},"content":{"rendered":"<p><a href=\"http:\/\/www.brebeuf.qc.ca\/collegial\/wp-content\/uploads\/sites\/2\/2014\/10\/Claude-Chabot.jpg\" data-rel=\"lightbox-image-0\" data-rl_title=\"\" data-rl_caption=\"\" title=\"\"><img loading=\"lazy\" class=\"alignnone wp-image-1978\" src=\"http:\/\/www.brebeuf.qc.ca\/collegial\/wp-content\/uploads\/sites\/2\/2014\/10\/Claude-Chabot-1024x257.jpg\" alt=\"Claude Chabot\" width=\"795\" height=\"200\" srcset=\"https:\/\/www.brebeuf.qc.ca\/collegial\/wp-content\/uploads\/sites\/2\/2014\/10\/Claude-Chabot-1024x257.jpg 1024w, https:\/\/www.brebeuf.qc.ca\/collegial\/wp-content\/uploads\/sites\/2\/2014\/10\/Claude-Chabot-300x75.jpg 300w, https:\/\/www.brebeuf.qc.ca\/collegial\/wp-content\/uploads\/sites\/2\/2014\/10\/Claude-Chabot.jpg 1987w\" sizes=\"(max-width: 795px) 100vw, 795px\" \/><\/a><\/p>\n<p>&nbsp;<\/p>\n<p><strong>Claude Chabot<\/strong><\/p>\n<p style=\"text-align: justify\">Claude Chabot est professeur de cin\u00e9ma au Coll\u00e8ge depuis la fin des ann\u00e9es 80. Il a \u00e9tudi\u00e9 le cin\u00e9ma \u00e0 l\u2019Universit\u00e9 Concordia, la litt\u00e9rature \u00e0 l\u2019Universit\u00e9 Paris III et le multim\u00e9dia \u00e0 l\u2019Universit\u00e9 du Qu\u00e9bec \u00e0 Montr\u00e9al. Il a organis\u00e9 des colloques pour l\u2019Association qu\u00e9b\u00e9coise des \u00e9tudes cin\u00e9matographiques en plus de publier, entre autres, dans les revues <em>24 images<\/em> et <em>Prot\u00e9e<\/em>. Il est responsable pour le Coll\u00e8ge du Prix coll\u00e9gial du cin\u00e9ma qu\u00e9b\u00e9cois.<\/p>\n<p><b><a href=\"mailto:claude.chabot@brebeuf.qc.ca\">claude.chabot@brebeuf.qc.ca<\/a><\/b><\/p>\n<p>(514) 342-9342 poste : 5211<\/p>\n<hr \/>\n<p><a href=\"http:\/\/www.brebeuf.qc.ca\/collegial\/wp-content\/uploads\/sites\/2\/2014\/10\/Catherine-Villeneuve.jpg\" data-rel=\"lightbox-image-1\" data-rl_title=\"\" data-rl_caption=\"\" title=\"\"><img loading=\"lazy\" class=\"alignnone wp-image-1977\" src=\"http:\/\/www.brebeuf.qc.ca\/collegial\/wp-content\/uploads\/sites\/2\/2014\/10\/Catherine-Villeneuve-1024x341.jpg\" alt=\"Catherine Villeneuve\" width=\"480\" height=\"160\" srcset=\"https:\/\/www.brebeuf.qc.ca\/collegial\/wp-content\/uploads\/sites\/2\/2014\/10\/Catherine-Villeneuve-1024x341.jpg 1024w, https:\/\/www.brebeuf.qc.ca\/collegial\/wp-content\/uploads\/sites\/2\/2014\/10\/Catherine-Villeneuve-300x100.jpg 300w, https:\/\/www.brebeuf.qc.ca\/collegial\/wp-content\/uploads\/sites\/2\/2014\/10\/Catherine-Villeneuve.jpg 1500w\" sizes=\"(max-width: 480px) 100vw, 480px\" \/><\/a><\/p>\n<p><strong>Catherine Villeneuve<\/strong><\/p>\n<p style=\"text-align: justify\">Catherine Villeneuve est professeure de cin\u00e9ma et de communications. Elle a \u00e9tudi\u00e9 en communications et en litt\u00e9rature \u00e0 l\u2019UQ\u00c0M. Elle poss\u00e8de \u00e9galement une ma\u00eetrise en \u00e9tudes cin\u00e9matographiques de l\u2019Universit\u00e9 de Montr\u00e9al. S\u2019int\u00e9ressant \u00e0 la culture populaire, elle adore le cin\u00e9ma am\u00e9ricain ind\u00e9pendant et les s\u00e9ries t\u00e9l\u00e9vis\u00e9es. Elle a publi\u00e9 un texte sur l\u2019histoire de la radio de confrontation dans l\u2019ouvrage collectif <em>Fr\u00e9quences limites<\/em>.\u00a0Catherine Villeneuve est responsable du programme Arts, lettres et communication depuis 2012.<\/p>\n<p><b><a href=\"mailto:catherine.villeneuve@brebeuf.qc.ca\">catherine.villeneuve@brebeuf.qc.ca<\/a><\/b><\/p>\n<p>(514) 342-9342 poste : 5351<\/p>\n<hr \/>\n<p>&nbsp;<\/p>\n","protected":false},"excerpt":{"rendered":"<p>&nbsp; Claude Chabot Claude Chabot est professeur de cin\u00e9ma au Coll\u00e8ge depuis la fin des ann\u00e9es 80. Il a \u00e9tudi\u00e9 le cin\u00e9ma \u00e0 l\u2019Universit\u00e9 Concordia, la litt\u00e9rature \u00e0 l\u2019Universit\u00e9 Paris III et le multim\u00e9dia \u00e0 l\u2019Universit\u00e9 du Qu\u00e9bec \u00e0 Montr\u00e9al&#8230;.<\/p>\n","protected":false},"author":3,"featured_media":2565,"parent":549,"menu_order":0,"comment_status":"open","ping_status":"closed","template":"templates\/template-personnalisable.php","meta":{"_editorskit_title_hidden":false,"_editorskit_reading_time":0,"_editorskit_typography_data":[],"_editorskit_blocks_typography":""},"yoast_head":"<!-- This site is optimized with the Yoast SEO plugin v16.3 - https:\/\/yoast.com\/wordpress\/plugins\/seo\/ -->\n<title>Professeurs - Coll\u00e9gial<\/title>\n<meta name=\"robots\" content=\"index, follow, max-snippet:-1, max-image-preview:large, max-video-preview:-1\" \/>\n<link rel=\"canonical\" href=\"https:\/\/www.brebeuf.qc.ca\/collegial\/vie-academique\/cinema\/professeurs\/\" \/>\n<meta property=\"og:locale\" content=\"fr_FR\" \/>\n<meta property=\"og:type\" content=\"article\" \/>\n<meta property=\"og:title\" content=\"Professeurs - Coll\u00e9gial\" \/>\n<meta property=\"og:description\" content=\"&nbsp; Claude Chabot Claude Chabot est professeur de cin\u00e9ma au Coll\u00e8ge depuis la fin des ann\u00e9es 80. Il a \u00e9tudi\u00e9 le cin\u00e9ma \u00e0 l\u2019Universit\u00e9 Concordia, la litt\u00e9rature \u00e0 l\u2019Universit\u00e9 Paris III et le multim\u00e9dia \u00e0 l\u2019Universit\u00e9 du Qu\u00e9bec \u00e0 Montr\u00e9al....\" \/>\n<meta property=\"og:url\" content=\"https:\/\/www.brebeuf.qc.ca\/collegial\/vie-academique\/cinema\/professeurs\/\" \/>\n<meta property=\"og:site_name\" content=\"Coll\u00e9gial\" \/>\n<meta property=\"article:modified_time\" content=\"2016-10-26T19:09:54+00:00\" \/>\n<meta property=\"og:image\" content=\"https:\/\/www.brebeuf.qc.ca\/collegial\/wp-content\/uploads\/sites\/2\/2014\/10\/site-web_cinema1.jpg\" \/>\n\t<meta property=\"og:image:width\" content=\"1400\" \/>\n\t<meta property=\"og:image:height\" content=\"240\" \/>\n<meta name=\"twitter:label1\" content=\"Dur\u00e9e de lecture est.\">\n\t<meta name=\"twitter:data1\" content=\"1 minute\">\n<script type=\"application\/ld+json\" class=\"yoast-schema-graph\">{\"@context\":\"https:\/\/schema.org\",\"@graph\":[{\"@type\":\"WebSite\",\"@id\":\"https:\/\/www.brebeuf.qc.ca\/collegial\/#website\",\"url\":\"https:\/\/www.brebeuf.qc.ca\/collegial\/\",\"name\":\"Coll\\u00e9gial\",\"description\":\"Coll\\u00e8ge priv\\u00e9 | Secondaire | Coll\\u00e9gial\",\"potentialAction\":[{\"@type\":\"SearchAction\",\"target\":\"https:\/\/www.brebeuf.qc.ca\/collegial\/?s={search_term_string}\",\"query-input\":\"required name=search_term_string\"}],\"inLanguage\":\"fr-FR\"},{\"@type\":\"ImageObject\",\"@id\":\"https:\/\/www.brebeuf.qc.ca\/collegial\/vie-academique\/cinema\/professeurs\/#primaryimage\",\"inLanguage\":\"fr-FR\",\"url\":\"https:\/\/www.brebeuf.qc.ca\/collegial\/wp-content\/uploads\/sites\/2\/2014\/10\/site-web_cinema1.jpg\",\"contentUrl\":\"https:\/\/www.brebeuf.qc.ca\/collegial\/wp-content\/uploads\/sites\/2\/2014\/10\/site-web_cinema1.jpg\",\"width\":1400,\"height\":240},{\"@type\":\"WebPage\",\"@id\":\"https:\/\/www.brebeuf.qc.ca\/collegial\/vie-academique\/cinema\/professeurs\/#webpage\",\"url\":\"https:\/\/www.brebeuf.qc.ca\/collegial\/vie-academique\/cinema\/professeurs\/\",\"name\":\"Professeurs - Coll\\u00e9gial\",\"isPartOf\":{\"@id\":\"https:\/\/www.brebeuf.qc.ca\/collegial\/#website\"},\"primaryImageOfPage\":{\"@id\":\"https:\/\/www.brebeuf.qc.ca\/collegial\/vie-academique\/cinema\/professeurs\/#primaryimage\"},\"datePublished\":\"2014-10-30T18:23:19+00:00\",\"dateModified\":\"2016-10-26T19:09:54+00:00\",\"breadcrumb\":{\"@id\":\"https:\/\/www.brebeuf.qc.ca\/collegial\/vie-academique\/cinema\/professeurs\/#breadcrumb\"},\"inLanguage\":\"fr-FR\",\"potentialAction\":[{\"@type\":\"ReadAction\",\"target\":[\"https:\/\/www.brebeuf.qc.ca\/collegial\/vie-academique\/cinema\/professeurs\/\"]}]},{\"@type\":\"BreadcrumbList\",\"@id\":\"https:\/\/www.brebeuf.qc.ca\/collegial\/vie-academique\/cinema\/professeurs\/#breadcrumb\",\"itemListElement\":[{\"@type\":\"ListItem\",\"position\":1,\"item\":{\"@type\":\"WebPage\",\"@id\":\"https:\/\/www.brebeuf.qc.ca\/collegial\/\",\"url\":\"https:\/\/www.brebeuf.qc.ca\/collegial\/\",\"name\":\"Home\"}},{\"@type\":\"ListItem\",\"position\":2,\"item\":{\"@type\":\"WebPage\",\"@id\":\"https:\/\/www.brebeuf.qc.ca\/collegial\/vie-academique\/\",\"url\":\"https:\/\/www.brebeuf.qc.ca\/collegial\/vie-academique\/\",\"name\":\"Vie acad\\u00e9mique\"}},{\"@type\":\"ListItem\",\"position\":3,\"item\":{\"@type\":\"WebPage\",\"@id\":\"https:\/\/www.brebeuf.qc.ca\/collegial\/vie-academique\/cinema\/\",\"url\":\"https:\/\/www.brebeuf.qc.ca\/collegial\/vie-academique\/cinema\/\",\"name\":\"Cin\\u00e9ma\"}},{\"@type\":\"ListItem\",\"position\":4,\"item\":{\"@id\":\"https:\/\/www.brebeuf.qc.ca\/collegial\/vie-academique\/cinema\/professeurs\/#webpage\"}}]}]}<\/script>\n<!-- \/ Yoast SEO plugin. -->","_links":{"self":[{"href":"https:\/\/www.brebeuf.qc.ca\/collegial\/wp-json\/wp\/v2\/pages\/835"}],"collection":[{"href":"https:\/\/www.brebeuf.qc.ca\/collegial\/wp-json\/wp\/v2\/pages"}],"about":[{"href":"https:\/\/www.brebeuf.qc.ca\/collegial\/wp-json\/wp\/v2\/types\/page"}],"author":[{"embeddable":true,"href":"https:\/\/www.brebeuf.qc.ca\/collegial\/wp-json\/wp\/v2\/users\/3"}],"replies":[{"embeddable":true,"href":"https:\/\/www.brebeuf.qc.ca\/collegial\/wp-json\/wp\/v2\/comments?post=835"}],"version-history":[{"count":10,"href":"https:\/\/www.brebeuf.qc.ca\/collegial\/wp-json\/wp\/v2\/pages\/835\/revisions"}],"predecessor-version":[{"id":2938,"href":"https:\/\/www.brebeuf.qc.ca\/collegial\/wp-json\/wp\/v2\/pages\/835\/revisions\/2938"}],"up":[{"embeddable":true,"href":"https:\/\/www.brebeuf.qc.ca\/collegial\/wp-json\/wp\/v2\/pages\/549"}],"wp:featuredmedia":[{"embeddable":true,"href":"https:\/\/www.brebeuf.qc.ca\/collegial\/wp-json\/wp\/v2\/media\/2565"}],"wp:attachment":[{"href":"https:\/\/www.brebeuf.qc.ca\/collegial\/wp-json\/wp\/v2\/media?parent=835"}],"curies":[{"name":"wp","href":"https:\/\/api.w.org\/{rel}","templated":true}]}}