{"id":7586,"date":"2023-09-28T14:27:48","date_gmt":"2023-09-28T14:27:48","guid":{"rendered":"https:\/\/www.brebeuf.qc.ca\/collegial\/?page_id=7586"},"modified":"2023-09-28T14:28:19","modified_gmt":"2023-09-28T14:28:19","slug":"particularites-pour-les-etudiants-es-du-baccalaureat-international-bi","status":"publish","type":"page","link":"https:\/\/www.brebeuf.qc.ca\/collegial\/aide-la-reussite\/particularites-pour-les-etudiants-es-du-baccalaureat-international-bi\/","title":{"rendered":"Particularit\u00e9s pour les \u00e9tudiants.es du Baccalaur\u00e9at international (BI)"},"content":{"rendered":"\n<p>L\u2019organisation du Baccalaur\u00e9at International (OBI) exige une attestation qui confirme le ou les diagnostics re\u00e7us. Leur r\u00e8glement stipule qu\u2019une demande d\u2019am\u00e9nagement \u00e0 des fins d\u2019acc\u00e8s et d\u2019inclusion (ce qui correspond \u00e0 nos mesures d\u2019accommodement) doit \u00eatre justifi\u00e9e par un rapport d\u00e9livr\u00e9 au cours des trois ans pr\u00e9c\u00e9dant la session des \u00e9preuves concern\u00e9es. Par exemple, cela qui signifie que le rapport dont la date est ant\u00e9rieure \u00e0 janvier 2024 n\u2019est pas conforme \u00e0 leurs r\u00e8gles (minimum janvier 2024 pour les \u00e9preuves en mai 2026).<\/p>\n\n\n\n<p>D\u2019autre part, le rapport doit indiquer les r\u00e9sultats du candidat ou de la candidate aux tests standardis\u00e9s utilis\u00e9s pour valider le diagnostic. Les r\u00e9sultats doivent \u00eatre pr\u00e9sent\u00e9s sous forme de notes standardis\u00e9es, avec une moyenne \u00e9gale \u00e0 100 et un \u00e9cart-type de 1.5.<\/p>\n\n\n\n<ul><li>L\u2019OBI n\u2019approuve pas les scores en centile ni d\u2019\u00e9quivalant en \u00e2ge ou de niveau scolaire.<\/li><\/ul>\n\n\n\n<p>Pour ceux et celles dont le rapport est ant\u00e9rieur \u00e0 janvier 2024, une lettre d\u2019attestation confirmant le diagnostic, la conclusion du professionnel et un tableau r\u00e9capitulatif des donn\u00e9es (tests, sous-tests, questionnaires, \u00e9chelles utilis\u00e9es ainsi que des notes standardis\u00e9es) est accept\u00e9e.<\/p>\n\n\n\n<p>\u00c0 titre indicatif, la demande d\u2019am\u00e9nagement aupr\u00e8s du BI doit \u00eatre d\u00e9pos\u00e9e 6 mois avant le d\u00e9but des \u00e9preuves finales (par exemple, pour les \u00e9preuves de H2026, la date limite de d\u00e9p\u00f4t sera le 1<sup>er<\/sup> novembre 2025).<\/p>\n","protected":false},"excerpt":{"rendered":"<p>L\u2019organisation du Baccalaur\u00e9at International (OBI) exige une attestation qui confirme le ou les diagnostics re\u00e7us. Leur r\u00e8glement stipule qu\u2019une demande d\u2019am\u00e9nagement \u00e0 des fins d\u2019acc\u00e8s et d\u2019inclusion (ce qui correspond \u00e0 nos mesures d\u2019accommodement) doit \u00eatre justifi\u00e9e par un rapport&#8230;<\/p>\n","protected":false},"author":87,"featured_media":0,"parent":357,"menu_order":0,"comment_status":"closed","ping_status":"closed","template":"templates\/template-personnalisable.php","meta":{"_editorskit_title_hidden":false,"_editorskit_reading_time":1,"_editorskit_typography_data":[],"_editorskit_blocks_typography":""},"yoast_head":"<!-- This site is optimized with the Yoast SEO plugin v16.3 - https:\/\/yoast.com\/wordpress\/plugins\/seo\/ -->\n<title>Particularit\u00e9s pour les \u00e9tudiants.es du Baccalaur\u00e9at international (BI) - Coll\u00e9gial<\/title>\n<meta name=\"robots\" content=\"index, follow, max-snippet:-1, max-image-preview:large, max-video-preview:-1\" \/>\n<link rel=\"canonical\" href=\"https:\/\/www.brebeuf.qc.ca\/collegial\/aide-la-reussite\/particularites-pour-les-etudiants-es-du-baccalaureat-international-bi\/\" \/>\n<meta property=\"og:locale\" content=\"fr_FR\" \/>\n<meta property=\"og:type\" content=\"article\" \/>\n<meta property=\"og:title\" content=\"Particularit\u00e9s pour les \u00e9tudiants.es du Baccalaur\u00e9at international (BI) - Coll\u00e9gial\" \/>\n<meta property=\"og:description\" content=\"L\u2019organisation du Baccalaur\u00e9at International (OBI) exige une attestation qui confirme le ou les diagnostics re\u00e7us. Leur r\u00e8glement stipule qu\u2019une demande d\u2019am\u00e9nagement \u00e0 des fins d\u2019acc\u00e8s et d\u2019inclusion (ce qui correspond \u00e0 nos mesures d\u2019accommodement) doit \u00eatre justifi\u00e9e par un rapport...\" \/>\n<meta property=\"og:url\" content=\"https:\/\/www.brebeuf.qc.ca\/collegial\/aide-la-reussite\/particularites-pour-les-etudiants-es-du-baccalaureat-international-bi\/\" \/>\n<meta property=\"og:site_name\" content=\"Coll\u00e9gial\" \/>\n<meta property=\"article:modified_time\" content=\"2023-09-28T14:28:19+00:00\" \/>\n<meta name=\"twitter:label1\" content=\"Dur\u00e9e de lecture est.\">\n\t<meta name=\"twitter:data1\" content=\"1 minute\">\n<script type=\"application\/ld+json\" class=\"yoast-schema-graph\">{\"@context\":\"https:\/\/schema.org\",\"@graph\":[{\"@type\":\"WebSite\",\"@id\":\"https:\/\/www.brebeuf.qc.ca\/collegial\/#website\",\"url\":\"https:\/\/www.brebeuf.qc.ca\/collegial\/\",\"name\":\"Coll\\u00e9gial\",\"description\":\"Coll\\u00e8ge priv\\u00e9 | Secondaire | Coll\\u00e9gial\",\"potentialAction\":[{\"@type\":\"SearchAction\",\"target\":\"https:\/\/www.brebeuf.qc.ca\/collegial\/?s={search_term_string}\",\"query-input\":\"required name=search_term_string\"}],\"inLanguage\":\"fr-FR\"},{\"@type\":\"WebPage\",\"@id\":\"https:\/\/www.brebeuf.qc.ca\/collegial\/aide-la-reussite\/particularites-pour-les-etudiants-es-du-baccalaureat-international-bi\/#webpage\",\"url\":\"https:\/\/www.brebeuf.qc.ca\/collegial\/aide-la-reussite\/particularites-pour-les-etudiants-es-du-baccalaureat-international-bi\/\",\"name\":\"Particularit\\u00e9s pour les \\u00e9tudiants.es du Baccalaur\\u00e9at international (BI) - Coll\\u00e9gial\",\"isPartOf\":{\"@id\":\"https:\/\/www.brebeuf.qc.ca\/collegial\/#website\"},\"datePublished\":\"2023-09-28T14:27:48+00:00\",\"dateModified\":\"2023-09-28T14:28:19+00:00\",\"breadcrumb\":{\"@id\":\"https:\/\/www.brebeuf.qc.ca\/collegial\/aide-la-reussite\/particularites-pour-les-etudiants-es-du-baccalaureat-international-bi\/#breadcrumb\"},\"inLanguage\":\"fr-FR\",\"potentialAction\":[{\"@type\":\"ReadAction\",\"target\":[\"https:\/\/www.brebeuf.qc.ca\/collegial\/aide-la-reussite\/particularites-pour-les-etudiants-es-du-baccalaureat-international-bi\/\"]}]},{\"@type\":\"BreadcrumbList\",\"@id\":\"https:\/\/www.brebeuf.qc.ca\/collegial\/aide-la-reussite\/particularites-pour-les-etudiants-es-du-baccalaureat-international-bi\/#breadcrumb\",\"itemListElement\":[{\"@type\":\"ListItem\",\"position\":1,\"item\":{\"@type\":\"WebPage\",\"@id\":\"https:\/\/www.brebeuf.qc.ca\/collegial\/\",\"url\":\"https:\/\/www.brebeuf.qc.ca\/collegial\/\",\"name\":\"Home\"}},{\"@type\":\"ListItem\",\"position\":2,\"item\":{\"@type\":\"WebPage\",\"@id\":\"https:\/\/www.brebeuf.qc.ca\/collegial\/aide-la-reussite\/\",\"url\":\"https:\/\/www.brebeuf.qc.ca\/collegial\/aide-la-reussite\/\",\"name\":\"Aides \\u00e0 la r\\u00e9ussite et information scolaire\"}},{\"@type\":\"ListItem\",\"position\":3,\"item\":{\"@id\":\"https:\/\/www.brebeuf.qc.ca\/collegial\/aide-la-reussite\/particularites-pour-les-etudiants-es-du-baccalaureat-international-bi\/#webpage\"}}]}]}<\/script>\n<!-- \/ Yoast SEO plugin. -->","_links":{"self":[{"href":"https:\/\/www.brebeuf.qc.ca\/collegial\/wp-json\/wp\/v2\/pages\/7586"}],"collection":[{"href":"https:\/\/www.brebeuf.qc.ca\/collegial\/wp-json\/wp\/v2\/pages"}],"about":[{"href":"https:\/\/www.brebeuf.qc.ca\/collegial\/wp-json\/wp\/v2\/types\/page"}],"author":[{"embeddable":true,"href":"https:\/\/www.brebeuf.qc.ca\/collegial\/wp-json\/wp\/v2\/users\/87"}],"replies":[{"embeddable":true,"href":"https:\/\/www.brebeuf.qc.ca\/collegial\/wp-json\/wp\/v2\/comments?post=7586"}],"version-history":[{"count":1,"href":"https:\/\/www.brebeuf.qc.ca\/collegial\/wp-json\/wp\/v2\/pages\/7586\/revisions"}],"predecessor-version":[{"id":7588,"href":"https:\/\/www.brebeuf.qc.ca\/collegial\/wp-json\/wp\/v2\/pages\/7586\/revisions\/7588"}],"up":[{"embeddable":true,"href":"https:\/\/www.brebeuf.qc.ca\/collegial\/wp-json\/wp\/v2\/pages\/357"}],"wp:attachment":[{"href":"https:\/\/www.brebeuf.qc.ca\/collegial\/wp-json\/wp\/v2\/media?parent=7586"}],"curies":[{"name":"wp","href":"https:\/\/api.w.org\/{rel}","templated":true}]}}

Particularités pour les étudiants.es du Baccalauréat international (BI)

<p>L’organisation du Baccalauréat International (OBI) exige une attestation qui confirme le ou les diagnostics reçus. Leur règlement stipule qu’une demande d’aménagement à des fins d’accès et d’inclusion (ce qui correspond à nos mesures d’accommodement) doit être justifiée par un rapport délivré au cours des trois ans précédant la session des épreuves concernées. Par exemple, cela qui signifie que le rapport dont la date est antérieure à janvier 2024 n’est pas conforme à leurs règles (minimum janvier 2024 pour les épreuves en mai 2026).</p>



<p>D’autre part, le rapport doit indiquer les résultats du candidat ou de la candidate aux tests standardisés utilisés pour valider le diagnostic. Les résultats doivent être présentés sous forme de notes standardisées, avec une moyenne égale à 100 et un écart-type de 1.5.</p>



<ul><li>L’OBI n’approuve pas les scores en centile ni d’équivalant en âge ou de niveau scolaire.</li></ul>



<p>Pour ceux et celles dont le rapport est antérieur à janvier 2024, une lettre d’attestation confirmant le diagnostic, la conclusion du professionnel et un tableau récapitulatif des données (tests, sous-tests, questionnaires, échelles utilisées ainsi que des notes standardisées) est acceptée.</p>



<p>À titre indicatif, la demande d’aménagement auprès du BI doit être déposée 6 mois avant le début des épreuves finales (par exemple, pour les épreuves de H2026, la date limite de dépôt sera le 1<sup>er</sup> novembre 2025).</p>

<p>L’organisation du Baccalauréat International (OBI) exige une attestation qui confirme le ou les diagnostics reçus. Leur règlement stipule qu’une demande d’aménagement à des fins d’accès et d’inclusion (ce qui correspond à nos mesures d’accommodement) doit être justifiée par un rapport&#8230;</p>

<!-- This site is optimized with the Yoast SEO plugin v16.3 - https://yoast.com/wordpress/plugins/seo/ -->
<title>Particularités pour les étudiants.es du Baccalauréat international (BI) - Collégial</title>
<meta name="robots" content="index, follow, max-snippet:-1, max-image-preview:large, max-video-preview:-1" />
<link rel="canonical" href="https://www.brebeuf.qc.ca/collegial/aide-la-reussite/particularites-pour-les-etudiants-es-du-baccalaureat-international-bi/" />
<meta property="og:locale" content="fr_FR" />
<meta property="og:type" content="article" />
<meta property="og:title" content="Particularités pour les étudiants.es du Baccalauréat international (BI) - Collégial" />
<meta property="og:description" content="L’organisation du Baccalauréat International (OBI) exige une attestation qui confirme le ou les diagnostics reçus. Leur règlement stipule qu’une demande d’aménagement à des fins d’accès et d’inclusion (ce qui correspond à nos mesures d’accommodement) doit être justifiée par un rapport..." />
<meta property="og:url" content="https://www.brebeuf.qc.ca/collegial/aide-la-reussite/particularites-pour-les-etudiants-es-du-baccalaureat-international-bi/" />
<meta property="og:site_name" content="Collégial" />
<meta property="article:modified_time" content="2023-09-28T14:28:19+00:00" />
<meta name="twitter:label1" content="Durée de lecture est.">
	<meta name="twitter:data1" content="1 minute">
<script type="application/ld+json" class="yoast-schema-graph">{"@context":"https://schema.org","@graph":[{"@type":"WebSite","@id":"https://www.brebeuf.qc.ca/collegial/#website","url":"https://www.brebeuf.qc.ca/collegial/","name":"Coll\u00e9gial","description":"Coll\u00e8ge priv\u00e9 | Secondaire | Coll\u00e9gial","potentialAction":[{"@type":"SearchAction","target":"https://www.brebeuf.qc.ca/collegial/?s={search_term_string}","query-input":"required name=search_term_string"}],"inLanguage":"fr-FR"},{"@type":"WebPage","@id":"https://www.brebeuf.qc.ca/collegial/aide-la-reussite/particularites-pour-les-etudiants-es-du-baccalaureat-international-bi/#webpage","url":"https://www.brebeuf.qc.ca/collegial/aide-la-reussite/particularites-pour-les-etudiants-es-du-baccalaureat-international-bi/","name":"Particularit\u00e9s pour les \u00e9tudiants.es du Baccalaur\u00e9at international (BI) - Coll\u00e9gial","isPartOf":{"@id":"https://www.brebeuf.qc.ca/collegial/#website"},"datePublished":"2023-09-28T14:27:48+00:00","dateModified":"2023-09-28T14:28:19+00:00","breadcrumb":{"@id":"https://www.brebeuf.qc.ca/collegial/aide-la-reussite/particularites-pour-les-etudiants-es-du-baccalaureat-international-bi/#breadcrumb"},"inLanguage":"fr-FR","potentialAction":[{"@type":"ReadAction","target":["https://www.brebeuf.qc.ca/collegial/aide-la-reussite/particularites-pour-les-etudiants-es-du-baccalaureat-international-bi/"]}]},{"@type":"BreadcrumbList","@id":"https://www.brebeuf.qc.ca/collegial/aide-la-reussite/particularites-pour-les-etudiants-es-du-baccalaureat-international-bi/#breadcrumb","itemListElement":[{"@type":"ListItem","position":1,"item":{"@type":"WebPage","@id":"https://www.brebeuf.qc.ca/collegial/","url":"https://www.brebeuf.qc.ca/collegial/","name":"Home"}},{"@type":"ListItem","position":2,"item":{"@type":"WebPage","@id":"https://www.brebeuf.qc.ca/collegial/aide-la-reussite/","url":"https://www.brebeuf.qc.ca/collegial/aide-la-reussite/","name":"Aides \u00e0 la r\u00e9ussite et information scolaire"}},{"@type":"ListItem","position":3,"item":{"@id":"https://www.brebeuf.qc.ca/collegial/aide-la-reussite/particularites-pour-les-etudiants-es-du-baccalaureat-international-bi/#webpage"}}]}]}</script>
<!-- / Yoast SEO plugin. -->
