{"id":755,"date":"2014-10-21T20:39:10","date_gmt":"2014-10-21T20:39:10","guid":{"rendered":"http:\/\/www.brebeuf.qc.ca\/collegial\/?page_id=755"},"modified":"2024-08-08T19:34:35","modified_gmt":"2024-08-08T19:34:35","slug":"tic-magellan","status":"publish","type":"page","link":"https:\/\/www.brebeuf.qc.ca\/collegial\/vie-academique\/tic-magellan\/","title":{"rendered":"TIC &#8211; Magellan"},"content":{"rendered":"<h3>Formation en technologie de l&rsquo;information et des communications<\/h3>\n<p>Au Qu\u00e9bec, le Coll\u00e8ge Jean-de-Br\u00e9beuf est le seul organisme du r\u00e9seau coll\u00e9gial \u00e0 donner \u00e0 l&rsquo;ensemble des \u00e9tudiants une formation sp\u00e9cifique en technologie de l&rsquo;information.<\/p>\n<p>Aujourd&rsquo;hui, la connaissance et la ma\u00eetrise de diff\u00e9rents outils technologiques sont fondamentales et, pour nous, cette formation devenue essentielle est en lien avec un volet de la mission du Coll\u00e8ge qui vise \u00e0 pr\u00e9parer nos \u00e9tudiants \u00e0 servir la soci\u00e9t\u00e9 avec comp\u00e9tence.<\/p>\n<p><strong>Objectifs de la formation en technologie de l&rsquo;information et des communications<\/strong><\/p>\n<p>Les objectifs de ce projet de formation visent \u00e0 assurer aux dipl\u00f4m\u00e9s du Coll\u00e8ge la ma\u00eetrise des technologies de l&rsquo;information et des communications n\u00e9cessaire \u00e0 la poursuite d&rsquo;\u00e9tudes universitaires dans le champ d&rsquo;\u00e9tudes qu&rsquo;ils auront choisi et, de plus, permet de favoriser d\u00e8s le coll\u00e9gial une utilisation efficace de ces technologies.<\/p>\n<p><strong>Six diff\u00e9rents programmes d&rsquo;enseignement<\/strong> permettent d&rsquo;assurer une formation sp\u00e9cifique dans les domaines suivants :<\/p>\n<ul>\n<li><a href=\"https:\/\/www.brebeuf.qc.ca\/collegial\/wp-content\/uploads\/sites\/2\/2019\/09\/BI_Sciences-de-la-nature.pdf\">BI &#8211; Sciences de la nature<\/a><\/li>\n<li><a href=\"https:\/\/www.brebeuf.qc.ca\/collegial\/wp-content\/uploads\/sites\/2\/2019\/09\/BI_Sciences-humaines.pdf\">BI &#8211; Sciences humaines<\/a><\/li>\n<li><a href=\"https:\/\/www.brebeuf.qc.ca\/collegial\/wp-content\/uploads\/sites\/2\/2019\/09\/Arts-lettres-et-communication.pdf\">DEC &#8211; Arts, lettres et communication<\/a><\/li>\n<li><a href=\"https:\/\/www.brebeuf.qc.ca\/collegial\/wp-content\/uploads\/sites\/2\/2019\/09\/DEC-Sciences-de-la-nature.pdf\">DEC &#8211; Sciences de la nature<\/a><\/li>\n<li><a href=\"https:\/\/www.brebeuf.qc.ca\/collegial\/wp-content\/uploads\/sites\/2\/2019\/09\/DEC-Sciences-humaines.pdf\">DEC &#8211; Sciences humaines<\/a><\/li>\n<li><a href=\"https:\/\/www.brebeuf.qc.ca\/collegial\/wp-content\/uploads\/sites\/2\/2019\/09\/Sciences-lettres-et-arts.pdf\">DEC &#8211; Sciences, lettres et arts<\/a><\/li>\n<\/ul>\n","protected":false},"excerpt":{"rendered":"<p>Formation en technologie de l&rsquo;information et des communications Au Qu\u00e9bec, le Coll\u00e8ge Jean-de-Br\u00e9beuf est le seul organisme du r\u00e9seau coll\u00e9gial \u00e0 donner \u00e0 l&rsquo;ensemble des \u00e9tudiants une formation sp\u00e9cifique en technologie de l&rsquo;information. Aujourd&rsquo;hui, la connaissance et la ma\u00eetrise de&#8230;<\/p>\n","protected":false},"author":3,"featured_media":8360,"parent":74,"menu_order":0,"comment_status":"open","ping_status":"closed","template":"templates\/template-personnalisable.php","meta":{"_editorskit_title_hidden":false,"_editorskit_reading_time":1,"_editorskit_typography_data":[],"_editorskit_blocks_typography":""},"yoast_head":"<!-- This site is optimized with the Yoast SEO plugin v16.3 - https:\/\/yoast.com\/wordpress\/plugins\/seo\/ -->\n<title>TIC - Magellan - Coll\u00e9gial<\/title>\n<meta name=\"robots\" content=\"index, follow, max-snippet:-1, max-image-preview:large, max-video-preview:-1\" \/>\n<link rel=\"canonical\" href=\"https:\/\/www.brebeuf.qc.ca\/collegial\/vie-academique\/tic-magellan\/\" \/>\n<meta property=\"og:locale\" content=\"fr_FR\" \/>\n<meta property=\"og:type\" content=\"article\" \/>\n<meta property=\"og:title\" content=\"TIC - Magellan - Coll\u00e9gial\" \/>\n<meta property=\"og:description\" content=\"Formation en technologie de l&rsquo;information et des communications Au Qu\u00e9bec, le Coll\u00e8ge Jean-de-Br\u00e9beuf est le seul organisme du r\u00e9seau coll\u00e9gial \u00e0 donner \u00e0 l&rsquo;ensemble des \u00e9tudiants une formation sp\u00e9cifique en technologie de l&rsquo;information. Aujourd&rsquo;hui, la connaissance et la ma\u00eetrise de...\" \/>\n<meta property=\"og:url\" content=\"https:\/\/www.brebeuf.qc.ca\/collegial\/vie-academique\/tic-magellan\/\" \/>\n<meta property=\"og:site_name\" content=\"Coll\u00e9gial\" \/>\n<meta property=\"article:modified_time\" content=\"2024-08-08T19:34:35+00:00\" \/>\n<meta property=\"og:image\" content=\"https:\/\/www.brebeuf.qc.ca\/collegial\/wp-content\/uploads\/sites\/2\/2024\/08\/TIC-Magellan-collegial.png\" \/>\n\t<meta property=\"og:image:width\" content=\"1400\" \/>\n\t<meta property=\"og:image:height\" content=\"240\" \/>\n<meta name=\"twitter:label1\" content=\"Dur\u00e9e de lecture est.\">\n\t<meta name=\"twitter:data1\" content=\"1 minute\">\n<script type=\"application\/ld+json\" class=\"yoast-schema-graph\">{\"@context\":\"https:\/\/schema.org\",\"@graph\":[{\"@type\":\"WebSite\",\"@id\":\"https:\/\/www.brebeuf.qc.ca\/collegial\/#website\",\"url\":\"https:\/\/www.brebeuf.qc.ca\/collegial\/\",\"name\":\"Coll\\u00e9gial\",\"description\":\"Coll\\u00e8ge priv\\u00e9 | Secondaire | Coll\\u00e9gial\",\"potentialAction\":[{\"@type\":\"SearchAction\",\"target\":\"https:\/\/www.brebeuf.qc.ca\/collegial\/?s={search_term_string}\",\"query-input\":\"required name=search_term_string\"}],\"inLanguage\":\"fr-FR\"},{\"@type\":\"ImageObject\",\"@id\":\"https:\/\/www.brebeuf.qc.ca\/collegial\/vie-academique\/tic-magellan\/#primaryimage\",\"inLanguage\":\"fr-FR\",\"url\":\"https:\/\/www.brebeuf.qc.ca\/collegial\/wp-content\/uploads\/sites\/2\/2024\/08\/TIC-Magellan-collegial.png\",\"contentUrl\":\"https:\/\/www.brebeuf.qc.ca\/collegial\/wp-content\/uploads\/sites\/2\/2024\/08\/TIC-Magellan-collegial.png\",\"width\":1400,\"height\":240},{\"@type\":\"WebPage\",\"@id\":\"https:\/\/www.brebeuf.qc.ca\/collegial\/vie-academique\/tic-magellan\/#webpage\",\"url\":\"https:\/\/www.brebeuf.qc.ca\/collegial\/vie-academique\/tic-magellan\/\",\"name\":\"TIC - Magellan - Coll\\u00e9gial\",\"isPartOf\":{\"@id\":\"https:\/\/www.brebeuf.qc.ca\/collegial\/#website\"},\"primaryImageOfPage\":{\"@id\":\"https:\/\/www.brebeuf.qc.ca\/collegial\/vie-academique\/tic-magellan\/#primaryimage\"},\"datePublished\":\"2014-10-21T20:39:10+00:00\",\"dateModified\":\"2024-08-08T19:34:35+00:00\",\"breadcrumb\":{\"@id\":\"https:\/\/www.brebeuf.qc.ca\/collegial\/vie-academique\/tic-magellan\/#breadcrumb\"},\"inLanguage\":\"fr-FR\",\"potentialAction\":[{\"@type\":\"ReadAction\",\"target\":[\"https:\/\/www.brebeuf.qc.ca\/collegial\/vie-academique\/tic-magellan\/\"]}]},{\"@type\":\"BreadcrumbList\",\"@id\":\"https:\/\/www.brebeuf.qc.ca\/collegial\/vie-academique\/tic-magellan\/#breadcrumb\",\"itemListElement\":[{\"@type\":\"ListItem\",\"position\":1,\"item\":{\"@type\":\"WebPage\",\"@id\":\"https:\/\/www.brebeuf.qc.ca\/collegial\/\",\"url\":\"https:\/\/www.brebeuf.qc.ca\/collegial\/\",\"name\":\"Home\"}},{\"@type\":\"ListItem\",\"position\":2,\"item\":{\"@type\":\"WebPage\",\"@id\":\"https:\/\/www.brebeuf.qc.ca\/collegial\/vie-academique\/\",\"url\":\"https:\/\/www.brebeuf.qc.ca\/collegial\/vie-academique\/\",\"name\":\"Vie acad\\u00e9mique\"}},{\"@type\":\"ListItem\",\"position\":3,\"item\":{\"@id\":\"https:\/\/www.brebeuf.qc.ca\/collegial\/vie-academique\/tic-magellan\/#webpage\"}}]}]}<\/script>\n<!-- \/ Yoast SEO plugin. -->","_links":{"self":[{"href":"https:\/\/www.brebeuf.qc.ca\/collegial\/wp-json\/wp\/v2\/pages\/755"}],"collection":[{"href":"https:\/\/www.brebeuf.qc.ca\/collegial\/wp-json\/wp\/v2\/pages"}],"about":[{"href":"https:\/\/www.brebeuf.qc.ca\/collegial\/wp-json\/wp\/v2\/types\/page"}],"author":[{"embeddable":true,"href":"https:\/\/www.brebeuf.qc.ca\/collegial\/wp-json\/wp\/v2\/users\/3"}],"replies":[{"embeddable":true,"href":"https:\/\/www.brebeuf.qc.ca\/collegial\/wp-json\/wp\/v2\/comments?post=755"}],"version-history":[{"count":17,"href":"https:\/\/www.brebeuf.qc.ca\/collegial\/wp-json\/wp\/v2\/pages\/755\/revisions"}],"predecessor-version":[{"id":4607,"href":"https:\/\/www.brebeuf.qc.ca\/collegial\/wp-json\/wp\/v2\/pages\/755\/revisions\/4607"}],"up":[{"embeddable":true,"href":"https:\/\/www.brebeuf.qc.ca\/collegial\/wp-json\/wp\/v2\/pages\/74"}],"wp:featuredmedia":[{"embeddable":true,"href":"https:\/\/www.brebeuf.qc.ca\/collegial\/wp-json\/wp\/v2\/media\/8360"}],"wp:attachment":[{"href":"https:\/\/www.brebeuf.qc.ca\/collegial\/wp-json\/wp\/v2\/media?parent=755"}],"curies":[{"name":"wp","href":"https:\/\/api.w.org\/{rel}","templated":true}]}}

<h3>Formation en technologie de l&rsquo;information et des communications</h3>
<p>Au Québec, le Collège Jean-de-Brébeuf est le seul organisme du réseau collégial à donner à l&rsquo;ensemble des étudiants une formation spécifique en technologie de l&rsquo;information.</p>
<p>Aujourd&rsquo;hui, la connaissance et la maîtrise de différents outils technologiques sont fondamentales et, pour nous, cette formation devenue essentielle est en lien avec un volet de la mission du Collège qui vise à préparer nos étudiants à servir la société avec compétence.</p>
<p><strong>Objectifs de la formation en technologie de l&rsquo;information et des communications</strong></p>
<p>Les objectifs de ce projet de formation visent à assurer aux diplômés du Collège la maîtrise des technologies de l&rsquo;information et des communications nécessaire à la poursuite d&rsquo;études universitaires dans le champ d&rsquo;études qu&rsquo;ils auront choisi et, de plus, permet de favoriser dès le collégial une utilisation efficace de ces technologies.</p>
<p><strong>Six différents programmes d&rsquo;enseignement</strong> permettent d&rsquo;assurer une formation spécifique dans les domaines suivants :</p>
<ul>
<li><a href="https://www.brebeuf.qc.ca/collegial/wp-content/uploads/sites/2/2019/09/BI_Sciences-de-la-nature.pdf">BI &#8211; Sciences de la nature</a></li>
<li><a href="https://www.brebeuf.qc.ca/collegial/wp-content/uploads/sites/2/2019/09/BI_Sciences-humaines.pdf">BI &#8211; Sciences humaines</a></li>
<li><a href="https://www.brebeuf.qc.ca/collegial/wp-content/uploads/sites/2/2019/09/Arts-lettres-et-communication.pdf">DEC &#8211; Arts, lettres et communication</a></li>
<li><a href="https://www.brebeuf.qc.ca/collegial/wp-content/uploads/sites/2/2019/09/DEC-Sciences-de-la-nature.pdf">DEC &#8211; Sciences de la nature</a></li>
<li><a href="https://www.brebeuf.qc.ca/collegial/wp-content/uploads/sites/2/2019/09/DEC-Sciences-humaines.pdf">DEC &#8211; Sciences humaines</a></li>
<li><a href="https://www.brebeuf.qc.ca/collegial/wp-content/uploads/sites/2/2019/09/Sciences-lettres-et-arts.pdf">DEC &#8211; Sciences, lettres et arts</a></li>
</ul>

<p>Formation en technologie de l&rsquo;information et des communications Au Québec, le Collège Jean-de-Brébeuf est le seul organisme du réseau collégial à donner à l&rsquo;ensemble des étudiants une formation spécifique en technologie de l&rsquo;information. Aujourd&rsquo;hui, la connaissance et la maîtrise de&#8230;</p>

<!-- This site is optimized with the Yoast SEO plugin v16.3 - https://yoast.com/wordpress/plugins/seo/ -->
<title>TIC - Magellan - Collégial</title>
<meta name="robots" content="index, follow, max-snippet:-1, max-image-preview:large, max-video-preview:-1" />
<link rel="canonical" href="https://www.brebeuf.qc.ca/collegial/vie-academique/tic-magellan/" />
<meta property="og:locale" content="fr_FR" />
<meta property="og:type" content="article" />
<meta property="og:title" content="TIC - Magellan - Collégial" />
<meta property="og:description" content="Formation en technologie de l&rsquo;information et des communications Au Québec, le Collège Jean-de-Brébeuf est le seul organisme du réseau collégial à donner à l&rsquo;ensemble des étudiants une formation spécifique en technologie de l&rsquo;information. Aujourd&rsquo;hui, la connaissance et la maîtrise de..." />
<meta property="og:url" content="https://www.brebeuf.qc.ca/collegial/vie-academique/tic-magellan/" />
<meta property="og:site_name" content="Collégial" />
<meta property="article:modified_time" content="2024-08-08T19:34:35+00:00" />
<meta property="og:image" content="https://www.brebeuf.qc.ca/collegial/wp-content/uploads/sites/2/2024/08/TIC-Magellan-collegial.png" />
	<meta property="og:image:width" content="1400" />
	<meta property="og:image:height" content="240" />
<meta name="twitter:label1" content="Durée de lecture est.">
	<meta name="twitter:data1" content="1 minute">
<script type="application/ld+json" class="yoast-schema-graph">{"@context":"https://schema.org","@graph":[{"@type":"WebSite","@id":"https://www.brebeuf.qc.ca/collegial/#website","url":"https://www.brebeuf.qc.ca/collegial/","name":"Coll\u00e9gial","description":"Coll\u00e8ge priv\u00e9 | Secondaire | Coll\u00e9gial","potentialAction":[{"@type":"SearchAction","target":"https://www.brebeuf.qc.ca/collegial/?s={search_term_string}","query-input":"required name=search_term_string"}],"inLanguage":"fr-FR"},{"@type":"ImageObject","@id":"https://www.brebeuf.qc.ca/collegial/vie-academique/tic-magellan/#primaryimage","inLanguage":"fr-FR","url":"https://www.brebeuf.qc.ca/collegial/wp-content/uploads/sites/2/2024/08/TIC-Magellan-collegial.png","contentUrl":"https://www.brebeuf.qc.ca/collegial/wp-content/uploads/sites/2/2024/08/TIC-Magellan-collegial.png","width":1400,"height":240},{"@type":"WebPage","@id":"https://www.brebeuf.qc.ca/collegial/vie-academique/tic-magellan/#webpage","url":"https://www.brebeuf.qc.ca/collegial/vie-academique/tic-magellan/","name":"TIC - Magellan - Coll\u00e9gial","isPartOf":{"@id":"https://www.brebeuf.qc.ca/collegial/#website"},"primaryImageOfPage":{"@id":"https://www.brebeuf.qc.ca/collegial/vie-academique/tic-magellan/#primaryimage"},"datePublished":"2014-10-21T20:39:10+00:00","dateModified":"2024-08-08T19:34:35+00:00","breadcrumb":{"@id":"https://www.brebeuf.qc.ca/collegial/vie-academique/tic-magellan/#breadcrumb"},"inLanguage":"fr-FR","potentialAction":[{"@type":"ReadAction","target":["https://www.brebeuf.qc.ca/collegial/vie-academique/tic-magellan/"]}]},{"@type":"BreadcrumbList","@id":"https://www.brebeuf.qc.ca/collegial/vie-academique/tic-magellan/#breadcrumb","itemListElement":[{"@type":"ListItem","position":1,"item":{"@type":"WebPage","@id":"https://www.brebeuf.qc.ca/collegial/","url":"https://www.brebeuf.qc.ca/collegial/","name":"Home"}},{"@type":"ListItem","position":2,"item":{"@type":"WebPage","@id":"https://www.brebeuf.qc.ca/collegial/vie-academique/","url":"https://www.brebeuf.qc.ca/collegial/vie-academique/","name":"Vie acad\u00e9mique"}},{"@type":"ListItem","position":3,"item":{"@id":"https://www.brebeuf.qc.ca/collegial/vie-academique/tic-magellan/#webpage"}}]}]}</script>
<!-- / Yoast SEO plugin. -->
