{"id":6742,"date":"2022-02-28T21:57:34","date_gmt":"2022-02-28T21:57:34","guid":{"rendered":"https:\/\/www.brebeuf.qc.ca\/collegial\/?page_id=6742"},"modified":"2022-02-28T21:58:03","modified_gmt":"2022-02-28T21:58:03","slug":"cours_alc-regard-critique-theatre-contemporain","status":"publish","type":"page","link":"https:\/\/www.brebeuf.qc.ca\/collegial\/dec-arts-lettres-et-communication\/cours_alc-regard-critique-theatre-contemporain\/","title":{"rendered":"Cours ALC &#8211; Regard critique sur le th\u00e9\u00e2tre contemporain"},"content":{"rendered":"\n<p><strong>Session 4 \u2013 Hiver<\/strong><\/p>\n\n\n\n<ul><li>THE-A06-19<\/li><li>Code minist\u00e9riel : 560-T16-BR<\/li><li>2-1-2 [1,67 unit\u00e9s]<\/li><\/ul>\n\n\n\n<p><strong>Comp\u00e9tence<\/strong>&nbsp;[054 S] :&nbsp;<strong>Fonder un jugement critique (Atteinte compl\u00e8te)<\/strong><\/p>\n\n\n\n<p><strong>Contribution du cours dans le programm<\/strong>e<\/p>\n\n\n\n<p>Ce dernier cours de th\u00e9\u00e2tre, par le biais des connaissances acquises durant le parcours th\u00e9\u00e2tral ainsi que les outils d\u2019analyse propos\u00e9s, permettra \u00e0 l\u2019\u00e9tudiant d\u2019analyser et de porter un jugement critique sur la pratique th\u00e9\u00e2trale actuelle. De plus, il pourra profiter des notions vues dans ce cours pour aiguiser son esprit critique sur certaines d\u00e9marches de cr\u00e9ateurs vues dans le cours <em>Pratiques th\u00e9\u00e2trales contemporaines<\/em>.<\/p>\n\n\n\n<p><strong>Objectifs p\u00e9dagogiques<\/strong><\/p>\n\n\n\n<ul><li>Reconna\u00eetre des mod\u00e8les d\u2019analyse pour \u00e9valuer une production artistique.<\/li><li>Identifier les composantes de la repr\u00e9sentation th\u00e9\u00e2trale.<\/li><li>D\u00e9velopper sa capacit\u00e9 d\u2019analyse et son jugement critique par le biais de productions artistiques vues durant la session.<\/li><li>\u00c9tablir un cadre d\u2019analyse pour interpr\u00e9ter et \u00e9valuer la repr\u00e9sentation.<\/li><li>Analyser et \u00e9noncer un jugement critique d\u2019une production artistique.<\/li><\/ul>\n\n\n\n<p><strong>Contenus essentiels<\/strong><\/p>\n\n\n\n<p>Ce cours permettra \u00e0 l\u2019\u00e9tudiant de r\u00e9fl\u00e9chir sur la pratique th\u00e9\u00e2trale contemporaine par le biais de l\u2019interpr\u00e9tation et du jugement critique de tout acte th\u00e9\u00e2tral. Il se familiarisera avec les divers aspects qui composent la repr\u00e9sentation th\u00e9\u00e2trale (espace, objet, jeu, texte) afin d\u2019\u00e9valuer leur pertinence et leur \u00e9troite relation dans la production de sens d\u2019un spectacle. Cette interpr\u00e9tation de l\u2019\u0153uvre sc\u00e9nique s\u2019appuiera sur divers mod\u00e8les d\u2019analyse qui r\u00e9pondent au spectacle vivant. L\u2019\u00e9tudiant, par les productions vues durant la session, d\u00e9veloppera son esprit d\u2019analyse et critique sur des \u0153uvres contemporaines o\u00f9 le th\u00e9\u00e2tre se jum\u00e8le \u00e0 d\u2019autres langages et disciplines artistiques. L\u2019analyse critique de l\u2019\u0153uvre sera abord\u00e9e sous divers angles (s\u00e9miologique, esth\u00e9tique, sociologique, politique, etc.).<\/p>\n","protected":false},"excerpt":{"rendered":"<p>Session 4 \u2013 Hiver THE-A06-19 Code minist\u00e9riel : 560-T16-BR 2-1-2 [1,67 unit\u00e9s] Comp\u00e9tence&nbsp;[054 S] :&nbsp;Fonder un jugement critique (Atteinte compl\u00e8te) Contribution du cours dans le programme Ce dernier cours de th\u00e9\u00e2tre, par le biais des connaissances acquises durant le parcours&#8230;<\/p>\n","protected":false},"author":45,"featured_media":6745,"parent":65,"menu_order":0,"comment_status":"closed","ping_status":"closed","template":"templates\/template-personnalisable.php","meta":{"_editorskit_title_hidden":false,"_editorskit_reading_time":1,"_editorskit_typography_data":[],"_editorskit_blocks_typography":""},"yoast_head":"<!-- This site is optimized with the Yoast SEO plugin v16.3 - https:\/\/yoast.com\/wordpress\/plugins\/seo\/ -->\n<title>Cours ALC - Regard critique sur le th\u00e9\u00e2tre contemporain - Coll\u00e9gial<\/title>\n<meta name=\"robots\" content=\"index, follow, max-snippet:-1, max-image-preview:large, max-video-preview:-1\" \/>\n<link rel=\"canonical\" href=\"https:\/\/www.brebeuf.qc.ca\/collegial\/dec-arts-lettres-et-communication\/cours_alc-regard-critique-theatre-contemporain\/\" \/>\n<meta property=\"og:locale\" content=\"fr_FR\" \/>\n<meta property=\"og:type\" content=\"article\" \/>\n<meta property=\"og:title\" content=\"Cours ALC - Regard critique sur le th\u00e9\u00e2tre contemporain - Coll\u00e9gial\" \/>\n<meta property=\"og:description\" content=\"Session 4 \u2013 Hiver THE-A06-19 Code minist\u00e9riel : 560-T16-BR 2-1-2 [1,67 unit\u00e9s] Comp\u00e9tence&nbsp;[054 S] :&nbsp;Fonder un jugement critique (Atteinte compl\u00e8te) Contribution du cours dans le programme Ce dernier cours de th\u00e9\u00e2tre, par le biais des connaissances acquises durant le parcours...\" \/>\n<meta property=\"og:url\" content=\"https:\/\/www.brebeuf.qc.ca\/collegial\/dec-arts-lettres-et-communication\/cours_alc-regard-critique-theatre-contemporain\/\" \/>\n<meta property=\"og:site_name\" content=\"Coll\u00e9gial\" \/>\n<meta property=\"article:modified_time\" content=\"2022-02-28T21:58:03+00:00\" \/>\n<meta property=\"og:image\" content=\"https:\/\/www.brebeuf.qc.ca\/collegial\/wp-content\/uploads\/sites\/2\/2022\/02\/entete_cours_regard_critique_theatre_contemporain.jpg\" \/>\n\t<meta property=\"og:image:width\" content=\"1400\" \/>\n\t<meta property=\"og:image:height\" content=\"240\" \/>\n<meta name=\"twitter:label1\" content=\"Dur\u00e9e de lecture est.\">\n\t<meta name=\"twitter:data1\" content=\"2 minutes\">\n<script type=\"application\/ld+json\" class=\"yoast-schema-graph\">{\"@context\":\"https:\/\/schema.org\",\"@graph\":[{\"@type\":\"WebSite\",\"@id\":\"https:\/\/www.brebeuf.qc.ca\/collegial\/#website\",\"url\":\"https:\/\/www.brebeuf.qc.ca\/collegial\/\",\"name\":\"Coll\\u00e9gial\",\"description\":\"Coll\\u00e8ge priv\\u00e9 | Secondaire | Coll\\u00e9gial\",\"potentialAction\":[{\"@type\":\"SearchAction\",\"target\":\"https:\/\/www.brebeuf.qc.ca\/collegial\/?s={search_term_string}\",\"query-input\":\"required name=search_term_string\"}],\"inLanguage\":\"fr-FR\"},{\"@type\":\"ImageObject\",\"@id\":\"https:\/\/www.brebeuf.qc.ca\/collegial\/dec-arts-lettres-et-communication\/cours_alc-regard-critique-theatre-contemporain\/#primaryimage\",\"inLanguage\":\"fr-FR\",\"url\":\"https:\/\/www.brebeuf.qc.ca\/collegial\/wp-content\/uploads\/sites\/2\/2022\/02\/entete_cours_regard_critique_theatre_contemporain.jpg\",\"contentUrl\":\"https:\/\/www.brebeuf.qc.ca\/collegial\/wp-content\/uploads\/sites\/2\/2022\/02\/entete_cours_regard_critique_theatre_contemporain.jpg\",\"width\":1400,\"height\":240},{\"@type\":\"WebPage\",\"@id\":\"https:\/\/www.brebeuf.qc.ca\/collegial\/dec-arts-lettres-et-communication\/cours_alc-regard-critique-theatre-contemporain\/#webpage\",\"url\":\"https:\/\/www.brebeuf.qc.ca\/collegial\/dec-arts-lettres-et-communication\/cours_alc-regard-critique-theatre-contemporain\/\",\"name\":\"Cours ALC - Regard critique sur le th\\u00e9\\u00e2tre contemporain - Coll\\u00e9gial\",\"isPartOf\":{\"@id\":\"https:\/\/www.brebeuf.qc.ca\/collegial\/#website\"},\"primaryImageOfPage\":{\"@id\":\"https:\/\/www.brebeuf.qc.ca\/collegial\/dec-arts-lettres-et-communication\/cours_alc-regard-critique-theatre-contemporain\/#primaryimage\"},\"datePublished\":\"2022-02-28T21:57:34+00:00\",\"dateModified\":\"2022-02-28T21:58:03+00:00\",\"breadcrumb\":{\"@id\":\"https:\/\/www.brebeuf.qc.ca\/collegial\/dec-arts-lettres-et-communication\/cours_alc-regard-critique-theatre-contemporain\/#breadcrumb\"},\"inLanguage\":\"fr-FR\",\"potentialAction\":[{\"@type\":\"ReadAction\",\"target\":[\"https:\/\/www.brebeuf.qc.ca\/collegial\/dec-arts-lettres-et-communication\/cours_alc-regard-critique-theatre-contemporain\/\"]}]},{\"@type\":\"BreadcrumbList\",\"@id\":\"https:\/\/www.brebeuf.qc.ca\/collegial\/dec-arts-lettres-et-communication\/cours_alc-regard-critique-theatre-contemporain\/#breadcrumb\",\"itemListElement\":[{\"@type\":\"ListItem\",\"position\":1,\"item\":{\"@type\":\"WebPage\",\"@id\":\"https:\/\/www.brebeuf.qc.ca\/collegial\/\",\"url\":\"https:\/\/www.brebeuf.qc.ca\/collegial\/\",\"name\":\"Home\"}},{\"@type\":\"ListItem\",\"position\":2,\"item\":{\"@type\":\"WebPage\",\"@id\":\"https:\/\/www.brebeuf.qc.ca\/collegial\/?page_id=65\",\"url\":\"https:\/\/www.brebeuf.qc.ca\/collegial\/?page_id=65\",\"name\":\"DEC &#8211; Arts, lettres et communication2\"}},{\"@type\":\"ListItem\",\"position\":3,\"item\":{\"@id\":\"https:\/\/www.brebeuf.qc.ca\/collegial\/dec-arts-lettres-et-communication\/cours_alc-regard-critique-theatre-contemporain\/#webpage\"}}]}]}<\/script>\n<!-- \/ Yoast SEO plugin. -->","_links":{"self":[{"href":"https:\/\/www.brebeuf.qc.ca\/collegial\/wp-json\/wp\/v2\/pages\/6742"}],"collection":[{"href":"https:\/\/www.brebeuf.qc.ca\/collegial\/wp-json\/wp\/v2\/pages"}],"about":[{"href":"https:\/\/www.brebeuf.qc.ca\/collegial\/wp-json\/wp\/v2\/types\/page"}],"author":[{"embeddable":true,"href":"https:\/\/www.brebeuf.qc.ca\/collegial\/wp-json\/wp\/v2\/users\/45"}],"replies":[{"embeddable":true,"href":"https:\/\/www.brebeuf.qc.ca\/collegial\/wp-json\/wp\/v2\/comments?post=6742"}],"version-history":[{"count":3,"href":"https:\/\/www.brebeuf.qc.ca\/collegial\/wp-json\/wp\/v2\/pages\/6742\/revisions"}],"predecessor-version":[{"id":6748,"href":"https:\/\/www.brebeuf.qc.ca\/collegial\/wp-json\/wp\/v2\/pages\/6742\/revisions\/6748"}],"up":[{"embeddable":true,"href":"https:\/\/www.brebeuf.qc.ca\/collegial\/wp-json\/wp\/v2\/pages\/65"}],"wp:featuredmedia":[{"embeddable":true,"href":"https:\/\/www.brebeuf.qc.ca\/collegial\/wp-json\/wp\/v2\/media\/6745"}],"wp:attachment":[{"href":"https:\/\/www.brebeuf.qc.ca\/collegial\/wp-json\/wp\/v2\/media?parent=6742"}],"curies":[{"name":"wp","href":"https:\/\/api.w.org\/{rel}","templated":true}]}}