{"id":6719,"date":"2022-02-28T21:26:03","date_gmt":"2022-02-28T21:26:03","guid":{"rendered":"https:\/\/www.brebeuf.qc.ca\/collegial\/?page_id=6719"},"modified":"2022-02-28T21:27:41","modified_gmt":"2022-02-28T21:27:41","slug":"cours-alc-corps-voix","status":"publish","type":"page","link":"https:\/\/www.brebeuf.qc.ca\/collegial\/dec-arts-lettres-et-communication\/cours-alc-corps-voix\/","title":{"rendered":"Cours ALC \u2013 Corps et voix"},"content":{"rendered":"\n<p><strong>Session 1 \u2013 Automne<\/strong><\/p>\n\n\n\n<ul><li>THE-A02-19<\/li><li>Code minist\u00e9riel : 560-T12-BR<\/li><li>1-2-3 [2 unit\u00e9s]<\/li><\/ul>\n\n\n\n<p><strong>Comp\u00e9tence<\/strong>&nbsp;[054 W] :&nbsp;<strong>Exploiter des techniques ou des proc\u00e9d\u00e9s dans une perspective de cr\u00e9ation(Atteinte partielle)<\/strong><\/p>\n\n\n\n<p><strong>Contribution du cours dans le programme<\/strong><\/p>\n\n\n\n<p>Les apprentissages r\u00e9alis\u00e9s dans ce cours, tant pour l\u2019expression vocale que physique, seront essentiels pour la suite du parcours th\u00e9\u00e2tral de l\u2019\u00e9tudiant afin r\u00e9pondre aux exigences pratiques des cours Jeu et interpr\u00e9tation, Production th\u00e9\u00e2trale et Pratiques th\u00e9\u00e2trales contemporaines. De plus, l\u2019acquisition de ces outils d\u2019expression pourront \u00eatre utilis\u00e9s pour tous les cours du programme et de formation g\u00e9n\u00e9rale qui demandent des \u00e9valuations orales. Atteinte partag\u00e9e avec les cours Jeu et interpr\u00e9tation et Photographie.<\/p>\n\n\n\n<p><strong>Objectifs p\u00e9dagogiques<\/strong><\/p>\n\n\n\n<ul><li>D\u00e9velopper ses outils d\u2019expression que sont la voix et le corps par le biais de techniques et \u00e0 travers le jeu.<\/li><li>Explorer des techniques vocales et physiques en lien avec la respiration, la diction, l\u2019\u00e9nergie et la souplesse corporelle.<\/li><li>Mettre en pratique son expression vocale et physique par le biais de l\u2019improvisation, de l\u2019interpr\u00e9tation et de la cr\u00e9ation.<\/li><\/ul>\n\n\n\n<p><strong>Contenus essentiels<\/strong><\/p>\n\n\n\n<p>Dans le cadre de ce cours, l\u2019\u00e9tudiant d\u00e9veloppera son expression vocale et physique par le biais d\u2019approches et de techniques vari\u00e9es. En ce qui concerne la voix, une attention sera port\u00e9e \u00e0 la respiration (m\u00e9canique respiratoire et contr\u00f4le respiratoire), \u00e0 la projection vocale et \u00e0 la r\u00e9sonance (projection qui s\u2019adapte au type de lieu et au type de jeu), de la pose de voix (registres), \u00e0 la diction (niveaux de langage, d\u00e9bit, articulation, prononciation) et aux nuances vocales. En ce qui a trait au corps, une attention sera port\u00e9e \u00e0 la souplesse, \u00e0 la coordination, \u00e0 l\u2019\u00e9quilibre et \u00e0 l\u2019ancrage, \u00e0 la conscience du corps dans l\u2019espace, \u00e0 la pr\u00e9sence corporelle (dont la circulation de l\u2019\u00e9nergie). Outre des exercices \u00e0 mettre en pratique par le biais d\u2019un plan de training, l\u2019\u00e9tudiant explorera la voix et le corps par le biais d\u2019explorations diverses avec ou sans support (texte, musique, identifications \u00e0 la mati\u00e8re, visualisation, etc.).<\/p>\n","protected":false},"excerpt":{"rendered":"<p>Session 1 \u2013 Automne THE-A02-19 Code minist\u00e9riel : 560-T12-BR 1-2-3 [2 unit\u00e9s] Comp\u00e9tence&nbsp;[054 W] :&nbsp;Exploiter des techniques ou des proc\u00e9d\u00e9s dans une perspective de cr\u00e9ation(Atteinte partielle) Contribution du cours dans le programme Les apprentissages r\u00e9alis\u00e9s dans ce cours, tant pour&#8230;<\/p>\n","protected":false},"author":45,"featured_media":6721,"parent":65,"menu_order":0,"comment_status":"closed","ping_status":"closed","template":"templates\/template-personnalisable.php","meta":{"_editorskit_title_hidden":false,"_editorskit_reading_time":1,"_editorskit_typography_data":[],"_editorskit_blocks_typography":""},"yoast_head":"<!-- This site is optimized with the Yoast SEO plugin v16.3 - https:\/\/yoast.com\/wordpress\/plugins\/seo\/ -->\n<title>Cours ALC \u2013 Corps et voix - Coll\u00e9gial<\/title>\n<meta name=\"robots\" content=\"index, follow, max-snippet:-1, max-image-preview:large, max-video-preview:-1\" \/>\n<link rel=\"canonical\" href=\"https:\/\/www.brebeuf.qc.ca\/collegial\/dec-arts-lettres-et-communication\/cours-alc-corps-voix\/\" \/>\n<meta property=\"og:locale\" content=\"fr_FR\" \/>\n<meta property=\"og:type\" content=\"article\" \/>\n<meta property=\"og:title\" content=\"Cours ALC \u2013 Corps et voix - Coll\u00e9gial\" \/>\n<meta property=\"og:description\" content=\"Session 1 \u2013 Automne THE-A02-19 Code minist\u00e9riel : 560-T12-BR 1-2-3 [2 unit\u00e9s] Comp\u00e9tence&nbsp;[054 W] :&nbsp;Exploiter des techniques ou des proc\u00e9d\u00e9s dans une perspective de cr\u00e9ation(Atteinte partielle) Contribution du cours dans le programme Les apprentissages r\u00e9alis\u00e9s dans ce cours, tant pour...\" \/>\n<meta property=\"og:url\" content=\"https:\/\/www.brebeuf.qc.ca\/collegial\/dec-arts-lettres-et-communication\/cours-alc-corps-voix\/\" \/>\n<meta property=\"og:site_name\" content=\"Coll\u00e9gial\" \/>\n<meta property=\"article:modified_time\" content=\"2022-02-28T21:27:41+00:00\" \/>\n<meta property=\"og:image\" content=\"https:\/\/www.brebeuf.qc.ca\/collegial\/wp-content\/uploads\/sites\/2\/2022\/02\/entete_cours_corps_voix.jpg\" \/>\n\t<meta property=\"og:image:width\" content=\"1400\" \/>\n\t<meta property=\"og:image:height\" content=\"240\" \/>\n<meta name=\"twitter:label1\" content=\"Dur\u00e9e de lecture est.\">\n\t<meta name=\"twitter:data1\" content=\"2 minutes\">\n<script type=\"application\/ld+json\" class=\"yoast-schema-graph\">{\"@context\":\"https:\/\/schema.org\",\"@graph\":[{\"@type\":\"WebSite\",\"@id\":\"https:\/\/www.brebeuf.qc.ca\/collegial\/#website\",\"url\":\"https:\/\/www.brebeuf.qc.ca\/collegial\/\",\"name\":\"Coll\\u00e9gial\",\"description\":\"Coll\\u00e8ge priv\\u00e9 | Secondaire | Coll\\u00e9gial\",\"potentialAction\":[{\"@type\":\"SearchAction\",\"target\":\"https:\/\/www.brebeuf.qc.ca\/collegial\/?s={search_term_string}\",\"query-input\":\"required name=search_term_string\"}],\"inLanguage\":\"fr-FR\"},{\"@type\":\"ImageObject\",\"@id\":\"https:\/\/www.brebeuf.qc.ca\/collegial\/dec-arts-lettres-et-communication\/cours-alc-corps-voix\/#primaryimage\",\"inLanguage\":\"fr-FR\",\"url\":\"https:\/\/www.brebeuf.qc.ca\/collegial\/wp-content\/uploads\/sites\/2\/2022\/02\/entete_cours_corps_voix.jpg\",\"contentUrl\":\"https:\/\/www.brebeuf.qc.ca\/collegial\/wp-content\/uploads\/sites\/2\/2022\/02\/entete_cours_corps_voix.jpg\",\"width\":1400,\"height\":240},{\"@type\":\"WebPage\",\"@id\":\"https:\/\/www.brebeuf.qc.ca\/collegial\/dec-arts-lettres-et-communication\/cours-alc-corps-voix\/#webpage\",\"url\":\"https:\/\/www.brebeuf.qc.ca\/collegial\/dec-arts-lettres-et-communication\/cours-alc-corps-voix\/\",\"name\":\"Cours ALC \\u2013 Corps et voix - Coll\\u00e9gial\",\"isPartOf\":{\"@id\":\"https:\/\/www.brebeuf.qc.ca\/collegial\/#website\"},\"primaryImageOfPage\":{\"@id\":\"https:\/\/www.brebeuf.qc.ca\/collegial\/dec-arts-lettres-et-communication\/cours-alc-corps-voix\/#primaryimage\"},\"datePublished\":\"2022-02-28T21:26:03+00:00\",\"dateModified\":\"2022-02-28T21:27:41+00:00\",\"breadcrumb\":{\"@id\":\"https:\/\/www.brebeuf.qc.ca\/collegial\/dec-arts-lettres-et-communication\/cours-alc-corps-voix\/#breadcrumb\"},\"inLanguage\":\"fr-FR\",\"potentialAction\":[{\"@type\":\"ReadAction\",\"target\":[\"https:\/\/www.brebeuf.qc.ca\/collegial\/dec-arts-lettres-et-communication\/cours-alc-corps-voix\/\"]}]},{\"@type\":\"BreadcrumbList\",\"@id\":\"https:\/\/www.brebeuf.qc.ca\/collegial\/dec-arts-lettres-et-communication\/cours-alc-corps-voix\/#breadcrumb\",\"itemListElement\":[{\"@type\":\"ListItem\",\"position\":1,\"item\":{\"@type\":\"WebPage\",\"@id\":\"https:\/\/www.brebeuf.qc.ca\/collegial\/\",\"url\":\"https:\/\/www.brebeuf.qc.ca\/collegial\/\",\"name\":\"Home\"}},{\"@type\":\"ListItem\",\"position\":2,\"item\":{\"@type\":\"WebPage\",\"@id\":\"https:\/\/www.brebeuf.qc.ca\/collegial\/?page_id=65\",\"url\":\"https:\/\/www.brebeuf.qc.ca\/collegial\/?page_id=65\",\"name\":\"DEC &#8211; Arts, lettres et communication2\"}},{\"@type\":\"ListItem\",\"position\":3,\"item\":{\"@id\":\"https:\/\/www.brebeuf.qc.ca\/collegial\/dec-arts-lettres-et-communication\/cours-alc-corps-voix\/#webpage\"}}]}]}<\/script>\n<!-- \/ Yoast SEO plugin. -->","_links":{"self":[{"href":"https:\/\/www.brebeuf.qc.ca\/collegial\/wp-json\/wp\/v2\/pages\/6719"}],"collection":[{"href":"https:\/\/www.brebeuf.qc.ca\/collegial\/wp-json\/wp\/v2\/pages"}],"about":[{"href":"https:\/\/www.brebeuf.qc.ca\/collegial\/wp-json\/wp\/v2\/types\/page"}],"author":[{"embeddable":true,"href":"https:\/\/www.brebeuf.qc.ca\/collegial\/wp-json\/wp\/v2\/users\/45"}],"replies":[{"embeddable":true,"href":"https:\/\/www.brebeuf.qc.ca\/collegial\/wp-json\/wp\/v2\/comments?post=6719"}],"version-history":[{"count":2,"href":"https:\/\/www.brebeuf.qc.ca\/collegial\/wp-json\/wp\/v2\/pages\/6719\/revisions"}],"predecessor-version":[{"id":6722,"href":"https:\/\/www.brebeuf.qc.ca\/collegial\/wp-json\/wp\/v2\/pages\/6719\/revisions\/6722"}],"up":[{"embeddable":true,"href":"https:\/\/www.brebeuf.qc.ca\/collegial\/wp-json\/wp\/v2\/pages\/65"}],"wp:featuredmedia":[{"embeddable":true,"href":"https:\/\/www.brebeuf.qc.ca\/collegial\/wp-json\/wp\/v2\/media\/6721"}],"wp:attachment":[{"href":"https:\/\/www.brebeuf.qc.ca\/collegial\/wp-json\/wp\/v2\/media?parent=6719"}],"curies":[{"name":"wp","href":"https:\/\/api.w.org\/{rel}","templated":true}]}}

<p><strong>Session 1 – Automne</strong></p>



<ul><li>THE-A02-19</li><li>Code ministériel : 560-T12-BR</li><li>1-2-3 [2 unités]</li></ul>



<p><strong>Compétence</strong>&nbsp;[054 W] :&nbsp;<strong>Exploiter des techniques ou des procédés dans une perspective de création(Atteinte partielle)</strong></p>



<p><strong>Contribution du cours dans le programme</strong></p>



<p>Les apprentissages réalisés dans ce cours, tant pour l’expression vocale que physique, seront essentiels pour la suite du parcours théâtral de l’étudiant afin répondre aux exigences pratiques des cours Jeu et interprétation, Production théâtrale et Pratiques théâtrales contemporaines. De plus, l’acquisition de ces outils d’expression pourront être utilisés pour tous les cours du programme et de formation générale qui demandent des évaluations orales. Atteinte partagée avec les cours Jeu et interprétation et Photographie.</p>



<p><strong>Objectifs pédagogiques</strong></p>



<ul><li>Développer ses outils d’expression que sont la voix et le corps par le biais de techniques et à travers le jeu.</li><li>Explorer des techniques vocales et physiques en lien avec la respiration, la diction, l’énergie et la souplesse corporelle.</li><li>Mettre en pratique son expression vocale et physique par le biais de l’improvisation, de l’interprétation et de la création.</li></ul>



<p><strong>Contenus essentiels</strong></p>



<p>Dans le cadre de ce cours, l’étudiant développera son expression vocale et physique par le biais d’approches et de techniques variées. En ce qui concerne la voix, une attention sera portée à la respiration (mécanique respiratoire et contrôle respiratoire), à la projection vocale et à la résonance (projection qui s’adapte au type de lieu et au type de jeu), de la pose de voix (registres), à la diction (niveaux de langage, débit, articulation, prononciation) et aux nuances vocales. En ce qui a trait au corps, une attention sera portée à la souplesse, à la coordination, à l’équilibre et à l’ancrage, à la conscience du corps dans l’espace, à la présence corporelle (dont la circulation de l’énergie). Outre des exercices à mettre en pratique par le biais d’un plan de training, l’étudiant explorera la voix et le corps par le biais d’explorations diverses avec ou sans support (texte, musique, identifications à la matière, visualisation, etc.).</p>

<p>Session 1 – Automne THE-A02-19 Code ministériel : 560-T12-BR 1-2-3 [2 unités] Compétence&nbsp;[054 W] :&nbsp;Exploiter des techniques ou des procédés dans une perspective de création(Atteinte partielle) Contribution du cours dans le programme Les apprentissages réalisés dans ce cours, tant pour&#8230;</p>

<!-- This site is optimized with the Yoast SEO plugin v16.3 - https://yoast.com/wordpress/plugins/seo/ -->
<title>Cours ALC – Corps et voix - Collégial</title>
<meta name="robots" content="index, follow, max-snippet:-1, max-image-preview:large, max-video-preview:-1" />
<link rel="canonical" href="https://www.brebeuf.qc.ca/collegial/dec-arts-lettres-et-communication/cours-alc-corps-voix/" />
<meta property="og:locale" content="fr_FR" />
<meta property="og:type" content="article" />
<meta property="og:title" content="Cours ALC – Corps et voix - Collégial" />
<meta property="og:description" content="Session 1 – Automne THE-A02-19 Code ministériel : 560-T12-BR 1-2-3 [2 unités] Compétence&nbsp;[054 W] :&nbsp;Exploiter des techniques ou des procédés dans une perspective de création(Atteinte partielle) Contribution du cours dans le programme Les apprentissages réalisés dans ce cours, tant pour..." />
<meta property="og:url" content="https://www.brebeuf.qc.ca/collegial/dec-arts-lettres-et-communication/cours-alc-corps-voix/" />
<meta property="og:site_name" content="Collégial" />
<meta property="article:modified_time" content="2022-02-28T21:27:41+00:00" />
<meta property="og:image" content="https://www.brebeuf.qc.ca/collegial/wp-content/uploads/sites/2/2022/02/entete_cours_corps_voix.jpg" />
	<meta property="og:image:width" content="1400" />
	<meta property="og:image:height" content="240" />
<meta name="twitter:label1" content="Durée de lecture est.">
	<meta name="twitter:data1" content="2 minutes">
<script type="application/ld+json" class="yoast-schema-graph">{"@context":"https://schema.org","@graph":[{"@type":"WebSite","@id":"https://www.brebeuf.qc.ca/collegial/#website","url":"https://www.brebeuf.qc.ca/collegial/","name":"Coll\u00e9gial","description":"Coll\u00e8ge priv\u00e9 | Secondaire | Coll\u00e9gial","potentialAction":[{"@type":"SearchAction","target":"https://www.brebeuf.qc.ca/collegial/?s={search_term_string}","query-input":"required name=search_term_string"}],"inLanguage":"fr-FR"},{"@type":"ImageObject","@id":"https://www.brebeuf.qc.ca/collegial/dec-arts-lettres-et-communication/cours-alc-corps-voix/#primaryimage","inLanguage":"fr-FR","url":"https://www.brebeuf.qc.ca/collegial/wp-content/uploads/sites/2/2022/02/entete_cours_corps_voix.jpg","contentUrl":"https://www.brebeuf.qc.ca/collegial/wp-content/uploads/sites/2/2022/02/entete_cours_corps_voix.jpg","width":1400,"height":240},{"@type":"WebPage","@id":"https://www.brebeuf.qc.ca/collegial/dec-arts-lettres-et-communication/cours-alc-corps-voix/#webpage","url":"https://www.brebeuf.qc.ca/collegial/dec-arts-lettres-et-communication/cours-alc-corps-voix/","name":"Cours ALC \u2013 Corps et voix - Coll\u00e9gial","isPartOf":{"@id":"https://www.brebeuf.qc.ca/collegial/#website"},"primaryImageOfPage":{"@id":"https://www.brebeuf.qc.ca/collegial/dec-arts-lettres-et-communication/cours-alc-corps-voix/#primaryimage"},"datePublished":"2022-02-28T21:26:03+00:00","dateModified":"2022-02-28T21:27:41+00:00","breadcrumb":{"@id":"https://www.brebeuf.qc.ca/collegial/dec-arts-lettres-et-communication/cours-alc-corps-voix/#breadcrumb"},"inLanguage":"fr-FR","potentialAction":[{"@type":"ReadAction","target":["https://www.brebeuf.qc.ca/collegial/dec-arts-lettres-et-communication/cours-alc-corps-voix/"]}]},{"@type":"BreadcrumbList","@id":"https://www.brebeuf.qc.ca/collegial/dec-arts-lettres-et-communication/cours-alc-corps-voix/#breadcrumb","itemListElement":[{"@type":"ListItem","position":1,"item":{"@type":"WebPage","@id":"https://www.brebeuf.qc.ca/collegial/","url":"https://www.brebeuf.qc.ca/collegial/","name":"Home"}},{"@type":"ListItem","position":2,"item":{"@type":"WebPage","@id":"https://www.brebeuf.qc.ca/collegial/?page_id=65","url":"https://www.brebeuf.qc.ca/collegial/?page_id=65","name":"DEC &#8211; Arts, lettres et communication2"}},{"@type":"ListItem","position":3,"item":{"@id":"https://www.brebeuf.qc.ca/collegial/dec-arts-lettres-et-communication/cours-alc-corps-voix/#webpage"}}]}]}</script>
<!-- / Yoast SEO plugin. -->
