{"id":6448,"date":"2022-01-13T20:03:58","date_gmt":"2022-01-13T20:03:58","guid":{"rendered":"https:\/\/www.brebeuf.qc.ca\/collegial\/?page_id=6448"},"modified":"2025-10-23T16:11:30","modified_gmt":"2025-10-23T16:11:30","slug":"activites-et-comites-politique","status":"publish","type":"page","link":"https:\/\/www.brebeuf.qc.ca\/collegial\/vie-etudiante\/activites_socioculturelles_comites\/activites-et-comites-politique\/","title":{"rendered":"Activit\u00e9s et comit\u00e9s &#8211; Politique"},"content":{"rendered":"\n<h2><span id=\"NMUN\"><a href=\"https:\/\/www.brebeuf.qc.ca\/collegial\/vie-etudiante\/activites_socioculturelles_comites\/simulations-diplomatiques\/\" target=\"_blank\" aria-label=\" (opens in a new tab)\" rel=\"noreferrer noopener\" class=\"ek-link\">N.M.U.N<\/a><\/span><\/h2>\n\n\n\n<ul><li>Le National Model United Nations (NMUN) se tient chaque ann\u00e9e \u00e0 New York depuis 1946 et le coll\u00e8ge y participe depuis 2012. C&rsquo;est non seulement une des plus grandes et prestigieuses simulations des Nations unies, mais c&rsquo;est \u00e9galement celle qui est officiellement parrain\u00e9e par l&rsquo;ONU.\u00a0<\/li><li>1 \u00e0 2 rencontres par semaine\u00a0<\/li><li>3 fins de semaine de simulations au Qu\u00e9bec\u00a0<\/li><li>Voyage \u00e0 New York au d\u00e9but avril.\u00a0\u00a0<\/li><li>Organisation de l\u2019\u00e9v\u00e9nement BMUN, une simulation offerte aux \u00e9l\u00e8ves du secondaire et aux \u00e9tudiant.e.s du coll\u00e9gial<\/li><li>Plusieurs lev\u00e9es de fonds pendant l\u2019ann\u00e9e.\u00a0<\/li><\/ul>\n\n\n\n<h2><span id=\"Forum_etudiantnbsp\"><strong>Forum \u00e9tudiant<\/strong>&nbsp;<\/span><\/h2>\n\n\n\n<p>\u00c9v\u00e9nement annuel (durant le cong\u00e9 des f\u00eates) consistant en une simulation parlementaire de l\u2019Assembl\u00e9e nationale \u00e0 l\u2019H\u00f4tel du Parlement \u00e0 Qu\u00e9bec : fonctions officielles, respect des proc\u00e9dures, d\u00e9bats de projets de lois. Apprentissage de la d\u00e9mocratie qu\u00e9b\u00e9coise. Aucune ligne de parti.&nbsp;<\/p>\n\n\n\n<h2><span id=\"Il_y_a_aussinbsp\">Il y a aussi:&nbsp;<\/span><\/h2>\n\n\n\n<ul><li>Club de politique\u00a0<\/li><li>Selon les ann\u00e9es: Comit\u00e9 souverainiste, comit\u00e9 du Parti lib\u00e9ral du Canada et comit\u00e9 du Parti lib\u00e9ral du Qu\u00e9bec\u00a0<\/li><li>Oui Br\u00e9beuf<\/li><\/ul>\n<div id=\"toc_container\" class=\"no_bullets\"><p class=\"toc_title\">Sommaire<\/p><ul class=\"toc_list\"><li><a href=\"#NMUN\">N.M.U.N<\/a><\/li><li><a href=\"#Forum_etudiantnbsp\">Forum \u00e9tudiant&nbsp;<\/a><\/li><li><a href=\"#Il_y_a_aussinbsp\">Il y a aussi:&nbsp;<\/a><\/li><\/ul><\/div>\n","protected":false},"excerpt":{"rendered":"<p>N.M.U.N Le National Model United Nations (NMUN) se tient chaque ann\u00e9e \u00e0 New York depuis 1946 et le coll\u00e8ge y participe depuis 2012. C&rsquo;est non seulement une des plus grandes et prestigieuses simulations des Nations unies, mais c&rsquo;est \u00e9galement celle&#8230;<\/p>\n","protected":false},"author":45,"featured_media":6476,"parent":92,"menu_order":0,"comment_status":"closed","ping_status":"closed","template":"templates\/template-personnalisable.php","meta":{"_editorskit_title_hidden":false,"_editorskit_reading_time":1,"_editorskit_typography_data":[],"_editorskit_blocks_typography":""},"yoast_head":"<!-- This site is optimized with the Yoast SEO plugin v16.3 - https:\/\/yoast.com\/wordpress\/plugins\/seo\/ -->\n<title>Activit\u00e9s et comit\u00e9s - Politique - Coll\u00e9gial<\/title>\n<meta name=\"description\" content=\"Simulations des Nations unies, comit\u00e9 souverainiste, comit\u00e9s du Parti lib\u00e9ral du Canada et du Parti lib\u00e9ral du Qu\u00e9bec, jeunes progressistes.\" \/>\n<meta name=\"robots\" content=\"index, follow, max-snippet:-1, max-image-preview:large, max-video-preview:-1\" \/>\n<link rel=\"canonical\" href=\"https:\/\/www.brebeuf.qc.ca\/collegial\/vie-etudiante\/activites_socioculturelles_comites\/activites-et-comites-politique\/\" \/>\n<meta property=\"og:locale\" content=\"fr_FR\" \/>\n<meta property=\"og:type\" content=\"article\" \/>\n<meta property=\"og:title\" content=\"Activit\u00e9s et comit\u00e9s - Politique - Coll\u00e9gial\" \/>\n<meta property=\"og:description\" content=\"Simulations des Nations unies, comit\u00e9 souverainiste, comit\u00e9s du Parti lib\u00e9ral du Canada et du Parti lib\u00e9ral du Qu\u00e9bec, jeunes progressistes.\" \/>\n<meta property=\"og:url\" content=\"https:\/\/www.brebeuf.qc.ca\/collegial\/vie-etudiante\/activites_socioculturelles_comites\/activites-et-comites-politique\/\" \/>\n<meta property=\"og:site_name\" content=\"Coll\u00e9gial\" \/>\n<meta property=\"article:modified_time\" content=\"2025-10-23T16:11:30+00:00\" \/>\n<meta property=\"og:image\" content=\"https:\/\/www.brebeuf.qc.ca\/collegial\/wp-content\/uploads\/sites\/2\/2022\/01\/entete_politique.jpeg\" \/>\n\t<meta property=\"og:image:width\" content=\"1400\" \/>\n\t<meta property=\"og:image:height\" content=\"240\" \/>\n<meta name=\"twitter:label1\" content=\"Dur\u00e9e de lecture est.\">\n\t<meta name=\"twitter:data1\" content=\"1 minute\">\n<script type=\"application\/ld+json\" class=\"yoast-schema-graph\">{\"@context\":\"https:\/\/schema.org\",\"@graph\":[{\"@type\":\"WebSite\",\"@id\":\"https:\/\/www.brebeuf.qc.ca\/collegial\/#website\",\"url\":\"https:\/\/www.brebeuf.qc.ca\/collegial\/\",\"name\":\"Coll\\u00e9gial\",\"description\":\"Coll\\u00e8ge priv\\u00e9 | Secondaire | Coll\\u00e9gial\",\"potentialAction\":[{\"@type\":\"SearchAction\",\"target\":\"https:\/\/www.brebeuf.qc.ca\/collegial\/?s={search_term_string}\",\"query-input\":\"required name=search_term_string\"}],\"inLanguage\":\"fr-FR\"},{\"@type\":\"ImageObject\",\"@id\":\"https:\/\/www.brebeuf.qc.ca\/collegial\/vie-etudiante\/activites_socioculturelles_comites\/activites-et-comites-politique\/#primaryimage\",\"inLanguage\":\"fr-FR\",\"url\":\"https:\/\/www.brebeuf.qc.ca\/collegial\/wp-content\/uploads\/sites\/2\/2022\/01\/entete_politique.jpeg\",\"contentUrl\":\"https:\/\/www.brebeuf.qc.ca\/collegial\/wp-content\/uploads\/sites\/2\/2022\/01\/entete_politique.jpeg\",\"width\":1400,\"height\":240},{\"@type\":\"WebPage\",\"@id\":\"https:\/\/www.brebeuf.qc.ca\/collegial\/vie-etudiante\/activites_socioculturelles_comites\/activites-et-comites-politique\/#webpage\",\"url\":\"https:\/\/www.brebeuf.qc.ca\/collegial\/vie-etudiante\/activites_socioculturelles_comites\/activites-et-comites-politique\/\",\"name\":\"Activit\\u00e9s et comit\\u00e9s - Politique - Coll\\u00e9gial\",\"isPartOf\":{\"@id\":\"https:\/\/www.brebeuf.qc.ca\/collegial\/#website\"},\"primaryImageOfPage\":{\"@id\":\"https:\/\/www.brebeuf.qc.ca\/collegial\/vie-etudiante\/activites_socioculturelles_comites\/activites-et-comites-politique\/#primaryimage\"},\"datePublished\":\"2022-01-13T20:03:58+00:00\",\"dateModified\":\"2025-10-23T16:11:30+00:00\",\"description\":\"Simulations des Nations unies, comit\\u00e9 souverainiste, comit\\u00e9s du Parti lib\\u00e9ral du Canada et du Parti lib\\u00e9ral du Qu\\u00e9bec, jeunes progressistes.\",\"breadcrumb\":{\"@id\":\"https:\/\/www.brebeuf.qc.ca\/collegial\/vie-etudiante\/activites_socioculturelles_comites\/activites-et-comites-politique\/#breadcrumb\"},\"inLanguage\":\"fr-FR\",\"potentialAction\":[{\"@type\":\"ReadAction\",\"target\":[\"https:\/\/www.brebeuf.qc.ca\/collegial\/vie-etudiante\/activites_socioculturelles_comites\/activites-et-comites-politique\/\"]}]},{\"@type\":\"BreadcrumbList\",\"@id\":\"https:\/\/www.brebeuf.qc.ca\/collegial\/vie-etudiante\/activites_socioculturelles_comites\/activites-et-comites-politique\/#breadcrumb\",\"itemListElement\":[{\"@type\":\"ListItem\",\"position\":1,\"item\":{\"@type\":\"WebPage\",\"@id\":\"https:\/\/www.brebeuf.qc.ca\/collegial\/\",\"url\":\"https:\/\/www.brebeuf.qc.ca\/collegial\/\",\"name\":\"Home\"}},{\"@type\":\"ListItem\",\"position\":2,\"item\":{\"@type\":\"WebPage\",\"@id\":\"https:\/\/www.brebeuf.qc.ca\/collegial\/vie-etudiante\/\",\"url\":\"https:\/\/www.brebeuf.qc.ca\/collegial\/vie-etudiante\/\",\"name\":\"Vie \\u00e9tudiante\"}},{\"@type\":\"ListItem\",\"position\":3,\"item\":{\"@type\":\"WebPage\",\"@id\":\"https:\/\/www.brebeuf.qc.ca\/collegial\/vie-etudiante\/activites_socioculturelles_comites\/\",\"url\":\"https:\/\/www.brebeuf.qc.ca\/collegial\/vie-etudiante\/activites_socioculturelles_comites\/\",\"name\":\"Activit\\u00e9s socioculturelles et comit\\u00e9s\"}},{\"@type\":\"ListItem\",\"position\":4,\"item\":{\"@id\":\"https:\/\/www.brebeuf.qc.ca\/collegial\/vie-etudiante\/activites_socioculturelles_comites\/activites-et-comites-politique\/#webpage\"}}]}]}<\/script>\n<!-- \/ Yoast SEO plugin. -->","_links":{"self":[{"href":"https:\/\/www.brebeuf.qc.ca\/collegial\/wp-json\/wp\/v2\/pages\/6448"}],"collection":[{"href":"https:\/\/www.brebeuf.qc.ca\/collegial\/wp-json\/wp\/v2\/pages"}],"about":[{"href":"https:\/\/www.brebeuf.qc.ca\/collegial\/wp-json\/wp\/v2\/types\/page"}],"author":[{"embeddable":true,"href":"https:\/\/www.brebeuf.qc.ca\/collegial\/wp-json\/wp\/v2\/users\/45"}],"replies":[{"embeddable":true,"href":"https:\/\/www.brebeuf.qc.ca\/collegial\/wp-json\/wp\/v2\/comments?post=6448"}],"version-history":[{"count":9,"href":"https:\/\/www.brebeuf.qc.ca\/collegial\/wp-json\/wp\/v2\/pages\/6448\/revisions"}],"predecessor-version":[{"id":9188,"href":"https:\/\/www.brebeuf.qc.ca\/collegial\/wp-json\/wp\/v2\/pages\/6448\/revisions\/9188"}],"up":[{"embeddable":true,"href":"https:\/\/www.brebeuf.qc.ca\/collegial\/wp-json\/wp\/v2\/pages\/92"}],"wp:featuredmedia":[{"embeddable":true,"href":"https:\/\/www.brebeuf.qc.ca\/collegial\/wp-json\/wp\/v2\/media\/6476"}],"wp:attachment":[{"href":"https:\/\/www.brebeuf.qc.ca\/collegial\/wp-json\/wp\/v2\/media?parent=6448"}],"curies":[{"name":"wp","href":"https:\/\/api.w.org\/{rel}","templated":true}]}}