{"id":5451,"date":"2021-02-02T18:41:40","date_gmt":"2021-02-02T18:41:40","guid":{"rendered":"https:\/\/www.brebeuf.qc.ca\/collegial\/?page_id=5451"},"modified":"2023-06-20T18:46:54","modified_gmt":"2023-06-20T18:46:54","slug":"faq-bourses-excellences-aide","status":"publish","type":"page","link":"https:\/\/www.brebeuf.qc.ca\/collegial\/bourses\/faq-bourses-excellences-aide\/","title":{"rendered":"FAQ &#8211; Les bourses d\u2019excellences et les bourses d\u2019aide"},"content":{"rendered":"<p><strong>Sur quoi se base la distribution des bourses en Sciences de la nature?<\/strong><\/p>\n<p>La distribution des bourses se base sur les m\u00eames r\u00e9sultats scolaires que ceux utilis\u00e9s pour l\u2019\u00e9tude des demandes d\u2019admission, soit les r\u00e9sultats scolaires fournis par le SRAM (notes de secondaire 4 + premi\u00e8re \u00e9tape de secondaire 5). Nous tenons uniquement compte des cours obligatoires.<br \/>\nLes bourses ne sont toutefois pas strictement distribu\u00e9es selon les performances acad\u00e9miques. Les \u00e9l\u00e8ves ayant des moyennes g\u00e9n\u00e9rales moins \u00e9lev\u00e9es ont quand m\u00eame des chances d\u2019\u00eatre s\u00e9lectionn\u00e9s comme r\u00e9cipiendaires. En effet, l\u2019implication scolaire, communautaire, sportive et artistique est \u00e9galement des crit\u00e8res de s\u00e9lection importants.<\/p>\n<p><strong>Est-ce possible d\u2019obtenir deux bourses d\u2019excellence?<\/strong><\/p>\n<p>Non. Il est toutefois possible d\u2019obtenir une bourse d\u2019excellence et une bourse d\u2019aide.<\/p>\n<p><strong>Est-il possible d\u2019obtenir une bourse d\u2019excellence et une bourse d\u2019aide?<\/strong><\/p>\n<p>Oui.<\/p>\n<p><strong>Un \u00e9tudiant international peut-il obtenir une bourse?<\/strong><\/p>\n<p>Oui, si celui-ci est un r\u00e9sident permanent canadien.<\/p>\n<p><strong>Les lettres de recommandation doivent-elles obligatoirement \u00eatre r\u00e9dig\u00e9es par une personne du Coll\u00e8ge ou par un enseignant?<\/strong><\/p>\n<p>Non. Ce peut \u00eatre, par exemple, un professeur de musique, un entra\u00eeneur sportif ou un responsable d\u2019une activit\u00e9 b\u00e9n\u00e9vole en dehors d\u2019un contexte scolaire.<\/p>\n<p><strong>Les activit\u00e9s extracurriculaires comptent-elles?<\/strong><\/p>\n<p>Oui. Elles comptent m\u00eame pour beaucoup dans le choix des r\u00e9cipiendaires.<\/p>\n<p><strong>Si j\u2019envoie ma demande de bourse rapidement, ai-je plus de chances d\u2019\u00eatre choisi?<\/strong><\/p>\n<p>Non. Les demandes ne sont \u00e9tudi\u00e9es qu\u2019apr\u00e8s la date limite pour envoyer sa demande.<\/p>\n<p><strong>Peut-on soumettre plus de deux lettres de motivation?<\/strong><\/p>\n<p>Oui, tant que chacune apporte quelque chose de nouveau. Si les lettres sont similaires, choisissez les deux plus pertinentes : la qualit\u00e9 pr\u00e9vaut la quantit\u00e9.<\/p>\n<p><strong>Le nombre de langues parl\u00e9es est-il pertinent \u00e0 mentionner dans ma demande?<\/strong><\/p>\n<p>Oui.<\/p>\n<p><strong>Les \u00e9tudiants du secondaire dans les \u00e9coles publiques sont-ils d\u00e9savantag\u00e9s dans le processus de s\u00e9lection?<\/strong><\/p>\n<p>Absolument pas. Autrement, cela serait discriminatoire pour les \u00e9tudiants provenant de r\u00e9gions o\u00f9 il n\u2019y a pas d\u2019\u00e9coles priv\u00e9es et qui veulent \u00e9tudier \u00e0 Montr\u00e9al. Le parcours et l\u2019implication de l\u2019\u00e9tudiant sont beaucoup plus importants que l\u2019\u00e9tablissement o\u00f9 il \u00e9tudie.<\/p>\n","protected":false},"excerpt":{"rendered":"<p>Sur quoi se base la distribution des bourses en Sciences de la nature? La distribution des bourses se base sur les m\u00eames r\u00e9sultats scolaires que ceux utilis\u00e9s pour l\u2019\u00e9tude des demandes d\u2019admission, soit les r\u00e9sultats scolaires fournis par le SRAM&#8230;<\/p>\n","protected":false},"author":45,"featured_media":3859,"parent":634,"menu_order":0,"comment_status":"closed","ping_status":"closed","template":"templates\/template-personnalisable.php","meta":{"_editorskit_title_hidden":false,"_editorskit_reading_time":1,"_editorskit_typography_data":[],"_editorskit_blocks_typography":""},"yoast_head":"<!-- This site is optimized with the Yoast SEO plugin v16.3 - https:\/\/yoast.com\/wordpress\/plugins\/seo\/ -->\n<title>FAQ - Les bourses d\u2019excellences et les bourses d\u2019aide - Coll\u00e9gial<\/title>\n<meta name=\"robots\" content=\"index, follow, max-snippet:-1, max-image-preview:large, max-video-preview:-1\" \/>\n<link rel=\"canonical\" href=\"https:\/\/www.brebeuf.qc.ca\/collegial\/bourses\/faq-bourses-excellences-aide\/\" \/>\n<meta property=\"og:locale\" content=\"fr_FR\" \/>\n<meta property=\"og:type\" content=\"article\" \/>\n<meta property=\"og:title\" content=\"FAQ - Les bourses d\u2019excellences et les bourses d\u2019aide - Coll\u00e9gial\" \/>\n<meta property=\"og:description\" content=\"Sur quoi se base la distribution des bourses en Sciences de la nature? La distribution des bourses se base sur les m\u00eames r\u00e9sultats scolaires que ceux utilis\u00e9s pour l\u2019\u00e9tude des demandes d\u2019admission, soit les r\u00e9sultats scolaires fournis par le SRAM...\" \/>\n<meta property=\"og:url\" content=\"https:\/\/www.brebeuf.qc.ca\/collegial\/bourses\/faq-bourses-excellences-aide\/\" \/>\n<meta property=\"og:site_name\" content=\"Coll\u00e9gial\" \/>\n<meta property=\"article:modified_time\" content=\"2023-06-20T18:46:54+00:00\" \/>\n<meta property=\"og:image\" content=\"https:\/\/www.brebeuf.qc.ca\/collegial\/wp-content\/uploads\/sites\/2\/2014\/10\/bourses_entree_disponibles.png\" \/>\n\t<meta property=\"og:image:width\" content=\"1400\" \/>\n\t<meta property=\"og:image:height\" content=\"240\" \/>\n<meta name=\"twitter:label1\" content=\"Dur\u00e9e de lecture est.\">\n\t<meta name=\"twitter:data1\" content=\"2 minutes\">\n<script type=\"application\/ld+json\" class=\"yoast-schema-graph\">{\"@context\":\"https:\/\/schema.org\",\"@graph\":[{\"@type\":\"WebSite\",\"@id\":\"https:\/\/www.brebeuf.qc.ca\/collegial\/#website\",\"url\":\"https:\/\/www.brebeuf.qc.ca\/collegial\/\",\"name\":\"Coll\\u00e9gial\",\"description\":\"Coll\\u00e8ge priv\\u00e9 | Secondaire | Coll\\u00e9gial\",\"potentialAction\":[{\"@type\":\"SearchAction\",\"target\":\"https:\/\/www.brebeuf.qc.ca\/collegial\/?s={search_term_string}\",\"query-input\":\"required name=search_term_string\"}],\"inLanguage\":\"fr-FR\"},{\"@type\":\"ImageObject\",\"@id\":\"https:\/\/www.brebeuf.qc.ca\/collegial\/bourses\/faq-bourses-excellences-aide\/#primaryimage\",\"inLanguage\":\"fr-FR\",\"url\":\"https:\/\/www.brebeuf.qc.ca\/collegial\/wp-content\/uploads\/sites\/2\/2014\/10\/bourses_entree_disponibles.png\",\"contentUrl\":\"https:\/\/www.brebeuf.qc.ca\/collegial\/wp-content\/uploads\/sites\/2\/2014\/10\/bourses_entree_disponibles.png\",\"width\":1400,\"height\":240},{\"@type\":\"WebPage\",\"@id\":\"https:\/\/www.brebeuf.qc.ca\/collegial\/bourses\/faq-bourses-excellences-aide\/#webpage\",\"url\":\"https:\/\/www.brebeuf.qc.ca\/collegial\/bourses\/faq-bourses-excellences-aide\/\",\"name\":\"FAQ - Les bourses d\\u2019excellences et les bourses d\\u2019aide - Coll\\u00e9gial\",\"isPartOf\":{\"@id\":\"https:\/\/www.brebeuf.qc.ca\/collegial\/#website\"},\"primaryImageOfPage\":{\"@id\":\"https:\/\/www.brebeuf.qc.ca\/collegial\/bourses\/faq-bourses-excellences-aide\/#primaryimage\"},\"datePublished\":\"2021-02-02T18:41:40+00:00\",\"dateModified\":\"2023-06-20T18:46:54+00:00\",\"breadcrumb\":{\"@id\":\"https:\/\/www.brebeuf.qc.ca\/collegial\/bourses\/faq-bourses-excellences-aide\/#breadcrumb\"},\"inLanguage\":\"fr-FR\",\"potentialAction\":[{\"@type\":\"ReadAction\",\"target\":[\"https:\/\/www.brebeuf.qc.ca\/collegial\/bourses\/faq-bourses-excellences-aide\/\"]}]},{\"@type\":\"BreadcrumbList\",\"@id\":\"https:\/\/www.brebeuf.qc.ca\/collegial\/bourses\/faq-bourses-excellences-aide\/#breadcrumb\",\"itemListElement\":[{\"@type\":\"ListItem\",\"position\":1,\"item\":{\"@type\":\"WebPage\",\"@id\":\"https:\/\/www.brebeuf.qc.ca\/collegial\/\",\"url\":\"https:\/\/www.brebeuf.qc.ca\/collegial\/\",\"name\":\"Home\"}},{\"@type\":\"ListItem\",\"position\":2,\"item\":{\"@type\":\"WebPage\",\"@id\":\"https:\/\/www.brebeuf.qc.ca\/collegial\/bourses\/\",\"url\":\"https:\/\/www.brebeuf.qc.ca\/collegial\/bourses\/\",\"name\":\"Bourses d&rsquo;excellence\"}},{\"@type\":\"ListItem\",\"position\":3,\"item\":{\"@id\":\"https:\/\/www.brebeuf.qc.ca\/collegial\/bourses\/faq-bourses-excellences-aide\/#webpage\"}}]}]}<\/script>\n<!-- \/ Yoast SEO plugin. -->","_links":{"self":[{"href":"https:\/\/www.brebeuf.qc.ca\/collegial\/wp-json\/wp\/v2\/pages\/5451"}],"collection":[{"href":"https:\/\/www.brebeuf.qc.ca\/collegial\/wp-json\/wp\/v2\/pages"}],"about":[{"href":"https:\/\/www.brebeuf.qc.ca\/collegial\/wp-json\/wp\/v2\/types\/page"}],"author":[{"embeddable":true,"href":"https:\/\/www.brebeuf.qc.ca\/collegial\/wp-json\/wp\/v2\/users\/45"}],"replies":[{"embeddable":true,"href":"https:\/\/www.brebeuf.qc.ca\/collegial\/wp-json\/wp\/v2\/comments?post=5451"}],"version-history":[{"count":3,"href":"https:\/\/www.brebeuf.qc.ca\/collegial\/wp-json\/wp\/v2\/pages\/5451\/revisions"}],"predecessor-version":[{"id":7474,"href":"https:\/\/www.brebeuf.qc.ca\/collegial\/wp-json\/wp\/v2\/pages\/5451\/revisions\/7474"}],"up":[{"embeddable":true,"href":"https:\/\/www.brebeuf.qc.ca\/collegial\/wp-json\/wp\/v2\/pages\/634"}],"wp:featuredmedia":[{"embeddable":true,"href":"https:\/\/www.brebeuf.qc.ca\/collegial\/wp-json\/wp\/v2\/media\/3859"}],"wp:attachment":[{"href":"https:\/\/www.brebeuf.qc.ca\/collegial\/wp-json\/wp\/v2\/media?parent=5451"}],"curies":[{"name":"wp","href":"https:\/\/api.w.org\/{rel}","templated":true}]}}