{"id":457,"date":"2014-09-04T13:35:01","date_gmt":"2014-09-04T13:35:01","guid":{"rendered":"http:\/\/www.brebeuf.qc.ca\/collegial\/?page_id=457"},"modified":"2026-04-09T15:48:25","modified_gmt":"2026-04-09T15:48:25","slug":"calendrier-scolaire","status":"publish","type":"page","link":"https:\/\/www.brebeuf.qc.ca\/collegial\/calendrier-scolaire\/","title":{"rendered":"Calendrier scolaire"},"content":{"rendered":"\n<h2><span id=\"Annee_2025-2026\">Ann\u00e9e 2025-2026<\/span><\/h2>\n\n\n\n<blockquote class=\"wp-block-quote\"><p><a href=\"https:\/\/www.brebeuf.qc.ca\/collegial\/wp-content\/uploads\/sites\/2\/2026\/04\/Calendrier-H26-modifie.pdf\" class=\"ek-link\">Calendrier scolaire 2025-2026 (PDF)<\/a><\/p><\/blockquote>\n\n\n\n<h2><span id=\"Annee_2026-2027\">Ann\u00e9e 2026-2027<\/span><\/h2>\n\n\n\n<blockquote class=\"wp-block-quote\"><p><a href=\"https:\/\/www.brebeuf.qc.ca\/wp-content\/uploads\/2026\/03\/Proposition-Calendrier-2026-2027-24-mars-2026.pdf\" class=\"ek-link\">Calendrier scolaire 2026-2027 (PDF)<\/a><\/p><\/blockquote>\n\n\n\n<p><\/p>\n<div id=\"toc_container\" class=\"no_bullets\"><p class=\"toc_title\">Sommaire<\/p><ul class=\"toc_list\"><li><a href=\"#Annee_2025-2026\">Ann\u00e9e 2025-2026<\/a><\/li><li><a href=\"#Annee_2026-2027\">Ann\u00e9e 2026-2027<\/a><\/li><\/ul><\/div>\n","protected":false},"excerpt":{"rendered":"<p>Ann\u00e9e 2025-2026 Calendrier scolaire 2025-2026 (PDF) Ann\u00e9e 2026-2027 Calendrier scolaire 2026-2027 (PDF) SommaireAnn\u00e9e 2025-2026Ann\u00e9e 2026-2027<\/p>\n","protected":false},"author":3,"featured_media":8320,"parent":0,"menu_order":7,"comment_status":"open","ping_status":"closed","template":"templates\/template-generique.php","meta":{"_editorskit_title_hidden":false,"_editorskit_reading_time":1,"_editorskit_typography_data":[],"_editorskit_blocks_typography":""},"yoast_head":"<!-- This site is optimized with the Yoast SEO plugin v16.3 - https:\/\/yoast.com\/wordpress\/plugins\/seo\/ -->\n<title>Calendrier scolaire - Coll\u00e9gial<\/title>\n<meta name=\"robots\" content=\"index, follow, max-snippet:-1, max-image-preview:large, max-video-preview:-1\" \/>\n<link rel=\"canonical\" href=\"https:\/\/www.brebeuf.qc.ca\/collegial\/calendrier-scolaire\/\" \/>\n<meta property=\"og:locale\" content=\"fr_FR\" \/>\n<meta property=\"og:type\" content=\"article\" \/>\n<meta property=\"og:title\" content=\"Calendrier scolaire - Coll\u00e9gial\" \/>\n<meta property=\"og:description\" content=\"Ann\u00e9e 2025-2026 Calendrier scolaire 2025-2026 (PDF) Ann\u00e9e 2026-2027 Calendrier scolaire 2026-2027 (PDF) SommaireAnn\u00e9e 2025-2026Ann\u00e9e 2026-2027\" \/>\n<meta property=\"og:url\" content=\"https:\/\/www.brebeuf.qc.ca\/collegial\/calendrier-scolaire\/\" \/>\n<meta property=\"og:site_name\" content=\"Coll\u00e9gial\" \/>\n<meta property=\"article:modified_time\" content=\"2026-04-09T15:48:25+00:00\" \/>\n<meta property=\"og:image\" content=\"https:\/\/www.brebeuf.qc.ca\/collegial\/wp-content\/uploads\/sites\/2\/2024\/07\/Calendrier-scolaire.png\" \/>\n\t<meta property=\"og:image:width\" content=\"1400\" \/>\n\t<meta property=\"og:image:height\" content=\"240\" \/>\n<meta name=\"twitter:label1\" content=\"Dur\u00e9e de lecture est.\">\n\t<meta name=\"twitter:data1\" content=\"1 minute\">\n<script type=\"application\/ld+json\" class=\"yoast-schema-graph\">{\"@context\":\"https:\/\/schema.org\",\"@graph\":[{\"@type\":\"WebSite\",\"@id\":\"https:\/\/www.brebeuf.qc.ca\/collegial\/#website\",\"url\":\"https:\/\/www.brebeuf.qc.ca\/collegial\/\",\"name\":\"Coll\\u00e9gial\",\"description\":\"Coll\\u00e8ge priv\\u00e9 | Secondaire | Coll\\u00e9gial\",\"potentialAction\":[{\"@type\":\"SearchAction\",\"target\":\"https:\/\/www.brebeuf.qc.ca\/collegial\/?s={search_term_string}\",\"query-input\":\"required name=search_term_string\"}],\"inLanguage\":\"fr-FR\"},{\"@type\":\"ImageObject\",\"@id\":\"https:\/\/www.brebeuf.qc.ca\/collegial\/calendrier-scolaire\/#primaryimage\",\"inLanguage\":\"fr-FR\",\"url\":\"https:\/\/www.brebeuf.qc.ca\/collegial\/wp-content\/uploads\/sites\/2\/2024\/07\/Calendrier-scolaire.png\",\"contentUrl\":\"https:\/\/www.brebeuf.qc.ca\/collegial\/wp-content\/uploads\/sites\/2\/2024\/07\/Calendrier-scolaire.png\",\"width\":1400,\"height\":240},{\"@type\":\"WebPage\",\"@id\":\"https:\/\/www.brebeuf.qc.ca\/collegial\/calendrier-scolaire\/#webpage\",\"url\":\"https:\/\/www.brebeuf.qc.ca\/collegial\/calendrier-scolaire\/\",\"name\":\"Calendrier scolaire - Coll\\u00e9gial\",\"isPartOf\":{\"@id\":\"https:\/\/www.brebeuf.qc.ca\/collegial\/#website\"},\"primaryImageOfPage\":{\"@id\":\"https:\/\/www.brebeuf.qc.ca\/collegial\/calendrier-scolaire\/#primaryimage\"},\"datePublished\":\"2014-09-04T13:35:01+00:00\",\"dateModified\":\"2026-04-09T15:48:25+00:00\",\"breadcrumb\":{\"@id\":\"https:\/\/www.brebeuf.qc.ca\/collegial\/calendrier-scolaire\/#breadcrumb\"},\"inLanguage\":\"fr-FR\",\"potentialAction\":[{\"@type\":\"ReadAction\",\"target\":[\"https:\/\/www.brebeuf.qc.ca\/collegial\/calendrier-scolaire\/\"]}]},{\"@type\":\"BreadcrumbList\",\"@id\":\"https:\/\/www.brebeuf.qc.ca\/collegial\/calendrier-scolaire\/#breadcrumb\",\"itemListElement\":[{\"@type\":\"ListItem\",\"position\":1,\"item\":{\"@type\":\"WebPage\",\"@id\":\"https:\/\/www.brebeuf.qc.ca\/collegial\/\",\"url\":\"https:\/\/www.brebeuf.qc.ca\/collegial\/\",\"name\":\"Home\"}},{\"@type\":\"ListItem\",\"position\":2,\"item\":{\"@id\":\"https:\/\/www.brebeuf.qc.ca\/collegial\/calendrier-scolaire\/#webpage\"}}]}]}<\/script>\n<!-- \/ Yoast SEO plugin. -->","_links":{"self":[{"href":"https:\/\/www.brebeuf.qc.ca\/collegial\/wp-json\/wp\/v2\/pages\/457"}],"collection":[{"href":"https:\/\/www.brebeuf.qc.ca\/collegial\/wp-json\/wp\/v2\/pages"}],"about":[{"href":"https:\/\/www.brebeuf.qc.ca\/collegial\/wp-json\/wp\/v2\/types\/page"}],"author":[{"embeddable":true,"href":"https:\/\/www.brebeuf.qc.ca\/collegial\/wp-json\/wp\/v2\/users\/3"}],"replies":[{"embeddable":true,"href":"https:\/\/www.brebeuf.qc.ca\/collegial\/wp-json\/wp\/v2\/comments?post=457"}],"version-history":[{"count":63,"href":"https:\/\/www.brebeuf.qc.ca\/collegial\/wp-json\/wp\/v2\/pages\/457\/revisions"}],"predecessor-version":[{"id":9831,"href":"https:\/\/www.brebeuf.qc.ca\/collegial\/wp-json\/wp\/v2\/pages\/457\/revisions\/9831"}],"wp:featuredmedia":[{"embeddable":true,"href":"https:\/\/www.brebeuf.qc.ca\/collegial\/wp-json\/wp\/v2\/media\/8320"}],"wp:attachment":[{"href":"https:\/\/www.brebeuf.qc.ca\/collegial\/wp-json\/wp\/v2\/media?parent=457"}],"curies":[{"name":"wp","href":"https:\/\/api.w.org\/{rel}","templated":true}]}}

<h2><span id="Annee_2025-2026">Année 2025-2026</span></h2>



<blockquote class="wp-block-quote"><p><a href="https://www.brebeuf.qc.ca/collegial/wp-content/uploads/sites/2/2026/04/Calendrier-H26-modifie.pdf" class="ek-link">Calendrier scolaire 2025-2026 (PDF)</a></p></blockquote>



<h2><span id="Annee_2026-2027">Année 2026-2027</span></h2>



<blockquote class="wp-block-quote"><p><a href="https://www.brebeuf.qc.ca/wp-content/uploads/2026/03/Proposition-Calendrier-2026-2027-24-mars-2026.pdf" class="ek-link">Calendrier scolaire 2026-2027 (PDF)</a></p></blockquote>



<p></p>
<div id="toc_container" class="no_bullets"><p class="toc_title">Sommaire</p><ul class="toc_list"><li><a href="#Annee_2025-2026">Année 2025-2026</a></li><li><a href="#Annee_2026-2027">Année 2026-2027</a></li></ul></div>

<p>Année 2025-2026 Calendrier scolaire 2025-2026 (PDF) Année 2026-2027 Calendrier scolaire 2026-2027 (PDF) SommaireAnnée 2025-2026Année 2026-2027</p>

<!-- This site is optimized with the Yoast SEO plugin v16.3 - https://yoast.com/wordpress/plugins/seo/ -->
<title>Calendrier scolaire - Collégial</title>
<meta name="robots" content="index, follow, max-snippet:-1, max-image-preview:large, max-video-preview:-1" />
<link rel="canonical" href="https://www.brebeuf.qc.ca/collegial/calendrier-scolaire/" />
<meta property="og:locale" content="fr_FR" />
<meta property="og:type" content="article" />
<meta property="og:title" content="Calendrier scolaire - Collégial" />
<meta property="og:description" content="Année 2025-2026 Calendrier scolaire 2025-2026 (PDF) Année 2026-2027 Calendrier scolaire 2026-2027 (PDF) SommaireAnnée 2025-2026Année 2026-2027" />
<meta property="og:url" content="https://www.brebeuf.qc.ca/collegial/calendrier-scolaire/" />
<meta property="og:site_name" content="Collégial" />
<meta property="article:modified_time" content="2026-04-09T15:48:25+00:00" />
<meta property="og:image" content="https://www.brebeuf.qc.ca/collegial/wp-content/uploads/sites/2/2024/07/Calendrier-scolaire.png" />
	<meta property="og:image:width" content="1400" />
	<meta property="og:image:height" content="240" />
<meta name="twitter:label1" content="Durée de lecture est.">
	<meta name="twitter:data1" content="1 minute">
<script type="application/ld+json" class="yoast-schema-graph">{"@context":"https://schema.org","@graph":[{"@type":"WebSite","@id":"https://www.brebeuf.qc.ca/collegial/#website","url":"https://www.brebeuf.qc.ca/collegial/","name":"Coll\u00e9gial","description":"Coll\u00e8ge priv\u00e9 | Secondaire | Coll\u00e9gial","potentialAction":[{"@type":"SearchAction","target":"https://www.brebeuf.qc.ca/collegial/?s={search_term_string}","query-input":"required name=search_term_string"}],"inLanguage":"fr-FR"},{"@type":"ImageObject","@id":"https://www.brebeuf.qc.ca/collegial/calendrier-scolaire/#primaryimage","inLanguage":"fr-FR","url":"https://www.brebeuf.qc.ca/collegial/wp-content/uploads/sites/2/2024/07/Calendrier-scolaire.png","contentUrl":"https://www.brebeuf.qc.ca/collegial/wp-content/uploads/sites/2/2024/07/Calendrier-scolaire.png","width":1400,"height":240},{"@type":"WebPage","@id":"https://www.brebeuf.qc.ca/collegial/calendrier-scolaire/#webpage","url":"https://www.brebeuf.qc.ca/collegial/calendrier-scolaire/","name":"Calendrier scolaire - Coll\u00e9gial","isPartOf":{"@id":"https://www.brebeuf.qc.ca/collegial/#website"},"primaryImageOfPage":{"@id":"https://www.brebeuf.qc.ca/collegial/calendrier-scolaire/#primaryimage"},"datePublished":"2014-09-04T13:35:01+00:00","dateModified":"2026-04-09T15:48:25+00:00","breadcrumb":{"@id":"https://www.brebeuf.qc.ca/collegial/calendrier-scolaire/#breadcrumb"},"inLanguage":"fr-FR","potentialAction":[{"@type":"ReadAction","target":["https://www.brebeuf.qc.ca/collegial/calendrier-scolaire/"]}]},{"@type":"BreadcrumbList","@id":"https://www.brebeuf.qc.ca/collegial/calendrier-scolaire/#breadcrumb","itemListElement":[{"@type":"ListItem","position":1,"item":{"@type":"WebPage","@id":"https://www.brebeuf.qc.ca/collegial/","url":"https://www.brebeuf.qc.ca/collegial/","name":"Home"}},{"@type":"ListItem","position":2,"item":{"@id":"https://www.brebeuf.qc.ca/collegial/calendrier-scolaire/#webpage"}}]}]}</script>
<!-- / Yoast SEO plugin. -->
