{"id":357,"date":"2014-08-27T17:17:51","date_gmt":"2014-08-27T17:17:51","guid":{"rendered":"http:\/\/www.brebeuf.qc.ca\/collegial\/?page_id=357"},"modified":"2024-07-11T20:02:57","modified_gmt":"2024-07-11T20:02:57","slug":"aide-la-reussite","status":"publish","type":"page","link":"https:\/\/www.brebeuf.qc.ca\/collegial\/aide-la-reussite\/","title":{"rendered":"Aides \u00e0 la r\u00e9ussite et information scolaire"},"content":{"rendered":"\n<p class=\"has-text-align-left\">Le Coll\u00e8ge offre de nombreux services permettant \u00e0 chaque \u00e9tudiant.e de bien s\u2019int\u00e9grer \u00e0 la vie coll\u00e9giale et de bien r\u00e9ussir ses \u00e9tudes. Un service d\u2019information scolaire et professionnelle ainsi qu\u2019un service d\u2019orientation sont \u00e9galement accessibles.<\/p>\n\n\n\n<p class=\"has-text-align-left\">Outre la disponibilit\u00e9 du personnel enseignant, voici la liste des principales mesures d\u2019aide \u00e0 la r\u00e9ussite.<\/p>\n\n\n\n<h2><span id=\"Aide_pedagogique_individuelle\"><a href=\"https:\/\/www.brebeuf.qc.ca\/collegial\/aide-la-reussite\/aide-pedagogique-individuelle\/\" class=\"ek-link\"><strong>Aide p\u00e9dagogique individuelle<\/strong><\/a><\/span><\/h2>\n\n\n\n<figure class=\"wp-block-image size-large is-resized\"><a href=\"https:\/\/www.brebeuf.qc.ca\/collegial\/aide-la-reussite\/aide-pedagogique-individuelle\/\" target=\"_blank\" rel=\"noopener\"><img loading=\"lazy\" src=\"https:\/\/www.brebeuf.qc.ca\/collegial\/wp-content\/uploads\/sites\/2\/2021\/10\/aide_pedagogique_individuelle.jpeg\" alt=\"\" class=\"wp-image-5954\" width=\"700\" height=\"100\" \/><\/a><\/figure>\n\n\n\n<p class=\"has-text-align-left\">Les aides p\u00e9dagogiques individuelles supervisent le choix de cours des \u00e9tudiants, r\u00e9pondent aux questions concernant leur cheminement scolaire, accompagnent ceux et celles qui, pour une raison ou une autre, \u00e9prouvent des difficult\u00e9s pendant leur s\u00e9jour au coll\u00e9gial.<\/p>\n\n\n\n<h2><span id=\"Centres_drsquoaide_et_de_perfectionnement\"><a href=\"https:\/\/www.brebeuf.qc.ca\/collegial\/aide-la-reussite\/centres-aide-perfectionnement\/\" target=\"_blank\" aria-label=\"Centres d'aide et de perfectionnement (opens in a new tab)\" rel=\"noreferrer noopener\" class=\"ek-link\"><strong>Centres d&rsquo;aide et de perfectionnement<\/strong><\/a><\/span><\/h2>\n\n\n\n<figure class=\"wp-block-image size-large is-resized\"><a href=\"https:\/\/www.brebeuf.qc.ca\/collegial\/aide-la-reussite\/centres-aide-perfectionnement\/\" target=\"_blank\" rel=\"noopener\"><img loading=\"lazy\" src=\"https:\/\/www.brebeuf.qc.ca\/collegial\/wp-content\/uploads\/sites\/2\/2021\/10\/centres_aide_perfectionnement.jpeg\" alt=\"\" class=\"wp-image-5961\" width=\"700\" height=\"100\" \/><\/a><\/figure>\n\n\n\n<p class=\"has-text-align-left\">Le Coll\u00e8ge met \u00e0 votre disposition des centres d\u2019aide ainsi que des mesures de soutien qui vous permettront de mieux r\u00e9ussir vos cours mais aussi, dans certains cas, de mieux vous pr\u00e9parer aux divers comit\u00e9s de s\u00e9lection universitaires.<\/p>\n\n\n\n<h2><span id=\"Orientation\"><a href=\"https:\/\/www.brebeuf.qc.ca\/collegial\/aide-la-reussite\/orientation\/\" target=\"_blank\" aria-label=\"Orientation (opens in a new tab)\" rel=\"noreferrer noopener\" class=\"ek-link\"><strong>Orientation<\/strong><\/a><\/span><\/h2>\n\n\n\n<figure class=\"wp-block-image size-large is-resized\"><a href=\"https:\/\/www.brebeuf.qc.ca\/collegial\/aide-la-reussite\/orientation\/\" target=\"_blank\" rel=\"noopener\"><img loading=\"lazy\" src=\"https:\/\/www.brebeuf.qc.ca\/collegial\/wp-content\/uploads\/sites\/2\/2021\/10\/orientation.jpeg\" alt=\"\" class=\"wp-image-5966\" width=\"700\" height=\"100\" \/><\/a><\/figure>\n\n\n\n<p class=\"has-text-align-left\">Le service d\u2019orientation est disponible d&rsquo;abord en groupe ou de fa\u00e7on individuelle lorsque cela s&rsquo;av\u00e8re n\u00e9cessaire.<\/p>\n\n\n\n<p class=\"has-text-align-left\">Il s\u2019adresse aux \u00e9tudiant.e.s se questionnant \u00e0 propos du choix de programme universitaire ou de carri\u00e8re. Il permet de faire une d\u00e9marche d\u2019exploration de la connaissance de soi (ses forces, ses int\u00e9r\u00eats, ses aptitudes, sa personnalit\u00e9), de r\u00e9flexion \u00e0 propos de son avenir et des choix d\u2019\u00e9tudes ou de carri\u00e8re correspondant \u00e0 ses aspirations, \u00e0 ses d\u00e9sirs.<\/p>\n\n\n\n<h2><span id=\"Information_scolaire_et_professionnelle\"><a aria-label=\" (opens in a new tab)\" href=\"https:\/\/www.brebeuf.qc.ca\/collegial\/aide-la-reussite\/information-scolaire\/\" target=\"_blank\" rel=\"noreferrer noopener\" class=\"ek-link\"><strong>Information scolaire et professionnelle<\/strong><\/a><\/span><\/h2>\n\n\n\n<figure class=\"wp-block-image size-large is-resized\"><a href=\"https:\/\/www.brebeuf.qc.ca\/collegial\/aide-la-reussite\/information-scolaire\/\" target=\"_blank\" rel=\"noopener\"><img loading=\"lazy\" src=\"https:\/\/www.brebeuf.qc.ca\/collegial\/wp-content\/uploads\/sites\/2\/2021\/10\/information_scolaire_professionelle.jpeg\" alt=\"\" class=\"wp-image-5978\" width=\"700\" height=\"100\" \/><\/a><\/figure>\n\n\n\n<p class=\"has-text-align-left\">La conseill\u00e8re en information scolaire et professionnelle vous aide \u00e0 planifier votre choix de carri\u00e8re et vous fournit des renseignements pertinents sur les professions, le monde du travail et l\u2019admission \u00e0 l\u2019universit\u00e9.<\/p>\n\n\n\n<h2><span id=\"Services_adaptes_pour_les_personnes_etudiantes_a_besoin_particulier\"><a aria-label=\" (opens in a new tab)\" href=\"https:\/\/www.brebeuf.qc.ca\/collegial\/aide-la-reussite\/services-adaptes-etudiants-besoin-particulier\/\" target=\"_blank\" rel=\"noreferrer noopener\" class=\"ek-link\"><strong>Services adapt\u00e9s pour les personnes \u00e9tudiantes \u00e0 besoin particulier<\/strong><\/a><\/span><\/h2>\n\n\n\n<figure class=\"wp-block-image size-large is-resized\"><a href=\"https:\/\/www.brebeuf.qc.ca\/collegial\/aide-la-reussite\/services-adaptes-etudiants-besoin-particulier\/\" target=\"_blank\" rel=\"noopener\"><img loading=\"lazy\" src=\"https:\/\/www.brebeuf.qc.ca\/collegial\/wp-content\/uploads\/sites\/2\/2021\/10\/services_adaptes.jpeg\" alt=\"\" class=\"wp-image-5982\" width=\"700\" height=\"100\" \/><\/a><\/figure>\n\n\n\n<p class=\"has-text-align-left\">Le Coll\u00e8ge offre, par le biais de services adapt\u00e9s, des mesures d\u2019aide pour les personnes \u00e9tudiantes ayant des besoins particuliers ou pr\u00e9sentant des limitations fonctionnelles tels un trouble d\u00e9ficitaire de l\u2019attention, un trouble d\u2019apprentissage, un probl\u00e8me de sant\u00e9 mentale, une d\u00e9ficience physique, sensorielle ou neurologique.<\/p>\n<div id=\"toc_container\" class=\"no_bullets\"><p class=\"toc_title\">Sommaire<\/p><ul class=\"toc_list\"><li><a href=\"#Aide_pedagogique_individuelle\">Aide p\u00e9dagogique individuelle<\/a><\/li><li><a href=\"#Centres_drsquoaide_et_de_perfectionnement\">Centres d&rsquo;aide et de perfectionnement<\/a><\/li><li><a href=\"#Orientation\">Orientation<\/a><\/li><li><a href=\"#Information_scolaire_et_professionnelle\">Information scolaire et professionnelle<\/a><\/li><li><a href=\"#Services_adaptes_pour_les_personnes_etudiantes_a_besoin_particulier\">Services adapt\u00e9s pour les personnes \u00e9tudiantes \u00e0 besoin particulier<\/a><\/li><\/ul><\/div>\n","protected":false},"excerpt":{"rendered":"<p>Le Coll\u00e8ge offre de nombreux services permettant \u00e0 chaque \u00e9tudiant.e de bien s\u2019int\u00e9grer \u00e0 la vie coll\u00e9giale et de bien r\u00e9ussir ses \u00e9tudes. Un service d\u2019information scolaire et professionnelle ainsi qu\u2019un service d\u2019orientation sont \u00e9galement accessibles. Outre la disponibilit\u00e9 du&#8230;<\/p>\n","protected":false},"author":3,"featured_media":8321,"parent":0,"menu_order":4,"comment_status":"open","ping_status":"closed","template":"templates\/template-personnalisable.php","meta":{"_editorskit_title_hidden":false,"_editorskit_reading_time":2,"_editorskit_typography_data":[],"_editorskit_blocks_typography":""},"yoast_head":"<!-- This site is optimized with the Yoast SEO plugin v16.3 - https:\/\/yoast.com\/wordpress\/plugins\/seo\/ -->\n<title>Aides \u00e0 la r\u00e9ussite et information scolaire - Coll\u00e9gial<\/title>\n<meta name=\"robots\" content=\"index, follow, max-snippet:-1, max-image-preview:large, max-video-preview:-1\" \/>\n<link rel=\"canonical\" href=\"https:\/\/www.brebeuf.qc.ca\/collegial\/aide-la-reussite\/\" \/>\n<meta property=\"og:locale\" content=\"fr_FR\" \/>\n<meta property=\"og:type\" content=\"article\" \/>\n<meta property=\"og:title\" content=\"Aides \u00e0 la r\u00e9ussite et information scolaire - Coll\u00e9gial\" \/>\n<meta property=\"og:description\" content=\"Le Coll\u00e8ge offre de nombreux services permettant \u00e0 chaque \u00e9tudiant.e de bien s\u2019int\u00e9grer \u00e0 la vie coll\u00e9giale et de bien r\u00e9ussir ses \u00e9tudes. Un service d\u2019information scolaire et professionnelle ainsi qu\u2019un service d\u2019orientation sont \u00e9galement accessibles. Outre la disponibilit\u00e9 du...\" \/>\n<meta property=\"og:url\" content=\"https:\/\/www.brebeuf.qc.ca\/collegial\/aide-la-reussite\/\" \/>\n<meta property=\"og:site_name\" content=\"Coll\u00e9gial\" \/>\n<meta property=\"article:modified_time\" content=\"2024-07-11T20:02:57+00:00\" \/>\n<meta property=\"og:image\" content=\"https:\/\/www.brebeuf.qc.ca\/collegial\/wp-content\/uploads\/sites\/2\/2024\/07\/Aide-reussite.png\" \/>\n\t<meta property=\"og:image:width\" content=\"1400\" \/>\n\t<meta property=\"og:image:height\" content=\"240\" \/>\n<meta name=\"twitter:label1\" content=\"Dur\u00e9e de lecture est.\">\n\t<meta name=\"twitter:data1\" content=\"3 minutes\">\n<script type=\"application\/ld+json\" class=\"yoast-schema-graph\">{\"@context\":\"https:\/\/schema.org\",\"@graph\":[{\"@type\":\"WebSite\",\"@id\":\"https:\/\/www.brebeuf.qc.ca\/collegial\/#website\",\"url\":\"https:\/\/www.brebeuf.qc.ca\/collegial\/\",\"name\":\"Coll\\u00e9gial\",\"description\":\"Coll\\u00e8ge priv\\u00e9 | Secondaire | Coll\\u00e9gial\",\"potentialAction\":[{\"@type\":\"SearchAction\",\"target\":\"https:\/\/www.brebeuf.qc.ca\/collegial\/?s={search_term_string}\",\"query-input\":\"required name=search_term_string\"}],\"inLanguage\":\"fr-FR\"},{\"@type\":\"ImageObject\",\"@id\":\"https:\/\/www.brebeuf.qc.ca\/collegial\/aide-la-reussite\/#primaryimage\",\"inLanguage\":\"fr-FR\",\"url\":\"https:\/\/www.brebeuf.qc.ca\/collegial\/wp-content\/uploads\/sites\/2\/2024\/07\/Aide-reussite.png\",\"contentUrl\":\"https:\/\/www.brebeuf.qc.ca\/collegial\/wp-content\/uploads\/sites\/2\/2024\/07\/Aide-reussite.png\",\"width\":1400,\"height\":240},{\"@type\":\"WebPage\",\"@id\":\"https:\/\/www.brebeuf.qc.ca\/collegial\/aide-la-reussite\/#webpage\",\"url\":\"https:\/\/www.brebeuf.qc.ca\/collegial\/aide-la-reussite\/\",\"name\":\"Aides \\u00e0 la r\\u00e9ussite et information scolaire - Coll\\u00e9gial\",\"isPartOf\":{\"@id\":\"https:\/\/www.brebeuf.qc.ca\/collegial\/#website\"},\"primaryImageOfPage\":{\"@id\":\"https:\/\/www.brebeuf.qc.ca\/collegial\/aide-la-reussite\/#primaryimage\"},\"datePublished\":\"2014-08-27T17:17:51+00:00\",\"dateModified\":\"2024-07-11T20:02:57+00:00\",\"breadcrumb\":{\"@id\":\"https:\/\/www.brebeuf.qc.ca\/collegial\/aide-la-reussite\/#breadcrumb\"},\"inLanguage\":\"fr-FR\",\"potentialAction\":[{\"@type\":\"ReadAction\",\"target\":[\"https:\/\/www.brebeuf.qc.ca\/collegial\/aide-la-reussite\/\"]}]},{\"@type\":\"BreadcrumbList\",\"@id\":\"https:\/\/www.brebeuf.qc.ca\/collegial\/aide-la-reussite\/#breadcrumb\",\"itemListElement\":[{\"@type\":\"ListItem\",\"position\":1,\"item\":{\"@type\":\"WebPage\",\"@id\":\"https:\/\/www.brebeuf.qc.ca\/collegial\/\",\"url\":\"https:\/\/www.brebeuf.qc.ca\/collegial\/\",\"name\":\"Home\"}},{\"@type\":\"ListItem\",\"position\":2,\"item\":{\"@id\":\"https:\/\/www.brebeuf.qc.ca\/collegial\/aide-la-reussite\/#webpage\"}}]}]}<\/script>\n<!-- \/ Yoast SEO plugin. -->","_links":{"self":[{"href":"https:\/\/www.brebeuf.qc.ca\/collegial\/wp-json\/wp\/v2\/pages\/357"}],"collection":[{"href":"https:\/\/www.brebeuf.qc.ca\/collegial\/wp-json\/wp\/v2\/pages"}],"about":[{"href":"https:\/\/www.brebeuf.qc.ca\/collegial\/wp-json\/wp\/v2\/types\/page"}],"author":[{"embeddable":true,"href":"https:\/\/www.brebeuf.qc.ca\/collegial\/wp-json\/wp\/v2\/users\/3"}],"replies":[{"embeddable":true,"href":"https:\/\/www.brebeuf.qc.ca\/collegial\/wp-json\/wp\/v2\/comments?post=357"}],"version-history":[{"count":62,"href":"https:\/\/www.brebeuf.qc.ca\/collegial\/wp-json\/wp\/v2\/pages\/357\/revisions"}],"predecessor-version":[{"id":8322,"href":"https:\/\/www.brebeuf.qc.ca\/collegial\/wp-json\/wp\/v2\/pages\/357\/revisions\/8322"}],"wp:featuredmedia":[{"embeddable":true,"href":"https:\/\/www.brebeuf.qc.ca\/collegial\/wp-json\/wp\/v2\/media\/8321"}],"wp:attachment":[{"href":"https:\/\/www.brebeuf.qc.ca\/collegial\/wp-json\/wp\/v2\/media?parent=357"}],"curies":[{"name":"wp","href":"https:\/\/api.w.org\/{rel}","templated":true}]}}