{"id":1586,"date":"2015-03-27T16:51:56","date_gmt":"2015-03-27T16:51:56","guid":{"rendered":"http:\/\/www.brebeuf.qc.ca\/collegial\/?page_id=1586"},"modified":"2026-02-12T16:31:05","modified_gmt":"2026-02-12T16:31:05","slug":"cross-country","status":"publish","type":"page","link":"https:\/\/www.brebeuf.qc.ca\/collegial\/vie-etudiante\/sports\/cross-country\/","title":{"rendered":"Cross-country"},"content":{"rendered":"\n<h2><span id=\"Equipe_2025-2026\">\u00c9quipe 2025-2026<\/span><\/h2>\n\n\n\n<figure class=\"wp-block-image size-large is-resized\"><a href=\"https:\/\/www.brebeuf.qc.ca\/collegial\/wp-content\/uploads\/sites\/2\/2025\/10\/Cross-country.jpg\" data-rel=\"lightbox-image-0\" data-rl_title=\"\" data-rl_caption=\"\" title=\"\"><img loading=\"lazy\" src=\"https:\/\/www.brebeuf.qc.ca\/collegial\/wp-content\/uploads\/sites\/2\/2025\/10\/Cross-country.jpg\" alt=\"\" class=\"wp-image-9077\" width=\"827\" height=\"551\"\/><\/a><\/figure>\n\n\n\n<hr class=\"wp-block-separator\"\/>\n\n\n\n<h2><span id=\"Ligue\">Ligue<\/span><\/h2>\n\n\n\n<p>L\u2019\u00e9quipe de cross-country fait partie de la conf\u00e9rence sud-ouest de la ligue coll\u00e9giale du RSEQ (R\u00e9seau du sport \u00e9tudiant du Qu\u00e9bec).<\/p>\n\n\n\n<hr class=\"wp-block-separator\"\/>\n\n\n\n<h2><span id=\"Engagement\">Engagement<\/span><\/h2>\n\n\n\n<p>L\u2019\u00e9quipe a 2 entra\u00eenements collectifs par semaine. Les \u00e9tudiants-athl\u00e8tes doivent \u00e9galement \u00eatre disponibles 2 heures par semaine pour l\u2019entra\u00eenement physique personnel \u00e0 la salle d\u2019entra\u00eenement. L\u2019entra\u00eeneur de la salle d\u2019entra\u00eenement pr\u00e9sentera un programme sp\u00e9cifique au cross-country, qui aidera l\u2019\u00e9tudiant-athl\u00e8te \u00e0 am\u00e9liorer son d\u00e9veloppement pour atteindre ses objectifs.<\/p>\n\n\n\n<hr class=\"wp-block-separator\"\/>\n\n\n\n<h2><span id=\"La_saison\">La saison<\/span><\/h2>\n\n\n\n<p>La saison de la ligue de cross-country du coll\u00e9gial a lieu en automne. Elle comporte deux comp\u00e9titions r\u00e9guli\u00e8res disput\u00e9es au mois de septembre, un championnat de conf\u00e9rence et un championnat provincial disput\u00e9s au mois d&rsquo;octobre.<\/p>\n\n\n\n<h2><span id=\"Formulaire_de_recrutement_8211_Cross-country_mixte\"><a href=\"https:\/\/forms.office.com\/Pages\/ResponsePage.aspx?id=kq86T4T8I0uEGcc4oYPGquKzTWBgdvpMsGuzYfQMwKJUMko5REVGSTdIMUVEQTI4VjdHUURaU09NUS4u\" class=\"ek-link\">Formulaire de recrutement &#8211; Cross-country mixte<\/a><\/span><\/h2>\n\n\n\n<hr class=\"wp-block-separator\"\/>\n\n\n\n<h2><span id=\"Resultats_et_classement\">R\u00e9sultats et classement<\/span><\/h2>\n\n\n\n<figure class=\"wp-block-image\"><a href=\"http:\/\/rseq.ca\/sports\/cross-country\/collegial\" target=\"_blank\" rel=\"noreferrer noopener\"><img src=\"https:\/\/www.brebeuf.qc.ca\/collegial\/wp-content\/uploads\/sites\/2\/2019\/09\/box_acc_rseq_statsp.jpg\" alt=\"\"\/><\/a><\/figure>\n\n\n\n<hr class=\"wp-block-separator\"\/>\n\n\n\n<h2><span id=\"Entraineurs\">Entra\u00eeneurs<\/span><\/h2>\n\n\n\n<p><strong>Entraineur-chef<\/strong><br>Achraf Tadili <\/p>\n\n\n\n<p><a href=\"mailto:achraftadili@hotmail.com\" class=\"ek-link\">achraftadili@hotmail.com<\/a><\/p>\n\n\n\n<p><em>Cr\u00e9dit photo de la banni\u00e8re d&rsquo;ent\u00eate : jenaragon94<\/em><\/p>\n\n\n\n<hr class=\"wp-block-separator\"\/>\n\n\n<div id=\"toc_container\" class=\"no_bullets\"><p class=\"toc_title\">Sommaire<\/p><ul class=\"toc_list\"><li><a href=\"#Equipe_2025-2026\">\u00c9quipe 2025-2026<\/a><\/li><li><a href=\"#Ligue\">Ligue<\/a><\/li><li><a href=\"#Engagement\">Engagement<\/a><\/li><li><a href=\"#La_saison\">La saison<\/a><\/li><li><a href=\"#Formulaire_de_recrutement_8211_Cross-country_mixte\">Formulaire de recrutement &#8211; Cross-country mixte<\/a><\/li><li><a href=\"#Resultats_et_classement\">R\u00e9sultats et classement<\/a><\/li><li><a href=\"#Entraineurs\">Entra\u00eeneurs<\/a><\/li><\/ul><\/div>\n","protected":false},"excerpt":{"rendered":"<p>\u00c9quipe 2025-2026 Ligue L\u2019\u00e9quipe de cross-country fait partie de la conf\u00e9rence sud-ouest de la ligue coll\u00e9giale du RSEQ (R\u00e9seau du sport \u00e9tudiant du Qu\u00e9bec). Engagement L\u2019\u00e9quipe a 2 entra\u00eenements collectifs par semaine. Les \u00e9tudiants-athl\u00e8tes doivent \u00e9galement \u00eatre disponibles 2 heures&#8230;<\/p>\n","protected":false},"author":3,"featured_media":8386,"parent":100,"menu_order":0,"comment_status":"closed","ping_status":"closed","template":"templates\/template-personnalisable.php","meta":{"_editorskit_title_hidden":false,"_editorskit_reading_time":1,"_editorskit_typography_data":[],"_editorskit_blocks_typography":""},"yoast_head":"<!-- This site is optimized with the Yoast SEO plugin v16.3 - https:\/\/yoast.com\/wordpress\/plugins\/seo\/ -->\n<title>Cross-country - Coll\u00e9gial<\/title>\n<meta name=\"robots\" content=\"index, follow, max-snippet:-1, max-image-preview:large, max-video-preview:-1\" \/>\n<link rel=\"canonical\" href=\"https:\/\/www.brebeuf.qc.ca\/collegial\/vie-etudiante\/sports\/cross-country\/\" \/>\n<meta property=\"og:locale\" content=\"fr_FR\" \/>\n<meta property=\"og:type\" content=\"article\" \/>\n<meta property=\"og:title\" content=\"Cross-country - Coll\u00e9gial\" \/>\n<meta property=\"og:description\" content=\"\u00c9quipe 2025-2026 Ligue L\u2019\u00e9quipe de cross-country fait partie de la conf\u00e9rence sud-ouest de la ligue coll\u00e9giale du RSEQ (R\u00e9seau du sport \u00e9tudiant du Qu\u00e9bec). Engagement L\u2019\u00e9quipe a 2 entra\u00eenements collectifs par semaine. Les \u00e9tudiants-athl\u00e8tes doivent \u00e9galement \u00eatre disponibles 2 heures...\" \/>\n<meta property=\"og:url\" content=\"https:\/\/www.brebeuf.qc.ca\/collegial\/vie-etudiante\/sports\/cross-country\/\" \/>\n<meta property=\"og:site_name\" content=\"Coll\u00e9gial\" \/>\n<meta property=\"article:modified_time\" content=\"2026-02-12T16:31:05+00:00\" \/>\n<meta property=\"og:image\" content=\"https:\/\/www.brebeuf.qc.ca\/collegial\/wp-content\/uploads\/sites\/2\/2024\/09\/Cross-country_collegial.png\" \/>\n\t<meta property=\"og:image:width\" content=\"1400\" \/>\n\t<meta property=\"og:image:height\" content=\"240\" \/>\n<meta name=\"twitter:label1\" content=\"Dur\u00e9e de lecture est.\">\n\t<meta name=\"twitter:data1\" content=\"1 minute\">\n<script type=\"application\/ld+json\" class=\"yoast-schema-graph\">{\"@context\":\"https:\/\/schema.org\",\"@graph\":[{\"@type\":\"WebSite\",\"@id\":\"https:\/\/www.brebeuf.qc.ca\/collegial\/#website\",\"url\":\"https:\/\/www.brebeuf.qc.ca\/collegial\/\",\"name\":\"Coll\\u00e9gial\",\"description\":\"Coll\\u00e8ge priv\\u00e9 | Secondaire | Coll\\u00e9gial\",\"potentialAction\":[{\"@type\":\"SearchAction\",\"target\":\"https:\/\/www.brebeuf.qc.ca\/collegial\/?s={search_term_string}\",\"query-input\":\"required name=search_term_string\"}],\"inLanguage\":\"fr-FR\"},{\"@type\":\"ImageObject\",\"@id\":\"https:\/\/www.brebeuf.qc.ca\/collegial\/vie-etudiante\/sports\/cross-country\/#primaryimage\",\"inLanguage\":\"fr-FR\",\"url\":\"https:\/\/www.brebeuf.qc.ca\/collegial\/wp-content\/uploads\/sites\/2\/2024\/09\/Cross-country_collegial.png\",\"contentUrl\":\"https:\/\/www.brebeuf.qc.ca\/collegial\/wp-content\/uploads\/sites\/2\/2024\/09\/Cross-country_collegial.png\",\"width\":1400,\"height\":240},{\"@type\":\"WebPage\",\"@id\":\"https:\/\/www.brebeuf.qc.ca\/collegial\/vie-etudiante\/sports\/cross-country\/#webpage\",\"url\":\"https:\/\/www.brebeuf.qc.ca\/collegial\/vie-etudiante\/sports\/cross-country\/\",\"name\":\"Cross-country - Coll\\u00e9gial\",\"isPartOf\":{\"@id\":\"https:\/\/www.brebeuf.qc.ca\/collegial\/#website\"},\"primaryImageOfPage\":{\"@id\":\"https:\/\/www.brebeuf.qc.ca\/collegial\/vie-etudiante\/sports\/cross-country\/#primaryimage\"},\"datePublished\":\"2015-03-27T16:51:56+00:00\",\"dateModified\":\"2026-02-12T16:31:05+00:00\",\"breadcrumb\":{\"@id\":\"https:\/\/www.brebeuf.qc.ca\/collegial\/vie-etudiante\/sports\/cross-country\/#breadcrumb\"},\"inLanguage\":\"fr-FR\",\"potentialAction\":[{\"@type\":\"ReadAction\",\"target\":[\"https:\/\/www.brebeuf.qc.ca\/collegial\/vie-etudiante\/sports\/cross-country\/\"]}]},{\"@type\":\"BreadcrumbList\",\"@id\":\"https:\/\/www.brebeuf.qc.ca\/collegial\/vie-etudiante\/sports\/cross-country\/#breadcrumb\",\"itemListElement\":[{\"@type\":\"ListItem\",\"position\":1,\"item\":{\"@type\":\"WebPage\",\"@id\":\"https:\/\/www.brebeuf.qc.ca\/collegial\/\",\"url\":\"https:\/\/www.brebeuf.qc.ca\/collegial\/\",\"name\":\"Home\"}},{\"@type\":\"ListItem\",\"position\":2,\"item\":{\"@type\":\"WebPage\",\"@id\":\"https:\/\/www.brebeuf.qc.ca\/collegial\/vie-etudiante\/\",\"url\":\"https:\/\/www.brebeuf.qc.ca\/collegial\/vie-etudiante\/\",\"name\":\"Vie \\u00e9tudiante\"}},{\"@type\":\"ListItem\",\"position\":3,\"item\":{\"@type\":\"WebPage\",\"@id\":\"https:\/\/www.brebeuf.qc.ca\/collegial\/vie-etudiante\/sports\/\",\"url\":\"https:\/\/www.brebeuf.qc.ca\/collegial\/vie-etudiante\/sports\/\",\"name\":\"Sports au coll\\u00e9gial\"}},{\"@type\":\"ListItem\",\"position\":4,\"item\":{\"@id\":\"https:\/\/www.brebeuf.qc.ca\/collegial\/vie-etudiante\/sports\/cross-country\/#webpage\"}}]}]}<\/script>\n<!-- \/ Yoast SEO plugin. -->","_links":{"self":[{"href":"https:\/\/www.brebeuf.qc.ca\/collegial\/wp-json\/wp\/v2\/pages\/1586"}],"collection":[{"href":"https:\/\/www.brebeuf.qc.ca\/collegial\/wp-json\/wp\/v2\/pages"}],"about":[{"href":"https:\/\/www.brebeuf.qc.ca\/collegial\/wp-json\/wp\/v2\/types\/page"}],"author":[{"embeddable":true,"href":"https:\/\/www.brebeuf.qc.ca\/collegial\/wp-json\/wp\/v2\/users\/3"}],"replies":[{"embeddable":true,"href":"https:\/\/www.brebeuf.qc.ca\/collegial\/wp-json\/wp\/v2\/comments?post=1586"}],"version-history":[{"count":66,"href":"https:\/\/www.brebeuf.qc.ca\/collegial\/wp-json\/wp\/v2\/pages\/1586\/revisions"}],"predecessor-version":[{"id":9734,"href":"https:\/\/www.brebeuf.qc.ca\/collegial\/wp-json\/wp\/v2\/pages\/1586\/revisions\/9734"}],"up":[{"embeddable":true,"href":"https:\/\/www.brebeuf.qc.ca\/collegial\/wp-json\/wp\/v2\/pages\/100"}],"wp:featuredmedia":[{"embeddable":true,"href":"https:\/\/www.brebeuf.qc.ca\/collegial\/wp-json\/wp\/v2\/media\/8386"}],"wp:attachment":[{"href":"https:\/\/www.brebeuf.qc.ca\/collegial\/wp-json\/wp\/v2\/media?parent=1586"}],"curies":[{"name":"wp","href":"https:\/\/api.w.org\/{rel}","templated":true}]}}

<h2><span id="Equipe_2025-2026">Équipe 2025-2026</span></h2>



<figure class="wp-block-image size-large is-resized"><a href="https://www.brebeuf.qc.ca/collegial/wp-content/uploads/sites/2/2025/10/Cross-country.jpg" data-rel="lightbox-image-0" data-rl_title="" data-rl_caption="" title=""><img loading="lazy" src="https://www.brebeuf.qc.ca/collegial/wp-content/uploads/sites/2/2025/10/Cross-country.jpg" alt="" class="wp-image-9077" width="827" height="551"/></a></figure>



<hr class="wp-block-separator"/>



<h2><span id="Ligue">Ligue</span></h2>



<p>L’équipe de cross-country fait partie de la conférence sud-ouest de la ligue collégiale du RSEQ (Réseau du sport étudiant du Québec).</p>



<hr class="wp-block-separator"/>



<h2><span id="Engagement">Engagement</span></h2>



<p>L’équipe a 2 entraînements collectifs par semaine. Les étudiants-athlètes doivent également être disponibles 2 heures par semaine pour l’entraînement physique personnel à la salle d’entraînement. L’entraîneur de la salle d’entraînement présentera un programme spécifique au cross-country, qui aidera l’étudiant-athlète à améliorer son développement pour atteindre ses objectifs.</p>



<hr class="wp-block-separator"/>



<h2><span id="La_saison">La saison</span></h2>



<p>La saison de la ligue de cross-country du collégial a lieu en automne. Elle comporte deux compétitions régulières disputées au mois de septembre, un championnat de conférence et un championnat provincial disputés au mois d&rsquo;octobre.</p>



<h2><span id="Formulaire_de_recrutement_8211_Cross-country_mixte"><a href="https://forms.office.com/Pages/ResponsePage.aspx?id=kq86T4T8I0uEGcc4oYPGquKzTWBgdvpMsGuzYfQMwKJUMko5REVGSTdIMUVEQTI4VjdHUURaU09NUS4u" class="ek-link">Formulaire de recrutement &#8211; Cross-country mixte</a></span></h2>



<hr class="wp-block-separator"/>



<h2><span id="Resultats_et_classement">Résultats et classement</span></h2>



<figure class="wp-block-image"><a href="http://rseq.ca/sports/cross-country/collegial" target="_blank" rel="noreferrer noopener"><img src="https://www.brebeuf.qc.ca/collegial/wp-content/uploads/sites/2/2019/09/box_acc_rseq_statsp.jpg" alt=""/></a></figure>



<hr class="wp-block-separator"/>



<h2><span id="Entraineurs">Entraîneurs</span></h2>



<p><strong>Entraineur-chef</strong><br>Achraf Tadili </p>



<p><a href="mailto:achraftadili@hotmail.com" class="ek-link">achraftadili@hotmail.com</a></p>



<p><em>Crédit photo de la bannière d&rsquo;entête : jenaragon94</em></p>



<hr class="wp-block-separator"/>


<div id="toc_container" class="no_bullets"><p class="toc_title">Sommaire</p><ul class="toc_list"><li><a href="#Equipe_2025-2026">Équipe 2025-2026</a></li><li><a href="#Ligue">Ligue</a></li><li><a href="#Engagement">Engagement</a></li><li><a href="#La_saison">La saison</a></li><li><a href="#Formulaire_de_recrutement_8211_Cross-country_mixte">Formulaire de recrutement &#8211; Cross-country mixte</a></li><li><a href="#Resultats_et_classement">Résultats et classement</a></li><li><a href="#Entraineurs">Entraîneurs</a></li></ul></div>

<p>Équipe 2025-2026 Ligue L’équipe de cross-country fait partie de la conférence sud-ouest de la ligue collégiale du RSEQ (Réseau du sport étudiant du Québec). Engagement L’équipe a 2 entraînements collectifs par semaine. Les étudiants-athlètes doivent également être disponibles 2 heures&#8230;</p>

<!-- This site is optimized with the Yoast SEO plugin v16.3 - https://yoast.com/wordpress/plugins/seo/ -->
<title>Cross-country - Collégial</title>
<meta name="robots" content="index, follow, max-snippet:-1, max-image-preview:large, max-video-preview:-1" />
<link rel="canonical" href="https://www.brebeuf.qc.ca/collegial/vie-etudiante/sports/cross-country/" />
<meta property="og:locale" content="fr_FR" />
<meta property="og:type" content="article" />
<meta property="og:title" content="Cross-country - Collégial" />
<meta property="og:description" content="Équipe 2025-2026 Ligue L’équipe de cross-country fait partie de la conférence sud-ouest de la ligue collégiale du RSEQ (Réseau du sport étudiant du Québec). Engagement L’équipe a 2 entraînements collectifs par semaine. Les étudiants-athlètes doivent également être disponibles 2 heures..." />
<meta property="og:url" content="https://www.brebeuf.qc.ca/collegial/vie-etudiante/sports/cross-country/" />
<meta property="og:site_name" content="Collégial" />
<meta property="article:modified_time" content="2026-02-12T16:31:05+00:00" />
<meta property="og:image" content="https://www.brebeuf.qc.ca/collegial/wp-content/uploads/sites/2/2024/09/Cross-country_collegial.png" />
	<meta property="og:image:width" content="1400" />
	<meta property="og:image:height" content="240" />
<meta name="twitter:label1" content="Durée de lecture est.">
	<meta name="twitter:data1" content="1 minute">
<script type="application/ld+json" class="yoast-schema-graph">{"@context":"https://schema.org","@graph":[{"@type":"WebSite","@id":"https://www.brebeuf.qc.ca/collegial/#website","url":"https://www.brebeuf.qc.ca/collegial/","name":"Coll\u00e9gial","description":"Coll\u00e8ge priv\u00e9 | Secondaire | Coll\u00e9gial","potentialAction":[{"@type":"SearchAction","target":"https://www.brebeuf.qc.ca/collegial/?s={search_term_string}","query-input":"required name=search_term_string"}],"inLanguage":"fr-FR"},{"@type":"ImageObject","@id":"https://www.brebeuf.qc.ca/collegial/vie-etudiante/sports/cross-country/#primaryimage","inLanguage":"fr-FR","url":"https://www.brebeuf.qc.ca/collegial/wp-content/uploads/sites/2/2024/09/Cross-country_collegial.png","contentUrl":"https://www.brebeuf.qc.ca/collegial/wp-content/uploads/sites/2/2024/09/Cross-country_collegial.png","width":1400,"height":240},{"@type":"WebPage","@id":"https://www.brebeuf.qc.ca/collegial/vie-etudiante/sports/cross-country/#webpage","url":"https://www.brebeuf.qc.ca/collegial/vie-etudiante/sports/cross-country/","name":"Cross-country - Coll\u00e9gial","isPartOf":{"@id":"https://www.brebeuf.qc.ca/collegial/#website"},"primaryImageOfPage":{"@id":"https://www.brebeuf.qc.ca/collegial/vie-etudiante/sports/cross-country/#primaryimage"},"datePublished":"2015-03-27T16:51:56+00:00","dateModified":"2026-02-12T16:31:05+00:00","breadcrumb":{"@id":"https://www.brebeuf.qc.ca/collegial/vie-etudiante/sports/cross-country/#breadcrumb"},"inLanguage":"fr-FR","potentialAction":[{"@type":"ReadAction","target":["https://www.brebeuf.qc.ca/collegial/vie-etudiante/sports/cross-country/"]}]},{"@type":"BreadcrumbList","@id":"https://www.brebeuf.qc.ca/collegial/vie-etudiante/sports/cross-country/#breadcrumb","itemListElement":[{"@type":"ListItem","position":1,"item":{"@type":"WebPage","@id":"https://www.brebeuf.qc.ca/collegial/","url":"https://www.brebeuf.qc.ca/collegial/","name":"Home"}},{"@type":"ListItem","position":2,"item":{"@type":"WebPage","@id":"https://www.brebeuf.qc.ca/collegial/vie-etudiante/","url":"https://www.brebeuf.qc.ca/collegial/vie-etudiante/","name":"Vie \u00e9tudiante"}},{"@type":"ListItem","position":3,"item":{"@type":"WebPage","@id":"https://www.brebeuf.qc.ca/collegial/vie-etudiante/sports/","url":"https://www.brebeuf.qc.ca/collegial/vie-etudiante/sports/","name":"Sports au coll\u00e9gial"}},{"@type":"ListItem","position":4,"item":{"@id":"https://www.brebeuf.qc.ca/collegial/vie-etudiante/sports/cross-country/#webpage"}}]}]}</script>
<!-- / Yoast SEO plugin. -->
